3.143.162.210 - - [07/Apr/2026:10:23:03 -0700] "GET / HTTP/1.1" 200 3528 "-" "visionheight.com/scan Mozilla/5.0 (Macintosh; Intel Mac OS X 10_15_7) Chrome/126.0.0.0 Safari/537.36" 971 **0/971629**
216.244.66.248 - - [07/Apr/2026:10:23:54 -0700] "GET /get-your-exclusive-pinco-casino-welcome-bonus-and-start-playing-online-in-english-in-canada/?path=/home/kq22obq8vxga/public_html HTTP/1.1" 200 376918 "-" "Mozilla/5.0 (compatible; DotBot/1.2; +https://opensiteexplorer.org/dotbot; help@moz.com)" 2074 **2/2074475**
48.218.168.20 - - [07/Apr/2026:10:20:21 -0700] "GET /wp-admin/post-new.php HTTP/1.0" 200 4910 "https://beemunch.com/wp-login.php?checkemail=registered" "Mozilla/5.0 (Windows NT 6.3; Win64; x64) AppleWebKit/537.36 (KHTML, like Gecko) Chrome/103.0.0.0 Safari/537.36" 226289 **226/226289288**
20.187.35.223 - - [07/Apr/2026:10:20:52 -0700] "GET /wp-admin/post-new.php HTTP/1.0" 200 4910 "https://beemunch.com/wp-login.php?checkemail=registered" "Mozilla/5.0 (Windows NT 6.3; Win64; x64) AppleWebKit/537.36 (KHTML, like Gecko) Chrome/103.0.0.0 Safari/537.36" 196858 **196/196858155**
3.143.162.210 - - [07/Apr/2026:10:25:30 -0700] "GET / HTTP/1.1" 200 3528 "-" "visionheight.com/scan Mozilla/5.0 (Macintosh; Intel Mac OS X 10_15_7) Chrome/126.0.0.0 Safari/537.36" 458 **0/458300**
216.244.66.248 - - [07/Apr/2026:10:26:01 -0700] "GET /?phpinfo&path=/home/kq22obq8vxga/public_html/wp-admin HTTP/1.1" 200 95130 "-" "Mozilla/5.0 (compatible; DotBot/1.2; +https://opensiteexplorer.org/dotbot; help@moz.com)" 84 **0/84177**
3.143.162.210 - - [07/Apr/2026:10:27:29 -0700] "\x16\x03\x01" 400 42149 "-" "-" 317 **0/317394**
216.244.66.248 - - [07/Apr/2026:10:27:51 -0700] "GET /casino-italiani-non-aams-e-il-tuo-peggior-nemico-10-modi-per-sconfiggerlo/?upload&path=/home/kq22obq8vxga/public_html HTTP/1.1" 200 390620 "-" "Mozilla/5.0 (compatible; DotBot/1.2; +https://opensiteexplorer.org/dotbot; help@moz.com)" 7144 **7/7144332**
216.244.66.248 - - [07/Apr/2026:10:28:32 -0700] "GET /plinko-nederland-hoe-les-spelen-en-lo-winnen-2/?phpinfo&path=/home/kq22obq8vxga/public_html HTTP/1.1" 200 95980 "-" "Mozilla/5.0 (compatible; DotBot/1.2; +https://opensiteexplorer.org/dotbot; help@moz.com)" 374 **0/374550**
3.143.162.210 - - [07/Apr/2026:10:29:13 -0700] "SSH-2.0-Go" 400 42149 "-" "-" 4592 **4/4592093**
216.244.66.248 - - [07/Apr/2026:10:29:22 -0700] "GET /category/established-men-visitors-2/?path=/home/kq22obq8vxga/public_html/wp-includes HTTP/1.1" 200 563888 "-" "Mozilla/5.0 (compatible; DotBot/1.2; +https://opensiteexplorer.org/dotbot; help@moz.com)" 9298 **9/9298555**
3.143.162.210 - - [07/Apr/2026:10:29:30 -0700] "\n" 400 42149 "-" "-" 3019 **3/3019880**
216.244.66.248 - - [07/Apr/2026:10:30:09 -0700] "GET /category/theadulthub-rese-as-2/?path=/home/kq22obq8vxga/public_html/wp-sucuri1 HTTP/1.1" 200 211493 "-" "Mozilla/5.0 (compatible; DotBot/1.2; +https://opensiteexplorer.org/dotbot; help@moz.com)" 10753 **10/10753889**
216.244.66.248 - - [07/Apr/2026:10:30:39 -0700] "GET /kak-ispolzovat-bystryi-1xbet-vkhod-po-otpechatku-paltsa-dlia-udobstva-2/?mass_delete&path=/home/kq22obq8vxga/public_html HTTP/1.1" 200 379949 "-" "Mozilla/5.0 (compatible; DotBot/1.2; +https://opensiteexplorer.org/dotbot; help@moz.com)" 1919 **1/1919817**
209.38.173.77 - - [07/Apr/2026:10:31:15 -0700] "GET /checkout HTTP/1.1" 200 3543 "-" "Mozilla/5.0 (Linux; Android 10; K) AppleWebKit/537.36 (KHTML, like Gecko) Chrome/145.0.0.0 Mobile Safari/537.36" 2118 **2/2118691**
86.16.74.122 - - [07/Apr/2026:10:31:14 -0700] "GET /checkout HTTP/1.1" 200 3542 "-" "Mozilla/5.0 (Linux; Android 10; K) AppleWebKit/537.36 (KHTML, like Gecko) Chrome/145.0.0.0 Mobile Safari/537.36" 2486 **2/2486022**
188.166.206.18 - - [07/Apr/2026:10:31:15 -0700] "GET /checkout HTTP/1.1" 200 3542 "-" "Mozilla/5.0 (Linux; Android 10; K) AppleWebKit/537.36 (KHTML, like Gecko) Chrome/145.0.0.0 Mobile Safari/537.36" 2233 **2/2233655**
146.190.11.185 - - [07/Apr/2026:10:31:19 -0700] "GET /checkout HTTP/1.1" 200 3542 "-" "Mozilla/5.0 (Linux; Android 10; K) AppleWebKit/537.36 (KHTML, like Gecko) Chrome/145.0.0.0 Mobile Safari/537.36" 1535 **1/1535026**
216.244.66.248 - - [07/Apr/2026:10:31:42 -0700] "GET /category/disease-illness-breast-cancer/?mass_delete&path=/home/kq22obq8vxga/public_html HTTP/1.1" 200 253677 "-" "Mozilla/5.0 (compatible; DotBot/1.2; +https://opensiteexplorer.org/dotbot; help@moz.com)" 3429 **3/3429062**
43.166.242.189 - - [07/Apr/2026:10:33:53 -0700] "GET /?filesrc=/home/kq22obq8vxga/public_html/wp-cron.php&path=/home/kq22obq8vxga/public_html HTTP/1.1" 200 27280 "-" "Mozilla/5.0 (iPhone; CPU iPhone OS 13_2_3 like Mac OS X) AppleWebKit/605.1.15 (KHTML, like Gecko) Version/13.0.3 Mobile/15E148 Safari/604.1" 765 **0/765709**
216.244.66.248 - - [07/Apr/2026:10:38:44 -0700] "GET /2024/11/?path=/home/kq22obq8vxga/bin HTTP/1.1" 200 504434 "-" "Mozilla/5.0 (compatible; DotBot/1.2; +https://opensiteexplorer.org/dotbot; help@moz.com)" 14094 **14/14094591**
170.106.35.137 - - [07/Apr/2026:10:44:15 -0700] "GET /?filesrc=/home/kq22obq8vxga/public_html/.ftpquota&path=/home/kq22obq8vxga/public_html HTTP/1.1" 200 25239 "-" "Mozilla/5.0 (iPhone; CPU iPhone OS 13_2_3 like Mac OS X) AppleWebKit/605.1.15 (KHTML, like Gecko) Version/13.0.3 Mobile/15E148 Safari/604.1" 865 **0/865097**
196.119.32.160 - - [07/Apr/2026:10:44:31 -0700] "-" 408 - "-" "-" 0 **0/145**
209.38.173.77 - - [07/Apr/2026:10:47:19 -0700] "GET /checkout HTTP/1.1" 200 3543 "-" "Mozilla/5.0 (Linux; Android 10; K) AppleWebKit/537.36 (KHTML, like Gecko) Chrome/145.0.0.0 Mobile Safari/537.36" 3786 **3/3786511**
146.190.11.185 - - [07/Apr/2026:10:47:18 -0700] "GET /checkout HTTP/1.1" 200 3542 "-" "Mozilla/5.0 (Linux; Android 10; K) AppleWebKit/537.36 (KHTML, like Gecko) Chrome/145.0.0.0 Mobile Safari/537.36" 4788 **4/4788613**
86.16.74.122 - - [07/Apr/2026:10:47:25 -0700] "GET /checkout HTTP/1.1" 508 288 "-" "Mozilla/5.0 (Linux; Android 10; K) AppleWebKit/537.36 (KHTML, like Gecko) Chrome/145.0.0.0 Mobile Safari/537.36" 7 **0/7905**
188.166.206.18 - - [07/Apr/2026:10:47:17 -0700] "GET /checkout HTTP/1.1" 200 3542 "-" "Mozilla/5.0 (Linux; Android 10; K) AppleWebKit/537.36 (KHTML, like Gecko) Chrome/145.0.0.0 Mobile Safari/537.36" 235236 **235/235236275**
176.65.139.60 - - [07/Apr/2026:10:52:22 -0700] "POST /boaform/admin/formLogin HTTP/1.1" 200 19425 "http://118.139.162.75:80/admin/login.asp" "Mozilla/5.0 (X11; Ubuntu; Linux x86_64; rv:71.0) Gecko/20100101 Firefox/71.0" 491 **0/491980**
43.133.253.253 - - [07/Apr/2026:10:52:57 -0700] "GET /?filesrc=/home/kq22obq8vxga/public_html/error_log&path=/home/kq22obq8vxga/public_html HTTP/1.1" 200 25220 "-" "Mozilla/5.0 (iPhone; CPU iPhone OS 13_2_3 like Mac OS X) AppleWebKit/605.1.15 (KHTML, like Gecko) Version/13.0.3 Mobile/15E148 Safari/604.1" 646 **0/646362**
216.244.66.248 - - [07/Apr/2026:10:57:26 -0700] "GET /robots.txt HTTP/1.1" 200 42734 "-" "Mozilla/5.0 (compatible; DotBot/1.2; +https://opensiteexplorer.org/dotbot; help@moz.com)" 284 **0/284433**
43.167.157.80 - - [07/Apr/2026:11:02:40 -0700] "GET /?path=/home/kq22obq8vxga/public_html/.sucuriquarantine/wp-includes HTTP/1.1" 200 25654 "-" "Mozilla/5.0 (iPhone; CPU iPhone OS 13_2_3 like Mac OS X) AppleWebKit/605.1.15 (KHTML, like Gecko) Version/13.0.3 Mobile/15E148 Safari/604.1" 19501 **19/19501734**
86.16.74.122 - - [07/Apr/2026:11:03:18 -0700] "GET /checkout HTTP/1.1" 200 3542 "-" "Mozilla/5.0 (Linux; Android 10; K) AppleWebKit/537.36 (KHTML, like Gecko) Chrome/145.0.0.0 Mobile Safari/537.36" 7064 **7/7064793**
209.38.173.77 - - [07/Apr/2026:11:03:18 -0700] "GET /checkout HTTP/1.1" 200 3543 "-" "Mozilla/5.0 (Linux; Android 10; K) AppleWebKit/537.36 (KHTML, like Gecko) Chrome/145.0.0.0 Mobile Safari/537.36" 7380 **7/7380024**
146.190.11.185 - - [07/Apr/2026:11:03:19 -0700] "GET /checkout HTTP/1.1" 200 3542 "-" "Mozilla/5.0 (Linux; Android 10; K) AppleWebKit/537.36 (KHTML, like Gecko) Chrome/145.0.0.0 Mobile Safari/537.36" 9426 **9/9426888**
188.166.206.18 - - [07/Apr/2026:11:03:19 -0700] "GET /checkout HTTP/1.1" 200 3542 "-" "Mozilla/5.0 (Linux; Android 10; K) AppleWebKit/537.36 (KHTML, like Gecko) Chrome/145.0.0.0 Mobile Safari/537.36" 70262 **70/70262637**
216.244.66.248 - - [07/Apr/2026:11:07:55 -0700] "GET /5-sexy-ways-to-improve-your-guide-to-free-spins-in-dogecoin-casinos/ HTTP/1.1" 200 399487 "-" "Mozilla/5.0 (compatible; DotBot/1.2; +https://opensiteexplorer.org/dotbot; help@moz.com)" 14174 **14/14174294**
216.244.66.248 - - [07/Apr/2026:11:09:08 -0700] "GET /4kporn-4kporn-xxx-porn-tube-site/?path=/home HTTP/1.1" 200 360809 "-" "Mozilla/5.0 (compatible; DotBot/1.2; +https://opensiteexplorer.org/dotbot; help@moz.com)" 15788 **15/15788953**
216.244.66.248 - - [07/Apr/2026:11:06:09 -0700] "GET /best-make-the-rise-of-instant-games-in-online-casinos-2025-you-will-read-in-2021/ HTTP/1.1" 200 396685 "-" "Mozilla/5.0 (compatible; DotBot/1.2; +https://opensiteexplorer.org/dotbot; help@moz.com)" 328466 **328/328466018**
170.106.192.208 - - [07/Apr/2026:11:13:09 -0700] "GET /?upload&path=/home/kq22obq8vxga/public_html/wp-content HTTP/1.1" 200 26129 "-" "Mozilla/5.0 (iPhone; CPU iPhone OS 13_2_3 like Mac OS X) AppleWebKit/605.1.15 (KHTML, like Gecko) Version/13.0.3 Mobile/15E148 Safari/604.1" 734 **0/734921**
216.244.66.248 - - [07/Apr/2026:11:14:21 -0700] "GET /category/disease-illness-breast-cancer/?filebaru&path=/home/kq22obq8vxga/public_html HTTP/1.1" 200 253672 "-" "Mozilla/5.0 (compatible; DotBot/1.2; +https://opensiteexplorer.org/dotbot; help@moz.com)" 4190 **4/4190867**
209.38.173.77 - - [07/Apr/2026:11:17:50 -0700] "GET /checkout HTTP/1.1" 200 3543 "-" "Mozilla/5.0 (Linux; Android 10; K) AppleWebKit/537.36 (KHTML, like Gecko) Chrome/145.0.0.0 Mobile Safari/537.36" 6377 **6/6377947**
86.16.74.122 - - [07/Apr/2026:11:17:51 -0700] "GET /checkout HTTP/1.1" 200 3542 "-" "Mozilla/5.0 (Linux; Android 10; K) AppleWebKit/537.36 (KHTML, like Gecko) Chrome/145.0.0.0 Mobile Safari/537.36" 7202 **7/7202793**
216.244.66.248 - - [07/Apr/2026:11:17:40 -0700] "GET /category/devrais-je-acheter-une-marige-par-correspondance-236/?path=/home/kq22obq8vxga HTTP/1.1" 200 258005 "-" "Mozilla/5.0 (compatible; DotBot/1.2; +https://opensiteexplorer.org/dotbot; help@moz.com)" 22207 **22/22207100**
188.166.206.18 - - [07/Apr/2026:11:17:48 -0700] "GET /checkout HTTP/1.1" 200 3542 "-" "Mozilla/5.0 (Linux; Android 10; K) AppleWebKit/537.36 (KHTML, like Gecko) Chrome/145.0.0.0 Mobile Safari/537.36" 96248 **96/96248494**
146.190.11.185 - - [07/Apr/2026:11:17:51 -0700] "GET /checkout HTTP/1.1" 200 3542 "-" "Mozilla/5.0 (Linux; Android 10; K) AppleWebKit/537.36 (KHTML, like Gecko) Chrome/145.0.0.0 Mobile Safari/537.36" 134901 **134/134901794**
43.156.156.96 - - [07/Apr/2026:11:22:52 -0700] "GET /wp-login.php HTTP/1.1" 200 3535 "-" "Mozilla/5.0 (iPhone; CPU iPhone OS 13_2_3 like Mac OS X) AppleWebKit/605.1.15 (KHTML, like Gecko) Version/13.0.3 Mobile/15E148 Safari/604.1" 3195 **3/3195728**
27.102.76.8 - - [07/Apr/2026:11:30:46 -0700] "GET /admin/config.php HTTP/1.0" 200 120888 "-" "Mozilla/5.0 (Windows NT 10.0; Win64; x64) AppleWebKit/537.36" 14935 **14/14935969**
86.16.74.122 - - [07/Apr/2026:11:31:49 -0700] "GET /checkout HTTP/1.1" 200 3542 "-" "Mozilla/5.0 (Linux; Android 10; K) AppleWebKit/537.36 (KHTML, like Gecko) Chrome/145.0.0.0 Mobile Safari/537.36" 2520 **2/2520935**
209.38.173.77 - - [07/Apr/2026:11:31:49 -0700] "GET /checkout HTTP/1.1" 200 3543 "-" "Mozilla/5.0 (Linux; Android 10; K) AppleWebKit/537.36 (KHTML, like Gecko) Chrome/145.0.0.0 Mobile Safari/537.36" 4359 **4/4359172**
188.166.206.18 - - [07/Apr/2026:11:31:51 -0700] "GET /checkout HTTP/1.1" 200 3542 "-" "Mozilla/5.0 (Linux; Android 10; K) AppleWebKit/537.36 (KHTML, like Gecko) Chrome/145.0.0.0 Mobile Safari/537.36" 3775 **3/3775621**
146.190.11.185 - - [07/Apr/2026:11:31:53 -0700] "GET /checkout HTTP/1.1" 200 3542 "-" "Mozilla/5.0 (Linux; Android 10; K) AppleWebKit/537.36 (KHTML, like Gecko) Chrome/145.0.0.0 Mobile Safari/537.36" 3993 **3/3993030**
113.173.89.10 - - [07/Apr/2026:11:32:22 -0700] "GET http://beemunch.com/unlock-exciting-no-deposit-bonuses-at-online-casinos-usa-friendly HTTP/1.1" 200 3018 "-" "Mozilla/5.0 (Linux; Android 10; K) AppleWebKit/537.36 (KHTML, like Gecko) Chrome/122.0.0.0 Mobile Safari/537.36" 5922 **5/5922838**
43.158.91.71 - - [07/Apr/2026:11:42:23 -0700] "GET /?mass_deface&path=/home/kq22obq8vxga/public_html/.sucuriquarantine/wp-includes HTTP/1.1" 508 288 "-" "Mozilla/5.0 (iPhone; CPU iPhone OS 13_2_3 like Mac OS X) AppleWebKit/605.1.15 (KHTML, like Gecko) Version/13.0.3 Mobile/15E148 Safari/604.1" 7 **0/7218**
216.244.66.248 - - [07/Apr/2026:11:40:21 -0700] "GET /robots.txt HTTP/1.1" 503 468 "-" "Mozilla/5.0 (compatible; DotBot/1.2; +https://opensiteexplorer.org/dotbot; help@moz.com)" 227971 **227/227971397**
86.16.74.122 - - [07/Apr/2026:11:45:58 -0700] "GET /checkout HTTP/1.1" 200 3542 "-" "Mozilla/5.0 (Linux; Android 10; K) AppleWebKit/537.36 (KHTML, like Gecko) Chrome/145.0.0.0 Mobile Safari/537.36" 1033 **1/1033470**
209.38.173.77 - - [07/Apr/2026:11:45:59 -0700] "GET /checkout HTTP/1.1" 200 3543 "-" "Mozilla/5.0 (Linux; Android 10; K) AppleWebKit/537.36 (KHTML, like Gecko) Chrome/145.0.0.0 Mobile Safari/537.36" 1393 **1/1393900**
188.166.206.18 - - [07/Apr/2026:11:46:00 -0700] "GET /checkout HTTP/1.1" 200 3542 "-" "Mozilla/5.0 (Linux; Android 10; K) AppleWebKit/537.36 (KHTML, like Gecko) Chrome/145.0.0.0 Mobile Safari/537.36" 2158 **2/2158150**
146.190.11.185 - - [07/Apr/2026:11:46:00 -0700] "GET /checkout HTTP/1.1" 200 3542 "-" "Mozilla/5.0 (Linux; Android 10; K) AppleWebKit/537.36 (KHTML, like Gecko) Chrome/145.0.0.0 Mobile Safari/537.36" 2375 **2/2375018**
43.130.72.177 - - [07/Apr/2026:11:53:06 -0700] "GET /?path=/home/kq22obq8vxga/public_html/.sucuriquarantine/wp-includes/blocks HTTP/1.1" 200 25603 "-" "Mozilla/5.0 (iPhone; CPU iPhone OS 13_2_3 like Mac OS X) AppleWebKit/605.1.15 (KHTML, like Gecko) Version/13.0.3 Mobile/15E148 Safari/604.1" 448760 **448/448760451**
184.168.113.237 - - [07/Apr/2026:12:01:16 -0700] "GET /.well-known/acme-challenge/VA86Q0PBJ2FF6UUZP8NHJQRLB-X2EPYE HTTP/1.1" 200 64 "-" "Cpanel-HTTP-Client/1.0" 6 **0/6294**
184.168.113.237 - - [07/Apr/2026:12:01:16 -0700] "GET /.well-known/acme-challenge/AUQJ8Q-JXLYV0JGJPPIW-6CX9ZY2_K4F HTTP/1.1" 200 64 "-" "Cpanel-HTTP-Client/1.0" 12 **0/12201**
184.168.113.237 - - [07/Apr/2026:12:01:16 -0700] "GET /.well-known/acme-challenge/G211T14CMOEOTUHQ8EQUA591YH7Z9UXN HTTP/1.1" 200 64 "-" "Cpanel-HTTP-Client/1.0" 6 **0/6531**
184.168.113.237 - - [07/Apr/2026:12:01:16 -0700] "GET /.well-known/acme-challenge/699VAERMV_1C8TFTRA6-NMV47X9IA8XK HTTP/1.1" 200 64 "-" "Cpanel-HTTP-Client/1.0" 4 **0/4865**
146.190.11.185 - - [07/Apr/2026:12:02:02 -0700] "GET /checkout HTTP/1.1" 200 3542 "-" "Mozilla/5.0 (Linux; Android 10; K) AppleWebKit/537.36 (KHTML, like Gecko) Chrome/145.0.0.0 Mobile Safari/537.36" 1598 **1/1598068**
209.38.173.77 - - [07/Apr/2026:12:02:03 -0700] "GET /checkout HTTP/1.1" 200 3543 "-" "Mozilla/5.0 (Linux; Android 10; K) AppleWebKit/537.36 (KHTML, like Gecko) Chrome/145.0.0.0 Mobile Safari/537.36" 1271 **1/1271663**
188.166.206.18 - - [07/Apr/2026:12:02:03 -0700] "GET /checkout HTTP/1.1" 200 3542 "-" "Mozilla/5.0 (Linux; Android 10; K) AppleWebKit/537.36 (KHTML, like Gecko) Chrome/145.0.0.0 Mobile Safari/537.36" 1489 **1/1489557**
86.16.74.122 - - [07/Apr/2026:12:02:03 -0700] "GET /checkout HTTP/1.1" 200 3542 "-" "Mozilla/5.0 (Linux; Android 10; K) AppleWebKit/537.36 (KHTML, like Gecko) Chrome/145.0.0.0 Mobile Safari/537.36" 1156 **1/1156559**
85.239.58.21 - - [07/Apr/2026:12:03:56 -0700] "GET / HTTP/1.1" 200 3529 "-" "Go-http-client/1.1" 4250 **4/4250019**
124.156.179.141 - - [07/Apr/2026:12:04:03 -0700] "GET /?cmd&path=/home/kq22obq8vxga/public_html/.sucuriquarantine/wp-includes HTTP/1.1" 200 25785 "-" "Mozilla/5.0 (iPhone; CPU iPhone OS 13_2_3 like Mac OS X) AppleWebKit/605.1.15 (KHTML, like Gecko) Version/13.0.3 Mobile/15E148 Safari/604.1" 13080 **13/13080001**
125.75.66.97 - - [07/Apr/2026:12:10:08 -0700] "GET / HTTP/1.1" 200 3537 "-" "Mozilla/5.0 (iPhone; CPU iPhone OS 13_2_3 like Mac OS X) AppleWebKit/605.1.15 (KHTML, like Gecko) Version/13.0.3 Mobile/15E148 Safari/604.1" 5947 **5/5947103**
43.159.152.187 - - [07/Apr/2026:12:12:58 -0700] "GET /?mass_delete&path=/home/kq22obq8vxga/public_html/wp-content HTTP/1.1" 200 26171 "-" "Mozilla/5.0 (iPhone; CPU iPhone OS 13_2_3 like Mac OS X) AppleWebKit/605.1.15 (KHTML, like Gecko) Version/13.0.3 Mobile/15E148 Safari/604.1" 9526 **9/9526056**
43.135.164.228 - - [07/Apr/2026:12:14:39 -0700] "GET / HTTP/1.1" 200 3531 "-" "Mozilla/5.0 (iPhone; CPU iPhone OS 13_2_3 like Mac OS X) AppleWebKit/605.1.15 (KHTML, like Gecko) Version/13.0.3 Mobile/15E148 Safari/604.1" 3652 **3/3652262**
146.190.11.185 - - [07/Apr/2026:12:16:59 -0700] "GET /checkout HTTP/1.1" 508 288 "-" "Mozilla/5.0 (Linux; Android 10; K) AppleWebKit/537.36 (KHTML, like Gecko) Chrome/145.0.0.0 Mobile Safari/537.36" 11 **0/11325**
86.16.74.122 - - [07/Apr/2026:12:16:57 -0700] "GET /checkout HTTP/1.1" 200 3542 "-" "Mozilla/5.0 (Linux; Android 10; K) AppleWebKit/537.36 (KHTML, like Gecko) Chrome/145.0.0.0 Mobile Safari/537.36" 2079 **2/2079083**
209.38.173.77 - - [07/Apr/2026:12:16:58 -0700] "GET /checkout HTTP/1.1" 200 3543 "-" "Mozilla/5.0 (Linux; Android 10; K) AppleWebKit/537.36 (KHTML, like Gecko) Chrome/145.0.0.0 Mobile Safari/537.36" 2160 **2/2160478**
188.166.206.18 - - [07/Apr/2026:12:17:00 -0700] "GET /checkout HTTP/1.1" 200 3542 "-" "Mozilla/5.0 (Linux; Android 10; K) AppleWebKit/537.36 (KHTML, like Gecko) Chrome/145.0.0.0 Mobile Safari/537.36" 2941 **2/2941151**
27.102.76.8 - - [07/Apr/2026:12:21:21 -0700] "GET /robots.txt HTTP/1.1" 200 3531 "-" "Mozilla/5.0 (compatible; FreePBX-Scanner/1.0)" 432 **0/432362**
27.102.76.8 - - [07/Apr/2026:12:21:22 -0700] "\x16\x03\x01" 400 42147 "-" "-" 227 **0/227553**
216.244.66.248 - - [07/Apr/2026:12:22:31 -0700] "GET /robots.txt HTTP/1.1" 200 42734 "-" "Mozilla/5.0 (compatible; DotBot/1.2; +https://opensiteexplorer.org/dotbot; help@moz.com)" 2913 **2/2913071**
43.130.9.111 - - [07/Apr/2026:12:23:25 -0700] "GET /wp-login.php?mass_deface&path=/home/kq22obq8vxga/public_html HTTP/1.1" 200 3840 "-" "Mozilla/5.0 (iPhone; CPU iPhone OS 13_2_3 like Mac OS X) AppleWebKit/605.1.15 (KHTML, like Gecko) Version/13.0.3 Mobile/15E148 Safari/604.1" 4911 **4/4911509**
86.16.74.122 - - [07/Apr/2026:12:31:00 -0700] "GET /checkout HTTP/1.1" 200 3542 "-" "Mozilla/5.0 (Linux; Android 10; K) AppleWebKit/537.36 (KHTML, like Gecko) Chrome/145.0.0.0 Mobile Safari/537.36" 932 **0/932898**
146.190.11.185 - - [07/Apr/2026:12:31:02 -0700] "GET /checkout HTTP/1.1" 200 3542 "-" "Mozilla/5.0 (Linux; Android 10; K) AppleWebKit/537.36 (KHTML, like Gecko) Chrome/145.0.0.0 Mobile Safari/537.36" 1051 **1/1051926**
209.38.173.77 - - [07/Apr/2026:12:31:03 -0700] "GET /checkout HTTP/1.1" 200 3543 "-" "Mozilla/5.0 (Linux; Android 10; K) AppleWebKit/537.36 (KHTML, like Gecko) Chrome/145.0.0.0 Mobile Safari/537.36" 727 **0/727117**
188.166.206.18 - - [07/Apr/2026:12:31:04 -0700] "GET /checkout HTTP/1.1" 200 3542 "-" "Mozilla/5.0 (Linux; Android 10; K) AppleWebKit/537.36 (KHTML, like Gecko) Chrome/145.0.0.0 Mobile Safari/537.36" 408 **0/408943**
216.244.66.248 - - [07/Apr/2026:12:32:13 -0700] "GET /the-influence-of-culture-on-this-list-of-the-casinos-for-malaysians-strategies/ HTTP/1.1" 200 386522 "-" "Mozilla/5.0 (compatible; DotBot/1.2; +https://opensiteexplorer.org/dotbot; help@moz.com)" 9531 **9/9531604**
43.157.191.20 - - [07/Apr/2026:12:32:26 -0700] "GET / HTTP/1.1" 200 3536 "-" "Mozilla/5.0 (iPhone; CPU iPhone OS 13_2_3 like Mac OS X) AppleWebKit/605.1.15 (KHTML, like Gecko) Version/13.0.3 Mobile/15E148 Safari/604.1" 1148 **1/1148012**
216.244.66.248 - - [07/Apr/2026:12:35:13 -0700] "GET /?cmd&path=/home/kq22obq8vxga/public_html/wp-includes HTTP/1.1" 200 358745 "-" "Mozilla/5.0 (compatible; DotBot/1.2; +https://opensiteexplorer.org/dotbot; help@moz.com)" 10721 **10/10721403**
216.244.66.248 - - [07/Apr/2026:12:37:01 -0700] "GET /index.php?path=/home/kq22obq8vxga/public_html/.sucuriquarantine HTTP/1.1" 200 30572 "-" "Mozilla/5.0 (compatible; DotBot/1.2; +https://opensiteexplorer.org/dotbot; help@moz.com)" 8928 **8/8928912**
216.244.66.248 - - [07/Apr/2026:12:37:41 -0700] "GET /voydite-na-ofitsialnyy-sayt-pinup-igrayte-v-onlaynkazino-v-kazakhstane/?upload&path=/home/kq22obq8vxga/public_html HTTP/1.1" 200 379454 "-" "Mozilla/5.0 (compatible; DotBot/1.2; +https://opensiteexplorer.org/dotbot; help@moz.com)" 16042 **16/16042379**
216.244.66.248 - - [07/Apr/2026:12:39:06 -0700] "GET /kak-ispolzovat-bystryi-1xbet-vkhod-po-otpechatku-paltsa-dlia-udobstva-2/?path=/home/kq22obq8vxga HTTP/1.1" 200 387794 "-" "Mozilla/5.0 (compatible; DotBot/1.2; +https://opensiteexplorer.org/dotbot; help@moz.com)" 13324 **13/13324088**
80.66.83.43 - - [07/Apr/2026:12:44:35 -0700] "\x03" 400 42147 "-" "-" 2725 **2/2725411**
209.38.173.77 - - [07/Apr/2026:12:45:48 -0700] "GET /checkout HTTP/1.1" 200 3543 "-" "Mozilla/5.0 (Linux; Android 10; K) AppleWebKit/537.36 (KHTML, like Gecko) Chrome/145.0.0.0 Mobile Safari/537.36" 1867 **1/1867375**
188.166.206.18 - - [07/Apr/2026:12:45:49 -0700] "GET /checkout HTTP/1.1" 200 3542 "-" "Mozilla/5.0 (Linux; Android 10; K) AppleWebKit/537.36 (KHTML, like Gecko) Chrome/145.0.0.0 Mobile Safari/537.36" 1489 **1/1489717**
146.190.11.185 - - [07/Apr/2026:12:45:49 -0700] "GET /checkout HTTP/1.1" 200 3542 "-" "Mozilla/5.0 (Linux; Android 10; K) AppleWebKit/537.36 (KHTML, like Gecko) Chrome/145.0.0.0 Mobile Safari/537.36" 1402 **1/1402057**
86.16.74.122 - - [07/Apr/2026:12:45:51 -0700] "GET /checkout HTTP/1.1" 200 3542 "-" "Mozilla/5.0 (Linux; Android 10; K) AppleWebKit/537.36 (KHTML, like Gecko) Chrome/145.0.0.0 Mobile Safari/537.36" 2759 **2/2759855**
198.235.24.70 - - [07/Apr/2026:12:46:04 -0700] "GET / HTTP/1.0" 200 42620 "-" "Hello from Palo Alto Networks, find out more about our scans in https://docs-cortex.paloaltonetworks.com/r/1/Cortex-Xpanse/Scanning-activity" 2367 **2/2367054**
216.244.66.248 - - [07/Apr/2026:12:46:05 -0700] "GET /casino-unter-abzug-von-oasis-2026-anbieter-mit-bonus-auszahlung/?path=/home/kq22obq8vxga/public_html/.tmb HTTP/1.1" 200 356814 "-" "Mozilla/5.0 (compatible; DotBot/1.2; +https://opensiteexplorer.org/dotbot; help@moz.com)" 5742 **5/5742140**
43.155.188.157 - - [07/Apr/2026:12:47:16 -0700] "GET / HTTP/1.1" 200 3539 "-" "Mozilla/5.0 (iPhone; CPU iPhone OS 13_2_3 like Mac OS X) AppleWebKit/605.1.15 (KHTML, like Gecko) Version/13.0.3 Mobile/15E148 Safari/604.1" 1728 **1/1728729**
92.63.197.22 - - [07/Apr/2026:12:52:19 -0700] "\x03" 400 42148 "-" "-" 6435 **6/6435085**
92.63.197.22 - - [07/Apr/2026:12:52:18 -0700] "\x03" 400 42148 "-" "-" 7025 **7/7025159**
145.220.91.19 - - [07/Apr/2026:12:57:57 -0700] "GET / HTTP/1.1" 200 3539 "-" "Mozilla/5.0 (Macintosh; Intel Mac OS X 10.15; rv:122.0) Gecko/20100101 Firefox/122.0" 3792 **3/3792415**
86.16.74.122 - - [07/Apr/2026:12:59:39 -0700] "GET /checkout HTTP/1.1" 508 288 "-" "Mozilla/5.0 (Linux; Android 10; K) AppleWebKit/537.36 (KHTML, like Gecko) Chrome/145.0.0.0 Mobile Safari/537.36" 8 **0/8047**
209.38.173.77 - - [07/Apr/2026:12:59:38 -0700] "GET /checkout HTTP/1.1" 200 3543 "-" "Mozilla/5.0 (Linux; Android 10; K) AppleWebKit/537.36 (KHTML, like Gecko) Chrome/145.0.0.0 Mobile Safari/537.36" 1397 **1/1397648**
43.164.197.224 - - [07/Apr/2026:13:00:45 -0700] "GET /?path=/home/kq22obq8vxga/public_html/wp-includes HTTP/1.1" 200 12646 "-" "Mozilla/5.0 (iPhone; CPU iPhone OS 13_2_3 like Mac OS X) AppleWebKit/605.1.15 (KHTML, like Gecko) Version/13.0.3 Mobile/15E148 Safari/604.1" 13181 **13/13181688**
188.166.206.18 - - [07/Apr/2026:12:59:40 -0700] "GET /checkout HTTP/1.1" 200 3542 "-" "Mozilla/5.0 (Linux; Android 10; K) AppleWebKit/537.36 (KHTML, like Gecko) Chrome/145.0.0.0 Mobile Safari/537.36" 94570 **94/94570962**
43.159.149.216 - - [07/Apr/2026:13:01:13 -0700] "GET / HTTP/1.1" 200 27147 "-" "Mozilla/5.0 (iPhone; CPU iPhone OS 13_2_3 like Mac OS X) AppleWebKit/605.1.15 (KHTML, like Gecko) Version/13.0.3 Mobile/15E148 Safari/604.1" 10767 **10/10767709**
27.102.76.8 - - [07/Apr/2026:13:03:35 -0700] "GET /recordings/index.php HTTP/1.1" 200 3531 "-" "Mozilla/5.0 (compatible; FreePBX-Scanner/1.0)" 937 **0/937067**
27.102.76.8 - - [07/Apr/2026:13:03:37 -0700] "\x16\x03\x01" 400 42147 "-" "-" 1424 **1/1424231**
216.244.66.248 - - [07/Apr/2026:13:09:32 -0700] "GET /robots.txt HTTP/1.1" 200 42734 "-" "Mozilla/5.0 (compatible; DotBot/1.2; +https://opensiteexplorer.org/dotbot; help@moz.com)" 1892 **1/1892774**
43.134.35.91 - - [07/Apr/2026:13:13:12 -0700] "GET /?filesrc=/home/kq22obq8vxga/public_html/wp-blog-header.php&path=/home/kq22obq8vxga/public_html HTTP/1.1" 301 3847 "-" "Mozilla/5.0 (iPhone; CPU iPhone OS 13_2_3 like Mac OS X) AppleWebKit/605.1.15 (KHTML, like Gecko) Version/13.0.3 Mobile/15E148 Safari/604.1" 1497 **1/1497477**
86.16.74.122 - - [07/Apr/2026:13:16:36 -0700] "GET /checkout HTTP/1.1" 200 3542 "-" "Mozilla/5.0 (Linux; Android 10; K) AppleWebKit/537.36 (KHTML, like Gecko) Chrome/145.0.0.0 Mobile Safari/537.36" 3958 **3/3958106**
188.166.206.18 - - [07/Apr/2026:13:16:35 -0700] "GET /checkout HTTP/1.1" 200 3542 "-" "Mozilla/5.0 (Linux; Android 10; K) AppleWebKit/537.36 (KHTML, like Gecko) Chrome/145.0.0.0 Mobile Safari/537.36" 4243 **4/4243978**
209.38.173.77 - - [07/Apr/2026:13:16:35 -0700] "GET /checkout HTTP/1.1" 200 3543 "-" "Mozilla/5.0 (Linux; Android 10; K) AppleWebKit/537.36 (KHTML, like Gecko) Chrome/145.0.0.0 Mobile Safari/537.36" 4776 **4/4776076**
146.190.11.185 - - [07/Apr/2026:13:16:40 -0700] "GET /checkout HTTP/1.1" 200 3542 "-" "Mozilla/5.0 (Linux; Android 10; K) AppleWebKit/537.36 (KHTML, like Gecko) Chrome/145.0.0.0 Mobile Safari/537.36" 3739 **3/3739970**
216.244.66.248 - - [07/Apr/2026:13:18:03 -0700] "GET /category/mostbet-%D1%81%D0%BA%D0%B0%D1%87%D0%B0%D1%82%D1%8C-ru/?path=/home/kq22obq8vxga/public_html HTTP/1.1" 200 334600 "-" "Mozilla/5.0 (compatible; DotBot/1.2; +https://opensiteexplorer.org/dotbot; help@moz.com)" 16499 **16/16499880**
27.102.76.8 - - [07/Apr/2026:13:19:15 -0700] "GET /admin/modules/framework/amp_conf/htdocs/admin/config.php HTTP/1.1" 200 3531 "-" "Mozilla/5.0 (compatible; FreePBX-Scanner/1.0)" 6017 **6/6017982**
193.43.159.200 - - [07/Apr/2026:13:19:23 -0700] "GET /wp-login.php HTTP/1.0" 200 3025 "https://beemunch.com/" "Mozilla/5.0 (X11; Fedora; Linux x86_64; rv:114.0) Gecko/20100101 Firefox/114.0" 4422 **4/4422265**
216.244.66.248 - - [07/Apr/2026:13:19:14 -0700] "GET /f1-casino-rejestracja-jak-szybko-i-poprawnie-zalozyc-konto/?path=/home/kq22obq8vxga/public_html/wp-content HTTP/1.1" 200 353351 "-" "Mozilla/5.0 (compatible; DotBot/1.2; +https://opensiteexplorer.org/dotbot; help@moz.com)" 18836 **18/18836883**
193.43.159.200 - - [07/Apr/2026:13:19:34 -0700] "GET /wp-login.php HTTP/1.0" 200 3025 "https://beemunch.com/wp-login.php?checkemail=registered" "Mozilla/5.0 (Windows NT 6.3; Win64; x64) AppleWebKit/537.36 (KHTML, like Gecko) Chrome/103.0.0.0 Safari/537.36" 3564 **3/3564168**
193.43.159.200 - - [07/Apr/2026:13:19:39 -0700] "GET /wp-login.php HTTP/1.0" 200 3025 "https://beemunch.com/wp-login.php" "Mozilla/5.0 (Windows NT 6.3; Win64; x64) AppleWebKit/537.36 (KHTML, like Gecko) Chrome/103.0.0.0 Safari/537.36" 3059 **3/3059007**
43.133.220.37 - - [07/Apr/2026:13:19:42 -0700] "GET /?filesrc=/home/kq22obq8vxga/public_html/wp-settings.php&path=/home/kq22obq8vxga/public_html HTTP/1.1" 200 7583 "-" "Mozilla/5.0 (iPhone; CPU iPhone OS 13_2_3 like Mac OS X) AppleWebKit/605.1.15 (KHTML, like Gecko) Version/13.0.3 Mobile/15E148 Safari/604.1" 5267 **5/5267153**
216.244.66.248 - - [07/Apr/2026:13:19:35 -0700] "GET /2024/08/?cmd&path=/home/kq22obq8vxga/public_html HTTP/1.1" 200 355188 "-" "Mozilla/5.0 (compatible; DotBot/1.2; +https://opensiteexplorer.org/dotbot; help@moz.com)" 12317 **12/12317609**
193.43.159.200 - - [07/Apr/2026:13:19:45 -0700] "POST /wp-login.php HTTP/1.0" 200 3025 "https://beemunch.com/wp-login.php" "Mozilla/5.0 (Windows NT 6.3; Win64; x64) AppleWebKit/537.36 (KHTML, like Gecko) Chrome/103.0.0.0 Safari/537.36" 3260 **3/3260383**
216.244.66.248 - - [07/Apr/2026:13:20:23 -0700] "GET /meilleurs-casinos-en-ligne-avec-depots-minimum-2026/?cmd&path=/home/kq22obq8vxga/public_html HTTP/1.1" 200 378056 "-" "Mozilla/5.0 (compatible; DotBot/1.2; +https://opensiteexplorer.org/dotbot; help@moz.com)" 15667 **15/15667719**
193.43.159.200 - - [07/Apr/2026:13:20:50 -0700] "GET /wp-login.php HTTP/1.0" 200 3025 "https://beemunch.com/wp-login.php" "Mozilla/5.0 (Windows NT 6.3; Win64; x64) AppleWebKit/537.36 (KHTML, like Gecko) Chrome/103.0.0.0 Safari/537.36" 3399 **3/3399500**
216.244.66.248 - - [07/Apr/2026:13:21:12 -0700] "GET /4kporn-4kporn-xxx-porn-tube-site/?filebaru&path=/home/kq22obq8vxga/public_html HTTP/1.1" 200 398910 "-" "Mozilla/5.0 (compatible; DotBot/1.2; +https://opensiteexplorer.org/dotbot; help@moz.com)" 20399 **20/20399862**
193.43.159.200 - - [07/Apr/2026:13:21:54 -0700] "GET /xmlrpc.php HTTP/1.0" 200 3053 "https://beemunch.com/wp-login.php?checkemail=registered" "Mozilla/5.0 (Windows NT 6.3; Win64; x64) AppleWebKit/537.36 (KHTML, like Gecko) Chrome/103.0.0.0 Safari/537.36" 1524 **1/1524035**
216.244.66.248 - - [07/Apr/2026:13:22:02 -0700] "GET /meilleurs-casinos-en-ligne-en-ukraine-pour-de-gros-gains-2026/?upload&path=/home/kq22obq8vxga/public_html HTTP/1.1" 200 375133 "-" "Mozilla/5.0 (compatible; DotBot/1.2; +https://opensiteexplorer.org/dotbot; help@moz.com)" 8281 **8/8281346**
193.43.159.200 - - [07/Apr/2026:13:19:49 -0700] "GET /wp-login.php HTTP/1.0" 200 3025 "https://beemunch.com/wp-login.php" "Mozilla/5.0 (Windows NT 6.3; Win64; x64) AppleWebKit/537.36 (KHTML, like Gecko) Chrome/103.0.0.0 Safari/537.36" 174555 **174/174555480**
193.43.159.200 - - [07/Apr/2026:13:21:58 -0700] "POST /xmlrpc.php HTTP/1.0" 400 17471 "https://beemunch.com/xmlrpc.php" "Mozilla/5.0 (Windows NT 6.3; Win64; x64) AppleWebKit/537.36 (KHTML, like Gecko) Chrome/103.0.0.0 Safari/537.36" 55916 **55/55916347**
193.43.159.200 - - [07/Apr/2026:13:22:54 -0700] "POST /xmlrpc.php HTTP/1.0" 200 3174 "https://beemunch.com/xmlrpc.php" "Mozilla/5.0 (Windows NT 6.3; Win64; x64) AppleWebKit/537.36 (KHTML, like Gecko) Chrome/103.0.0.0 Safari/537.36" 2649 **2/2649448**
193.43.159.200 - - [07/Apr/2026:13:22:58 -0700] "POST /xmlrpc.php HTTP/1.0" 200 3184 "https://beemunch.com/xmlrpc.php" "Mozilla/5.0 (Windows NT 6.3; Win64; x64) AppleWebKit/537.36 (KHTML, like Gecko) Chrome/103.0.0.0 Safari/537.36" 2243 **2/2243817**
193.43.159.200 - - [07/Apr/2026:13:23:01 -0700] "GET /wp-login.php HTTP/1.0" 200 3025 "https://beemunch.com/xmlrpc.php" "Mozilla/5.0 (Windows NT 6.3; Win64; x64) AppleWebKit/537.36 (KHTML, like Gecko) Chrome/103.0.0.0 Safari/537.36" 2335 **2/2335082**
193.43.159.200 - - [07/Apr/2026:13:20:55 -0700] "GET /xmlrpc.php HTTP/1.0" 200 3053 "https://beemunch.com/wp-login.php?checkemail=registered" "Mozilla/5.0 (Windows NT 6.3; Win64; x64) AppleWebKit/537.36 (KHTML, like Gecko) Chrome/103.0.0.0 Safari/537.36" 137152 **137/137152166**
193.43.159.200 - - [07/Apr/2026:13:23:06 -0700] "GET /wp-admin/post-new.php HTTP/1.0" 200 4911 "https://beemunch.com/wp-login.php?checkemail=registered" "Mozilla/5.0 (Windows NT 6.3; Win64; x64) AppleWebKit/537.36 (KHTML, like Gecko) Chrome/103.0.0.0 Safari/537.36" 19546 **19/19546150**
193.43.159.200 - - [07/Apr/2026:13:23:27 -0700] "GET /wp-admin/edit-tags.php HTTP/1.0" 200 4912 "https://beemunch.com/wp-admin/post-new.php" "Mozilla/5.0 (Windows NT 6.3; Win64; x64) AppleWebKit/537.36 (KHTML, like Gecko) Chrome/103.0.0.0 Safari/537.36" 3205 **3/3205236**
193.43.159.200 - - [07/Apr/2026:13:23:33 -0700] "POST /wp-admin/edit-tags.php HTTP/1.0" 200 4912 "https://beemunch.com/wp-admin/edit-tags.php?taxonomy=category" "Mozilla/5.0 (Windows NT 6.3; Win64; x64) AppleWebKit/537.36 (KHTML, like Gecko) Chrome/103.0.0.0 Safari/537.36" 3532 **3/3532085**
193.43.159.200 - - [07/Apr/2026:13:23:38 -0700] "GET /wp-admin/edit-tags.php HTTP/1.0" 200 4912 "https://beemunch.com/wp-admin/edit-tags.php?taxonomy=category" "Mozilla/5.0 (Windows NT 6.3; Win64; x64) AppleWebKit/537.36 (KHTML, like Gecko) Chrome/103.0.0.0 Safari/537.36" 16851 **16/16851302**
216.244.66.248 - - [07/Apr/2026:13:24:51 -0700] "GET /faca-login-jogue-e-ganhe-um-bonus-de-boas-vindas-2/ HTTP/1.1" 200 393607 "-" "Mozilla/5.0 (compatible; DotBot/1.2; +https://opensiteexplorer.org/dotbot; help@moz.com)" 12840 **12/12840604**
43.135.145.73 - - [07/Apr/2026:13:30:40 -0700] "GET /?dirbaru&path=/home/kq22obq8vxga/public_html HTTP/1.1" 200 3682 "-" "Mozilla/5.0 (iPhone; CPU iPhone OS 13_2_3 like Mac OS X) AppleWebKit/605.1.15 (KHTML, like Gecko) Version/13.0.3 Mobile/15E148 Safari/604.1" 5851 **5/5851597**
188.166.206.18 - - [07/Apr/2026:13:32:19 -0700] "GET /checkout HTTP/1.1" 200 3542 "-" "Mozilla/5.0 (Linux; Android 10; K) AppleWebKit/537.36 (KHTML, like Gecko) Chrome/145.0.0.0 Mobile Safari/537.36" 4657 **4/4657145**
146.190.11.185 - - [07/Apr/2026:13:32:19 -0700] "GET /checkout HTTP/1.1" 200 3542 "-" "Mozilla/5.0 (Linux; Android 10; K) AppleWebKit/537.36 (KHTML, like Gecko) Chrome/145.0.0.0 Mobile Safari/537.36" 5086 **5/5086686**
209.38.173.77 - - [07/Apr/2026:13:32:21 -0700] "GET /checkout HTTP/1.1" 200 3543 "-" "Mozilla/5.0 (Linux; Android 10; K) AppleWebKit/537.36 (KHTML, like Gecko) Chrome/145.0.0.0 Mobile Safari/537.36" 5752 **5/5752419**
86.16.74.122 - - [07/Apr/2026:13:32:22 -0700] "GET /checkout HTTP/1.1" 200 3542 "-" "Mozilla/5.0 (Linux; Android 10; K) AppleWebKit/537.36 (KHTML, like Gecko) Chrome/145.0.0.0 Mobile Safari/537.36" 5211 **5/5211259**
43.157.179.227 - - [07/Apr/2026:13:40:16 -0700] "GET /?path=/home/kq22obq8vxga/public_html/.sucuriquarantine HTTP/1.1" 200 2844 "-" "Mozilla/5.0 (iPhone; CPU iPhone OS 13_2_3 like Mac OS X) AppleWebKit/605.1.15 (KHTML, like Gecko) Version/13.0.3 Mobile/15E148 Safari/604.1" 605 **0/605895**
209.38.173.77 - - [07/Apr/2026:13:45:22 -0700] "GET /checkout HTTP/1.1" 200 3543 "-" "Mozilla/5.0 (Linux; Android 10; K) AppleWebKit/537.36 (KHTML, like Gecko) Chrome/145.0.0.0 Mobile Safari/537.36" 7378 **7/7378219**
86.16.74.122 - - [07/Apr/2026:13:45:23 -0700] "GET /checkout HTTP/1.1" 200 3542 "-" "Mozilla/5.0 (Linux; Android 10; K) AppleWebKit/537.36 (KHTML, like Gecko) Chrome/145.0.0.0 Mobile Safari/537.36" 6837 **6/6837231**
146.190.11.185 - - [07/Apr/2026:13:45:21 -0700] "GET /checkout HTTP/1.1" 200 3542 "-" "Mozilla/5.0 (Linux; Android 10; K) AppleWebKit/537.36 (KHTML, like Gecko) Chrome/145.0.0.0 Mobile Safari/537.36" 9347 **9/9347570**
188.166.206.18 - - [07/Apr/2026:13:45:22 -0700] "GET /checkout HTTP/1.1" 200 3542 "-" "Mozilla/5.0 (Linux; Android 10; K) AppleWebKit/537.36 (KHTML, like Gecko) Chrome/145.0.0.0 Mobile Safari/537.36" 322450 **322/322450189**
43.166.247.82 - - [07/Apr/2026:13:51:02 -0700] "GET /?path=/home/kq22obq8vxga/public_html/wp-admin HTTP/1.1" 200 5953 "-" "Mozilla/5.0 (iPhone; CPU iPhone OS 13_2_3 like Mac OS X) AppleWebKit/605.1.15 (KHTML, like Gecko) Version/13.0.3 Mobile/15E148 Safari/604.1" 2654 **2/2654221**
167.94.146.60 - - [07/Apr/2026:13:52:58 -0700] "\x16\x03\x01\x01\x07\x01" 400 42149 "-" "-" 3530 **3/3530221**
167.94.146.60 - - [07/Apr/2026:13:52:59 -0700] "GET / HTTP/1.1" 200 3539 "-" "Mozilla/5.0 (compatible; CensysInspect/1.1; +https://about.censys.io/)" 2882 **2/2882070**
167.94.146.60 - - [07/Apr/2026:13:53:26 -0700] "GET / HTTP/1.1" 200 3533 "-" "Mozilla/5.0 (compatible; CensysInspect/1.1; +https://about.censys.io/)" 2920 **2/2920366**
216.244.66.248 - - [07/Apr/2026:13:53:59 -0700] "GET /robots.txt HTTP/1.1" 200 42734 "-" "Mozilla/5.0 (compatible; DotBot/1.2; +https://opensiteexplorer.org/dotbot; help@moz.com)" 2883 **2/2883712**
66.132.172.178 - - [07/Apr/2026:13:54:43 -0700] "\x16\x03\x01" 400 42150 "-" "-" 1867 **1/1867836**
66.132.172.178 - - [07/Apr/2026:13:54:46 -0700] "GET / HTTP/1.1" 200 3530 "-" "Mozilla/5.0 (compatible; CensysInspect/1.1; +https://about.censys.io/)" 1248 **1/1248107**
66.132.172.178 - - [07/Apr/2026:13:54:55 -0700] "GET /favicon.ico HTTP/1.1" 200 3530 "-" "Mozilla/5.0 (compatible; CensysInspect/1.1; +https://about.censys.io/)" 784 **0/784788**
100.26.45.212 - - [07/Apr/2026:13:56:23 -0700] "GET / HTTP/1.1" 200 3530 "-" "Mozilla/5.0 (Windows NT 10.0; Win64; x64) AppleWebKit/537.36 (KHTML, like Gecko) Chrome/136.0.0.0 Safari/537.36" 2017 **2/2017158**
66.132.172.178 - - [07/Apr/2026:13:57:12 -0700] "GET / HTTP/1.1" 200 27135 "-" "Mozilla/5.0 (compatible; CensysInspect/1.1; +https://about.censys.io/)" 2837 **2/2837979**
66.132.172.178 - - [07/Apr/2026:13:57:32 -0700] "\x16\x03\x01" 508 288 "-" "-" 5 **0/5298**
66.132.172.178 - - [07/Apr/2026:13:57:35 -0700] "GET /wiki HTTP/1.1" 200 19402 "-" "Mozilla/5.0 (compatible; CensysInspect/1.1; +https://about.censys.io/)" 1492 **1/1492413**
66.132.172.178 - - [07/Apr/2026:13:57:43 -0700] "GET /wp-content/uploads/2022/08/cropped-favicon-1-32x32.png HTTP/1.1" 200 1680 "-" "Mozilla/5.0 (compatible; CensysInspect/1.1; +https://about.censys.io/)" 7 **0/7326**
66.132.172.178 - - [07/Apr/2026:13:57:51 -0700] "GET /favicon.ico HTTP/1.1" 200 3530 "-" "Mozilla/5.0 (compatible; CensysInspect/1.1; +https://about.censys.io/)" 619 **0/619007**
66.132.172.178 - - [07/Apr/2026:13:57:52 -0700] "\x16\x03\x01" 400 42150 "-" "-" 597 **0/597097**
173.212.205.111 - - [07/Apr/2026:13:47:22 -0700] "GET / HTTP/1.1" 200 3531 "-" "Go-http-client/1.1" 636018 **636/636018321**
66.132.172.178 - - [07/Apr/2026:13:57:54 -0700] "GET /kbz2yyho1yk8i6 HTTP/1.1" 200 19413 "-" "Mozilla/5.0 (compatible; CensysInspect/1.1; +https://about.censys.io/)" 72216 **72/72216087**
167.94.146.60 - - [07/Apr/2026:13:53:04 -0700] "GET /favicon.ico HTTP/1.1" 200 3539 "-" "Mozilla/5.0 (compatible; CensysInspect/1.1; +https://about.censys.io/)" 383631 **383/383631238**
86.16.74.122 - - [07/Apr/2026:13:59:39 -0700] "GET /checkout HTTP/1.1" 200 3542 "-" "Mozilla/5.0 (Linux; Android 10; K) AppleWebKit/537.36 (KHTML, like Gecko) Chrome/145.0.0.0 Mobile Safari/537.36" 270 **0/270157**
188.166.206.18 - - [07/Apr/2026:13:59:39 -0700] "GET /checkout HTTP/1.1" 200 3542 "-" "Mozilla/5.0 (Linux; Android 10; K) AppleWebKit/537.36 (KHTML, like Gecko) Chrome/145.0.0.0 Mobile Safari/537.36" 237 **0/237820**
146.190.11.185 - - [07/Apr/2026:13:59:39 -0700] "GET /checkout HTTP/1.1" 200 3542 "-" "Mozilla/5.0 (Linux; Android 10; K) AppleWebKit/537.36 (KHTML, like Gecko) Chrome/145.0.0.0 Mobile Safari/537.36" 280 **0/280613**
209.38.173.77 - - [07/Apr/2026:13:59:45 -0700] "GET /checkout HTTP/1.1" 200 3543 "-" "Mozilla/5.0 (Linux; Android 10; K) AppleWebKit/537.36 (KHTML, like Gecko) Chrome/145.0.0.0 Mobile Safari/537.36" 331 **0/331742**
216.244.66.248 - - [07/Apr/2026:14:02:25 -0700] "GET /category/rencontres-monoparentales-visitors/?path=/home/kq22obq8vxga/public_html/wp-admin HTTP/1.1" 200 339493 "-" "Mozilla/5.0 (compatible; DotBot/1.2; +https://opensiteexplorer.org/dotbot; help@moz.com)" 9718 **9/9718124**
216.244.66.248 - - [07/Apr/2026:14:03:08 -0700] "GET /meilleurs-casinos-en-ligne-en-ukraine-pour-de-gros-gains-2026/?path=/home HTTP/1.1" 200 337243 "-" "Mozilla/5.0 (compatible; DotBot/1.2; +https://opensiteexplorer.org/dotbot; help@moz.com)" 14925 **14/14925027**
209.38.173.77 - - [07/Apr/2026:14:15:01 -0700] "GET /checkout HTTP/1.1" 200 3543 "-" "Mozilla/5.0 (Linux; Android 10; K) AppleWebKit/537.36 (KHTML, like Gecko) Chrome/145.0.0.0 Mobile Safari/537.36" 1302 **1/1302568**
146.190.11.185 - - [07/Apr/2026:14:15:01 -0700] "GET /checkout HTTP/1.1" 200 3542 "-" "Mozilla/5.0 (Linux; Android 10; K) AppleWebKit/537.36 (KHTML, like Gecko) Chrome/145.0.0.0 Mobile Safari/537.36" 1696 **1/1696110**
188.166.206.18 - - [07/Apr/2026:14:15:03 -0700] "GET /checkout HTTP/1.1" 200 3542 "-" "Mozilla/5.0 (Linux; Android 10; K) AppleWebKit/537.36 (KHTML, like Gecko) Chrome/145.0.0.0 Mobile Safari/537.36" 1295 **1/1295210**
86.16.74.122 - - [07/Apr/2026:14:15:01 -0700] "GET /checkout HTTP/1.1" 200 3542 "-" "Mozilla/5.0 (Linux; Android 10; K) AppleWebKit/537.36 (KHTML, like Gecko) Chrome/145.0.0.0 Mobile Safari/537.36" 124248 **124/124248603**
38.92.26.36 - - [07/Apr/2026:14:18:15 -0700] "GET / HTTP/1.1" 200 3008 "-" "Python/3.13 aiohttp/3.13.2" 351 **0/351823**
43.135.182.43 - - [07/Apr/2026:14:20:39 -0700] "GET /?filesrc=/home/kq22obq8vxga/public_html/error_log-20260329.gz&path=/home/kq22obq8vxga/public_html HTTP/1.1" 301 3497 "-" "Mozilla/5.0 (iPhone; CPU iPhone OS 13_2_3 like Mac OS X) AppleWebKit/605.1.15 (KHTML, like Gecko) Version/13.0.3 Mobile/15E148 Safari/604.1" 277 **0/277373**
93.174.93.12 - - [07/Apr/2026:14:25:19 -0700] "\x16\x03\x02\x01o\x01" 400 42148 "-" "-" 2595 **2/2595033**
93.174.93.12 - - [07/Apr/2026:14:28:58 -0700] "GET / HTTP/1.0" 200 42619 "-" "Wget/1.9.1" 10798 **10/10798666**
184.168.113.237 - - [07/Apr/2026:14:30:01 -0700] "POST /wp-cron.php?doing_wp_cron=1775597400.8288838863372802734375 HTTP/1.1" 200 - "-" "WordPress/6.7.5; https://beemunch.com" 210 **0/210721**
43.156.204.134 - - [07/Apr/2026:14:29:58 -0700] "GET /?filesrc=/home/kq22obq8vxga/public_html/.sucuriquarantine/.resume_dir&path=/home/kq22obq8vxga/public_html/.sucuriquarantine HTTP/1.1" 301 3695 "-" "Mozilla/5.0 (iPhone; CPU iPhone OS 13_2_3 like Mac OS X) AppleWebKit/605.1.15 (KHTML, like Gecko) Version/13.0.3 Mobile/15E148 Safari/604.1" 5204 **5/5204524**
86.16.74.122 - - [07/Apr/2026:14:30:48 -0700] "GET /checkout HTTP/1.1" 200 3542 "-" "Mozilla/5.0 (Linux; Android 10; K) AppleWebKit/537.36 (KHTML, like Gecko) Chrome/145.0.0.0 Mobile Safari/537.36" 6520 **6/6520822**
146.190.11.185 - - [07/Apr/2026:14:30:48 -0700] "GET /checkout HTTP/1.1" 200 3542 "-" "Mozilla/5.0 (Linux; Android 10; K) AppleWebKit/537.36 (KHTML, like Gecko) Chrome/145.0.0.0 Mobile Safari/537.36" 6877 **6/6877109**
188.166.206.18 - - [07/Apr/2026:14:30:48 -0700] "GET /checkout HTTP/1.1" 200 3542 "-" "Mozilla/5.0 (Linux; Android 10; K) AppleWebKit/537.36 (KHTML, like Gecko) Chrome/145.0.0.0 Mobile Safari/537.36" 8158 **8/8158491**
209.38.173.77 - - [07/Apr/2026:14:30:49 -0700] "GET /checkout HTTP/1.1" 200 3543 "-" "Mozilla/5.0 (Linux; Android 10; K) AppleWebKit/537.36 (KHTML, like Gecko) Chrome/145.0.0.0 Mobile Safari/537.36" 7542 **7/7542802**
216.244.66.248 - - [07/Apr/2026:14:36:59 -0700] "GET /robots.txt HTTP/1.1" 200 42734 "-" "Mozilla/5.0 (compatible; DotBot/1.2; +https://opensiteexplorer.org/dotbot; help@moz.com)" 3016 **3/3016889**
211.188.60.100 - - [07/Apr/2026:14:39:26 -0700] "GET / HTTP/1.1" 200 3531 "-" "Go-http-client/1.1" 4804 **4/4804420**
43.157.188.74 - - [07/Apr/2026:14:40:01 -0700] "GET /?filesrc=/home/kq22obq8vxga/public_html/.sucuriquarantine/manual-wpus_posts_sucuridbbackup.1691179159&path=/home/kq22obq8vxga/public_html/.sucuriquarantine HTTP/1.1" 301 3990 "-" "Mozilla/5.0 (iPhone; CPU iPhone OS 13_2_3 like Mac OS X) AppleWebKit/605.1.15 (KHTML, like Gecko) Version/13.0.3 Mobile/15E148 Safari/604.1" 1038 **1/1038020**
188.166.206.18 - - [07/Apr/2026:14:44:40 -0700] "GET /checkout HTTP/1.1" 200 3542 "-" "Mozilla/5.0 (Linux; Android 10; K) AppleWebKit/537.36 (KHTML, like Gecko) Chrome/145.0.0.0 Mobile Safari/537.36" 3391 **3/3391023**
86.16.74.122 - - [07/Apr/2026:14:44:39 -0700] "GET /checkout HTTP/1.1" 200 3542 "-" "Mozilla/5.0 (Linux; Android 10; K) AppleWebKit/537.36 (KHTML, like Gecko) Chrome/145.0.0.0 Mobile Safari/537.36" 4503 **4/4503173**
216.244.66.248 - - [07/Apr/2026:14:48:40 -0700] "GET /4kporn-4kporn-xxx-porn-tube-site/?dirbaru&path=/home/kq22obq8vxga/public_html HTTP/1.1" 200 398726 "-" "Mozilla/5.0 (compatible; DotBot/1.2; +https://opensiteexplorer.org/dotbot; help@moz.com)" 3738 **3/3738257**
216.244.66.248 - - [07/Apr/2026:14:48:57 -0700] "GET /4kporn-4kporn-xxx-porn-tube-site/?phpinfo&path=/home/kq22obq8vxga/public_html HTTP/1.1" 200 95897 "-" "Mozilla/5.0 (compatible; DotBot/1.2; +https://opensiteexplorer.org/dotbot; help@moz.com)" 122 **0/122990**
216.244.66.248 - - [07/Apr/2026:14:49:15 -0700] "GET /registration-mostbet-guia-7/?filebaru&path=/home/kq22obq8vxga/public_html HTTP/1.1" 200 394176 "-" "Mozilla/5.0 (compatible; DotBot/1.2; +https://opensiteexplorer.org/dotbot; help@moz.com)" 9200 **9/9200100**
209.38.173.77 - - [07/Apr/2026:14:44:39 -0700] "GET /checkout HTTP/1.1" 200 3543 "-" "Mozilla/5.0 (Linux; Android 10; K) AppleWebKit/537.36 (KHTML, like Gecko) Chrome/145.0.0.0 Mobile Safari/537.36" 366128 **366/366128997**
146.190.11.185 - - [07/Apr/2026:14:44:40 -0700] "GET /checkout HTTP/1.1" 200 3542 "-" "Mozilla/5.0 (Linux; Android 10; K) AppleWebKit/537.36 (KHTML, like Gecko) Chrome/145.0.0.0 Mobile Safari/537.36" 366107 **366/366107026**
184.168.113.237 - - [07/Apr/2026:14:50:46 -0700] "POST /wp-cron.php?doing_wp_cron=1775598646.3248770236968994140625 HTTP/1.1" 200 - "-" "WordPress/6.7.5; https://beemunch.com" 197 **0/197413**
43.130.57.46 - - [07/Apr/2026:14:50:42 -0700] "GET /?path=/home/kq22obq8vxga/public_html/wp-admin/includes HTTP/1.1" 200 6471 "-" "Mozilla/5.0 (iPhone; CPU iPhone OS 13_2_3 like Mac OS X) AppleWebKit/605.1.15 (KHTML, like Gecko) Version/13.0.3 Mobile/15E148 Safari/604.1" 5327 **5/5327365**
216.244.66.248 - - [07/Apr/2026:14:53:26 -0700] "GET /pinup-mobil-appindn-sasan-apak-indirin-v-onlayn-kazino-oynamaq/?path=/home/kq22obq8vxga/public_html/.tmb HTTP/1.1" 200 338411 "-" "Mozilla/5.0 (compatible; DotBot/1.2; +https://opensiteexplorer.org/dotbot; help@moz.com)" 4747 **4/4747124**
41.248.135.183 - - [07/Apr/2026:14:58:09 -0700] "GET /boaform/admin/formLogin?username=user&psd=user HTTP/1.0" 200 120907 "-" "-" 2625 **2/2625098**
86.16.74.122 - - [07/Apr/2026:14:59:27 -0700] "GET /checkout HTTP/1.1" 200 3542 "-" "Mozilla/5.0 (Linux; Android 10; K) AppleWebKit/537.36 (KHTML, like Gecko) Chrome/145.0.0.0 Mobile Safari/537.36" 1068 **1/1068378**
209.38.173.77 - - [07/Apr/2026:14:59:28 -0700] "GET /checkout HTTP/1.1" 200 3543 "-" "Mozilla/5.0 (Linux; Android 10; K) AppleWebKit/537.36 (KHTML, like Gecko) Chrome/145.0.0.0 Mobile Safari/537.36" 987 **0/987517**
146.190.11.185 - - [07/Apr/2026:14:59:28 -0700] "GET /checkout HTTP/1.1" 200 3542 "-" "Mozilla/5.0 (Linux; Android 10; K) AppleWebKit/537.36 (KHTML, like Gecko) Chrome/145.0.0.0 Mobile Safari/537.36" 1180 **1/1180633**
188.166.206.18 - - [07/Apr/2026:14:59:29 -0700] "GET /checkout HTTP/1.1" 200 3542 "-" "Mozilla/5.0 (Linux; Android 10; K) AppleWebKit/537.36 (KHTML, like Gecko) Chrome/145.0.0.0 Mobile Safari/537.36" 1510 **1/1510625**
184.168.113.237 - - [07/Apr/2026:15:01:16 -0700] "GET /.well-known/acme-challenge/ICPT3E4XYIMSGXHW1TSORKZZYTZ9IQZ8 HTTP/1.1" 200 64 "-" "Cpanel-HTTP-Client/1.0" 6 **0/6792**
184.168.113.237 - - [07/Apr/2026:15:01:16 -0700] "GET /.well-known/acme-challenge/7DOUVP5ZA7WZJIO-USR-IIHRQZ-PWW91 HTTP/1.1" 200 64 "-" "Cpanel-HTTP-Client/1.0" 6 **0/6170**
184.168.113.237 - - [07/Apr/2026:15:01:16 -0700] "GET /.well-known/acme-challenge/9EMDM1BBNVLPB4HU4D5MM4T38RZ0LVCQ HTTP/1.1" 200 64 "-" "Cpanel-HTTP-Client/1.0" 7 **0/7201**
184.168.113.237 - - [07/Apr/2026:15:01:17 -0700] "GET /.well-known/acme-challenge/ZP0K4WQE0XQHCFEBO6A28Z7FURLX71PS HTTP/1.1" 200 64 "-" "Cpanel-HTTP-Client/1.0" 6 **0/6287**
27.102.76.8 - - [07/Apr/2026:15:03:33 -0700] "GET /admin/config.php HTTP/1.0" 200 120888 "-" "Mozilla/5.0 (Windows NT 10.0; Win64; x64) AppleWebKit/537.36" 16582 **16/16582836**
86.16.74.122 - - [07/Apr/2026:15:13:03 -0700] "GET /checkout HTTP/1.1" 200 3542 "-" "Mozilla/5.0 (Linux; Android 10; K) AppleWebKit/537.36 (KHTML, like Gecko) Chrome/145.0.0.0 Mobile Safari/537.36" 2328 **2/2328019**
188.166.206.18 - - [07/Apr/2026:15:13:03 -0700] "GET /checkout HTTP/1.1" 200 3542 "-" "Mozilla/5.0 (Linux; Android 10; K) AppleWebKit/537.36 (KHTML, like Gecko) Chrome/145.0.0.0 Mobile Safari/537.36" 2804 **2/2804264**
146.190.11.185 - - [07/Apr/2026:15:13:04 -0700] "GET /checkout HTTP/1.1" 200 3542 "-" "Mozilla/5.0 (Linux; Android 10; K) AppleWebKit/537.36 (KHTML, like Gecko) Chrome/145.0.0.0 Mobile Safari/537.36" 2374 **2/2374541**
209.38.173.77 - - [07/Apr/2026:15:13:07 -0700] "GET /checkout HTTP/1.1" 200 3543 "-" "Mozilla/5.0 (Linux; Android 10; K) AppleWebKit/537.36 (KHTML, like Gecko) Chrome/145.0.0.0 Mobile Safari/537.36" 2184 **2/2184665**
74.7.241.136 - - [07/Apr/2026:15:21:55 -0700] "GET /robots.txt HTTP/1.1" 200 3072 "-" "Mozilla/5.0 (Macintosh; Intel Mac OS X 10_15_7) AppleWebKit/537.36 (KHTML, like Gecko) Chrome/131.0.0.0 Safari/537.36; compatible; OAI-SearchBot/1.3; robots.txt; +https://openai.com/searchbot" 2323 **2/2323186**
74.7.242.17 - - [07/Apr/2026:15:22:13 -0700] "GET /?path=//lib64/tk8.6 HTTP/1.1" 200 1816 "http://beemunch.com/?path=//lib64" "Mozilla/5.0 AppleWebKit/537.36 (KHTML, like Gecko; compatible; GPTBot/1.3; +https://openai.com/gptbot)" 986 **0/986734**
216.244.66.248 - - [07/Apr/2026:15:22:30 -0700] "GET /robots.txt HTTP/1.1" 200 42734 "-" "Mozilla/5.0 (compatible; DotBot/1.2; +https://opensiteexplorer.org/dotbot; help@moz.com)" 2370 **2/2370126**
74.7.242.17 - - [07/Apr/2026:15:22:31 -0700] "GET /?path=/ HTTP/1.1" 200 2251 "http://beemunch.com/?path=//lib64/tk8.6" "Mozilla/5.0 AppleWebKit/537.36 (KHTML, like Gecko; compatible; GPTBot/1.3; +https://openai.com/gptbot)" 1573 **1/1573554**
74.7.242.17 - - [07/Apr/2026:15:23:06 -0700] "GET /?cmd&path=//lib64/tk8.6 HTTP/1.1" 200 1935 "http://beemunch.com/?path=//lib64/tk8.6" "Mozilla/5.0 AppleWebKit/537.36 (KHTML, like Gecko; compatible; GPTBot/1.3; +https://openai.com/gptbot)" 1921 **1/1921563**
74.7.242.17 - - [07/Apr/2026:15:23:08 -0700] "GET /?mass_delete&path=//lib64/tk8.6 HTTP/1.1" 200 1969 "http://beemunch.com/?path=//lib64/tk8.6" "Mozilla/5.0 AppleWebKit/537.36 (KHTML, like Gecko; compatible; GPTBot/1.3; +https://openai.com/gptbot)" 1654 **1/1654953**
74.7.242.17 - - [07/Apr/2026:15:23:10 -0700] "GET /?mass_deface&path=//lib64/tk8.6 HTTP/1.1" 200 2091 "http://beemunch.com/?path=//lib64/tk8.6" "Mozilla/5.0 AppleWebKit/537.36 (KHTML, like Gecko; compatible; GPTBot/1.3; +https://openai.com/gptbot)" 1005 **1/1005013**
