57.141.16.97 - - [05/Apr/2026:05:19:22 -0700] "GET /juega-a-la-demo-de-fortune-rabbit-experiencia-de-casino-en-linea-en-mexico/?path=/home/kq22obq8vxga/public_html/wp-includes/blocks/pullquote HTTP/2.0" 200 358242 "-" "meta-externalagent/1.1 (+https://developers.facebook.com/docs/sharing/webmasters/crawler)" 756 **0/756628**
74.7.242.34 - - [05/Apr/2026:05:19:22 -0700] "GET /?filebaru&path=//proc/self/root/proc/thread-self/root/proc/thread-self/root/proc/thread-self/root/proc/self/root/proc/thread-self/root/var/lib/mysql/furryfriendlyramp HTTP/2.0" 200 23193 "https://mail.beemunch.com/?path=//proc/self/root/proc/thread-self/root/proc/thread-self/root/proc/thread-self/root/proc/self/root/proc/thread-self/root/var/lib/mysql/furryfriendlyramp" "Mozilla/5.0 AppleWebKit/537.36 (KHTML, like Gecko; compatible; GPTBot/1.3; +https://openai.com/gptbot)" 814 **0/814154**
74.7.242.14 - - [05/Apr/2026:05:19:23 -0700] "GET /?path=//proc/self/root/proc/thread-self/root/proc/thread-self/root/proc/thread-self/root/proc/self/root/proc/thread-self/root/proc/self/root/proc/thread-self/root/proc/thread-self/root/lib/firmware/nxp HTTP/2.0" 200 2250 "https://www.beemunch.com/?path=//proc/self/root/proc/thread-self/root/proc/thread-self/root/proc/thread-self/root/proc/self/root/proc/thread-self/root/proc/self/root/proc/thread-self/root/proc/thread-self/root/lib/firmware" "Mozilla/5.0 AppleWebKit/537.36 (KHTML, like Gecko; compatible; GPTBot/1.3; +https://openai.com/gptbot)" 274 **0/274509**
74.7.242.34 - - [05/Apr/2026:05:19:23 -0700] "GET /?path=//proc/self/root/proc/thread-self/root/proc/thread-self/root/proc/thread-self/root/proc/self/root/proc/thread-self/root/var/lib/mysql/sanitarychangeable&phpinfo HTTP/2.0" 200 24730 "https://mail.beemunch.com/?path=//proc/self/root/proc/thread-self/root/proc/thread-self/root/proc/thread-self/root/proc/self/root/proc/thread-self/root/var/lib/mysql/sanitarychangeable" "Mozilla/5.0 AppleWebKit/537.36 (KHTML, like Gecko; compatible; GPTBot/1.3; +https://openai.com/gptbot)" 39 **0/39569**
57.141.16.74 - - [05/Apr/2026:05:19:23 -0700] "GET /comment-gagner-sur-les-casinos-en-ligne-fiables-en-france-2025/?dirbaru&path=//usr/lib/.build-id/3c HTTP/2.0" 200 356882 "-" "meta-externalagent/1.1 (+https://developers.facebook.com/docs/sharing/webmasters/crawler)" 729 **0/729701**
51.75.116.205 - - [05/Apr/2026:05:19:23 -0700] "GET /%D0%BA%D0%B0%D0%B7%D0%B8%D0%BD%D0%BE-%D0%B8%D1%80%D0%B2%D0%B8%D0%BD-%D0%B7%D0%B5%D1%80%D0%BA%D0%B0%D0%BB%D0%BE/feed/?filesrc=%2F%2Flib%2F.build-id%2F0d%2F197b08e485b6f02525ea29dd0b38b00019b492&path=%2F%2Flib%2F.build-id%2F0d HTTP/1.1" 200 1761 "-" "Mozilla/5.0 (compatible; MJ12bot/v1.4.8; http://mj12bot.com/)" 328 **0/328168**
74.7.242.14 - - [05/Apr/2026:05:19:23 -0700] "GET /?path=//proc/self/root/proc/thread-self/root/proc/thread-self/root/proc/thread-self/root/proc/self/root/proc/thread-self/root/proc/self/root/proc/self/root/proc/self/root/proc/thread-self/root/lib/tuned/virtual-host HTTP/2.0" 200 2039 "https://www.beemunch.com/?path=//proc/self/root/proc/thread-self/root/proc/thread-self/root/proc/thread-self/root/proc/self/root/proc/thread-self/root/proc/self/root/proc/self/root/proc/self/root/proc/thread-self/root/lib/tuned" "Mozilla/5.0 AppleWebKit/537.36 (KHTML, like Gecko; compatible; GPTBot/1.3; +https://openai.com/gptbot)" 268 **0/268514**
74.7.242.14 - - [05/Apr/2026:05:19:24 -0700] "GET /?path=//proc/self/root/proc/thread-self/root/proc/thread-self/root/proc/thread-self/root/proc/self/root/proc/thread-self/root/proc/self/root/proc/self/root/proc/self/root/proc/self/root/lib/firmware/arm/mali HTTP/2.0" 200 2072 "https://www.beemunch.com/?path=//proc/self/root/proc/thread-self/root/proc/thread-self/root/proc/thread-self/root/proc/self/root/proc/thread-self/root/proc/self/root/proc/self/root/proc/self/root/proc/self/root/lib/firmware/arm" "Mozilla/5.0 AppleWebKit/537.36 (KHTML, like Gecko; compatible; GPTBot/1.3; +https://openai.com/gptbot)" 271 **0/271348**
74.7.242.34 - - [05/Apr/2026:05:19:24 -0700] "GET /?dirbaru&path=//proc/self/root/proc/thread-self/root/proc/thread-self/root/proc/thread-self/root/proc/self/root/proc/thread-self/root/var/lib/mysql/scalpstimulation HTTP/2.0" 200 23154 "https://mail.beemunch.com/?path=//proc/self/root/proc/thread-self/root/proc/thread-self/root/proc/thread-self/root/proc/self/root/proc/thread-self/root/var/lib/mysql/scalpstimulation" "Mozilla/5.0 AppleWebKit/537.36 (KHTML, like Gecko; compatible; GPTBot/1.3; +https://openai.com/gptbot)" 789 **0/789915**
74.7.242.14 - - [05/Apr/2026:05:19:25 -0700] "GET /?path=//proc/self/root/proc/thread-self/root/proc/thread-self/root/proc/thread-self/root/proc/self/root/proc/thread-self/root/proc/self/root/proc/thread-self/root/proc/thread-self/root/opt/alt/libharu HTTP/2.0" 200 1976 "https://www.beemunch.com/?path=//proc/self/root/proc/thread-self/root/proc/thread-self/root/proc/thread-self/root/proc/self/root/proc/thread-self/root/proc/self/root/proc/thread-self/root/proc/thread-self/root/opt/alt" "Mozilla/5.0 AppleWebKit/537.36 (KHTML, like Gecko; compatible; GPTBot/1.3; +https://openai.com/gptbot)" 265 **0/265855**
57.141.16.85 - - [05/Apr/2026:05:19:24 -0700] "GET /exactly-what-blocking-tinder-on-the-uae-means-for/?upload&path=//lib/motd.d HTTP/2.0" 200 339079 "-" "meta-externalagent/1.1 (+https://developers.facebook.com/docs/sharing/webmasters/crawler)" 856 **0/856519**
74.7.242.14 - - [05/Apr/2026:05:19:25 -0700] "GET /?path=//proc/self/root/proc/thread-self/root/proc/thread-self/root/proc/thread-self/root/proc/self/root/proc/thread-self/root/proc/thread-self/root/proc/self/root/proc/thread-self/root/lib/modules-load.d HTTP/2.0" 200 1792 "https://www.beemunch.com/?path=//proc/self/root/proc/thread-self/root/proc/thread-self/root/proc/thread-self/root/proc/self/root/proc/thread-self/root/proc/thread-self/root/proc/self/root/proc/thread-self/root/lib" "Mozilla/5.0 AppleWebKit/537.36 (KHTML, like Gecko; compatible; GPTBot/1.3; +https://openai.com/gptbot)" 209 **0/209021**
74.7.242.34 - - [05/Apr/2026:05:19:25 -0700] "GET /?filebaru&path=//proc/self/root/proc/thread-self/root/proc/thread-self/root/proc/thread-self/root/proc/self/root/proc/thread-self/root/var/lib/mysql/umbrellacoupling HTTP/2.0" 200 23199 "https://mail.beemunch.com/?path=//proc/self/root/proc/thread-self/root/proc/thread-self/root/proc/thread-self/root/proc/self/root/proc/thread-self/root/var/lib/mysql/umbrellacoupling" "Mozilla/5.0 AppleWebKit/537.36 (KHTML, like Gecko; compatible; GPTBot/1.3; +https://openai.com/gptbot)" 646 **0/646456**
74.7.242.14 - - [05/Apr/2026:05:19:26 -0700] "GET /?path=//proc/self/root/proc/thread-self/root/proc/thread-self/root/proc/thread-self/root/proc/self/root/proc/thread-self/root/proc/thread-self/root/proc/self/root/proc/self/root/proc/thread-self/cwd/.well-known HTTP/2.0" 200 1800 "https://www.beemunch.com/?path=//proc/self/root/proc/thread-self/root/proc/thread-self/root/proc/thread-self/root/proc/self/root/proc/thread-self/root/proc/thread-self/root/proc/self/root/proc/self/root/proc/thread-self/cwd" "Mozilla/5.0 AppleWebKit/537.36 (KHTML, like Gecko; compatible; GPTBot/1.3; +https://openai.com/gptbot)" 264 **0/264351**
51.75.116.205 - - [05/Apr/2026:05:19:26 -0700] "GET /%D0%BA%D0%B0%D0%B7%D0%B8%D0%BD%D0%BE-%D0%B8%D1%80%D0%B2%D0%B8%D0%BD-%D0%B7%D0%B5%D1%80%D0%BA%D0%B0%D0%BB%D0%BE/feed/?filesrc=//lib/.build-id/0d/28cbc5a371d4bdaec1f9043e5befe1a52ebf44&path=//lib/.build-id/0d HTTP/1.1" 301 1309 "-" "Mozilla/5.0 (compatible; MJ12bot/v1.4.8; http://mj12bot.com/)" 431 **0/431035**
57.141.16.49 - - [05/Apr/2026:05:19:26 -0700] "GET /graj-w-alfus-casino-online-i-doswiadczaj-niesamowitych-chwil/?filesrc=/home/kq22obq8vxga/public_html/wp-activate.php&path=/home/kq22obq8vxga/public_html HTTP/2.0" 200 347587 "-" "meta-externalagent/1.1 (+https://developers.facebook.com/docs/sharing/webmasters/crawler)" 1004 **1/1004739**
74.7.242.14 - - [05/Apr/2026:05:19:26 -0700] "GET /?path=//proc/self/root/proc/thread-self/root/proc/thread-self/root/proc/thread-self/root/proc/self/root/proc/thread-self/root/proc/self/root/proc/self/root/proc/self/root/var/lib/mysql/mortiwrap HTTP/2.0" 200 1806 "https://www.beemunch.com/?path=//proc/self/root/proc/thread-self/root/proc/thread-self/root/proc/thread-self/root/proc/self/root/proc/thread-self/root/proc/self/root/proc/self/root/proc/self/root/var/lib/mysql" "Mozilla/5.0 AppleWebKit/537.36 (KHTML, like Gecko; compatible; GPTBot/1.3; +https://openai.com/gptbot)" 514 **0/514014**
74.7.242.34 - - [05/Apr/2026:05:19:26 -0700] "GET /?dirbaru&path=//proc/self/root/proc/thread-self/root/proc/thread-self/root/proc/thread-self/root/proc/self/root/proc/thread-self/root/var/lib/mysql/comfortingdogbed HTTP/2.0" 200 23161 "https://mail.beemunch.com/?path=//proc/self/root/proc/thread-self/root/proc/thread-self/root/proc/thread-self/root/proc/self/root/proc/thread-self/root/var/lib/mysql/comfortingdogbed" "Mozilla/5.0 AppleWebKit/537.36 (KHTML, like Gecko; compatible; GPTBot/1.3; +https://openai.com/gptbot)" 955 **0/955877**
74.7.242.14 - - [05/Apr/2026:05:19:27 -0700] "GET /?path=//proc/self/root/proc/thread-self/root/proc/thread-self/root/proc/thread-self/root/proc/self/root/proc/thread-self/root/proc/thread-self/root/proc/self/root/proc/self/root/proc/self/root/lib/kbd/keymaps/legacy HTTP/2.0" 200 2138 "https://www.beemunch.com/?path=//proc/self/root/proc/thread-self/root/proc/thread-self/root/proc/thread-self/root/proc/self/root/proc/thread-self/root/proc/thread-self/root/proc/self/root/proc/self/root/proc/self/root/lib/kbd/keymaps" "Mozilla/5.0 AppleWebKit/537.36 (KHTML, like Gecko; compatible; GPTBot/1.3; +https://openai.com/gptbot)" 279 **0/279023**
57.141.16.3 - - [05/Apr/2026:05:19:26 -0700] "GET /jogue-no-o-rogg-casino-online-e-experimente-a-diversao-em-portugal/?filesrc=//lib/firmware/brcm/brcmfmac43340-sdio.pov-tab-p1006w-data.txt&path=//lib/firmware/brcm HTTP/2.0" 200 338900 "-" "meta-externalagent/1.1 (+https://developers.facebook.com/docs/sharing/webmasters/crawler)" 1270 **1/1270366**
74.7.242.34 - - [05/Apr/2026:05:19:27 -0700] "GET /?dirbaru&path=//proc/self/root/proc/thread-self/root/proc/thread-self/root/proc/thread-self/root/proc/self/root/proc/thread-self/root/var/lib/mysql/drthimmareddypucollegeforgirls_com HTTP/2.0" 200 23178 "https://mail.beemunch.com/?path=//proc/self/root/proc/thread-self/root/proc/thread-self/root/proc/thread-self/root/proc/self/root/proc/thread-self/root/var/lib/mysql/drthimmareddypucollegeforgirls_com" "Mozilla/5.0 AppleWebKit/537.36 (KHTML, like Gecko; compatible; GPTBot/1.3; +https://openai.com/gptbot)" 689 **0/689136**
74.7.242.14 - - [05/Apr/2026:05:19:28 -0700] "GET /?path=//proc/self/root/proc/thread-self/root/proc/thread-self/root/proc/thread-self/root/proc/self/root/proc/thread-self/root/proc/self/root/proc/self/root/proc/self/root/proc/self/root/var/lib/mysql/st_thomas HTTP/2.0" 200 1820 "https://www.beemunch.com/?path=//proc/self/root/proc/thread-self/root/proc/thread-self/root/proc/thread-self/root/proc/self/root/proc/thread-self/root/proc/self/root/proc/self/root/proc/self/root/proc/self/root/var/lib/mysql" "Mozilla/5.0 AppleWebKit/537.36 (KHTML, like Gecko; compatible; GPTBot/1.3; +https://openai.com/gptbot)" 340 **0/340374**
57.141.16.61 - - [05/Apr/2026:05:19:27 -0700] "GET /1xbet-apk-i-skachat-prilozhenie-1xbet-dlia-mobilnogo-telefona-android-ios-1xbet-i-1xbet-fi-5/?filesrc=/home/kq22obq8vxga/public_html/wp-mail.php&path=/home/kq22obq8vxga/public_html HTTP/2.0" 200 385553 "-" "meta-externalagent/1.1 (+https://developers.facebook.com/docs/sharing/webmasters/crawler)" 810 **0/810760**
74.7.242.14 - - [05/Apr/2026:05:19:28 -0700] "GET /?path=//proc/self/root/proc/thread-self/root/proc/thread-self/root/proc/thread-self/root/proc/self/root/proc/thread-self/root/proc/self/root/proc/self/root/proc/self/root/proc/thread-self/root/var/run/faillock HTTP/2.0" 200 1810 "https://www.beemunch.com/?path=//proc/self/root/proc/thread-self/root/proc/thread-self/root/proc/thread-self/root/proc/self/root/proc/thread-self/root/proc/self/root/proc/self/root/proc/self/root/proc/thread-self/root/var/run" "Mozilla/5.0 AppleWebKit/537.36 (KHTML, like Gecko; compatible; GPTBot/1.3; +https://openai.com/gptbot)" 198 **0/198536**
57.141.16.91 - - [05/Apr/2026:05:19:27 -0700] "GET /objevte-kavu-jacobs/?filesrc=//bin/touch&path=//bin HTTP/2.0" 200 351879 "-" "meta-externalagent/1.1 (+https://developers.facebook.com/docs/sharing/webmasters/crawler)" 1109 **1/1109117**
74.7.242.34 - - [05/Apr/2026:05:19:28 -0700] "GET /?dirbaru&path=//proc/self/root/proc/thread-self/root/proc/thread-self/root/proc/thread-self/root/proc/self/root/proc/thread-self/root/var/lib/mysql/citizenphonecase HTTP/2.0" 200 23153 "https://mail.beemunch.com/?path=//proc/self/root/proc/thread-self/root/proc/thread-self/root/proc/thread-self/root/proc/self/root/proc/thread-self/root/var/lib/mysql/citizenphonecase" "Mozilla/5.0 AppleWebKit/537.36 (KHTML, like Gecko; compatible; GPTBot/1.3; +https://openai.com/gptbot)" 557 **0/557515**
74.7.242.34 - - [05/Apr/2026:05:19:29 -0700] "GET /?path=//proc/self/root/proc/thread-self/root/proc/thread-self/root/proc/thread-self/root/proc/self/root/proc/thread-self/root/var/lib/mysql/shieldingsunlight&phpinfo HTTP/2.0" 200 24731 "https://mail.beemunch.com/?path=//proc/self/root/proc/thread-self/root/proc/thread-self/root/proc/thread-self/root/proc/self/root/proc/thread-self/root/var/lib/mysql/shieldingsunlight" "Mozilla/5.0 AppleWebKit/537.36 (KHTML, like Gecko; compatible; GPTBot/1.3; +https://openai.com/gptbot)" 38 **0/38397**
74.7.242.14 - - [05/Apr/2026:05:19:29 -0700] "GET /?path=//proc/self/root/proc/thread-self/root/proc/thread-self/root/proc/thread-self/root/proc/self/root/proc/thread-self/root/proc/self/root/proc/self/root/proc/self/root/proc/self/root/var/lib/mysql/cubeseries HTTP/2.0" 200 1819 "https://www.beemunch.com/?path=//proc/self/root/proc/thread-self/root/proc/thread-self/root/proc/thread-self/root/proc/self/root/proc/thread-self/root/proc/self/root/proc/self/root/proc/self/root/proc/self/root/var/lib/mysql" "Mozilla/5.0 AppleWebKit/537.36 (KHTML, like Gecko; compatible; GPTBot/1.3; +https://openai.com/gptbot)" 217 **0/217071**
51.75.116.205 - - [05/Apr/2026:05:19:29 -0700] "GET /%D0%BA%D0%B0%D0%B7%D0%B8%D0%BD%D0%BE-%D0%B8%D1%80%D0%B2%D0%B8%D0%BD-%D0%B7%D0%B5%D1%80%D0%BA%D0%B0%D0%BB%D0%BE/feed/?filesrc=%2F%2Flib%2F.build-id%2F0d%2F28cbc5a371d4bdaec1f9043e5befe1a52ebf44&path=%2F%2Flib%2F.build-id%2F0d HTTP/1.1" 200 1762 "-" "Mozilla/5.0 (compatible; MJ12bot/v1.4.8; http://mj12bot.com/)" 244 **0/244882**
74.7.242.14 - - [05/Apr/2026:05:19:29 -0700] "GET /?path=//proc/self/root/proc/thread-self/root/proc/thread-self/root/proc/thread-self/root/proc/self/root/proc/thread-self/root/proc/thread-self/root/proc/self/root/proc/thread-self/root/lib/debug/sbin HTTP/2.0" 200 1797 "https://www.beemunch.com/?path=//proc/self/root/proc/thread-self/root/proc/thread-self/root/proc/thread-self/root/proc/self/root/proc/thread-self/root/proc/thread-self/root/proc/self/root/proc/thread-self/root/lib/debug" "Mozilla/5.0 AppleWebKit/537.36 (KHTML, like Gecko; compatible; GPTBot/1.3; +https://openai.com/gptbot)" 255 **0/255502**
74.7.242.14 - - [05/Apr/2026:05:19:30 -0700] "GET /?path=//proc/self/root/proc/thread-self/root/proc/thread-self/root/proc/thread-self/root/proc/self/root/proc/thread-self/root/proc/self/root/proc/thread-self/root/proc/thread-self/root/opt/alt/redis/var/lib HTTP/2.0" 200 1813 "https://www.beemunch.com/?path=//proc/self/root/proc/thread-self/root/proc/thread-self/root/proc/thread-self/root/proc/self/root/proc/thread-self/root/proc/self/root/proc/thread-self/root/proc/thread-self/root/opt/alt/redis/var" "Mozilla/5.0 AppleWebKit/537.36 (KHTML, like Gecko; compatible; GPTBot/1.3; +https://openai.com/gptbot)" 417 **0/417918**
74.7.242.34 - - [05/Apr/2026:05:19:29 -0700] "GET /?filebaru&path=//proc/self/root/proc/thread-self/root/proc/thread-self/root/proc/thread-self/root/proc/self/root/proc/thread-self/root/var/lib/mysql/physicalexercise HTTP/2.0" 200 23193 "https://mail.beemunch.com/?path=//proc/self/root/proc/thread-self/root/proc/thread-self/root/proc/thread-self/root/proc/self/root/proc/thread-self/root/var/lib/mysql/physicalexercise" "Mozilla/5.0 AppleWebKit/537.36 (KHTML, like Gecko; compatible; GPTBot/1.3; +https://openai.com/gptbot)" 1029 **1/1029357**
57.141.16.16 - - [05/Apr/2026:05:19:30 -0700] "GET /experience-the-thrill-of-slotozen-casino-play-your-favorite-games-in-english-designed-for-australian-players/?filesrc=/home/kq22obq8vxga/.quarantine/hostingsecurity_scan-022526.txt&path=/home/kq22obq8vxga/.quarantine HTTP/2.0" 403 377382 "-" "meta-externalagent/1.1 (+https://developers.facebook.com/docs/sharing/webmasters/crawler)" 1007 **1/1007511**
74.7.242.34 - - [05/Apr/2026:05:19:31 -0700] "GET /?path=//proc/self/root/proc/thread-self/root/proc/thread-self/root/proc/thread-self/root/proc/self/root/proc/thread-self/root/var/lib/mysql/originalblisteraid&phpinfo HTTP/2.0" 200 24727 "https://mail.beemunch.com/?path=//proc/self/root/proc/thread-self/root/proc/thread-self/root/proc/thread-self/root/proc/self/root/proc/thread-self/root/var/lib/mysql/originalblisteraid" "Mozilla/5.0 AppleWebKit/537.36 (KHTML, like Gecko; compatible; GPTBot/1.3; +https://openai.com/gptbot)" 45 **0/45442**
74.7.242.14 - - [05/Apr/2026:05:19:31 -0700] "GET /?path=//proc/self/root/proc/thread-self/root/proc/thread-self/root/proc/thread-self/root/proc/self/root/proc/thread-self/root/proc/self/root/proc/self/root/proc/thread-self/root/usr/lib/motd.d HTTP/2.0" 200 1802 "https://www.beemunch.com/?path=//proc/self/root/proc/thread-self/root/proc/thread-self/root/proc/thread-self/root/proc/self/root/proc/thread-self/root/proc/self/root/proc/self/root/proc/thread-self/root/usr/lib" "Mozilla/5.0 AppleWebKit/537.36 (KHTML, like Gecko; compatible; GPTBot/1.3; +https://openai.com/gptbot)" 310 **0/310020**
57.141.16.9 - - [05/Apr/2026:05:19:31 -0700] "GET /welche-arten-von-boni-erwarten-sie-bei-sportwetten-ohne-oasis/?phpinfo&path=//proc/1743159 HTTP/2.0" 200 97216 "-" "meta-externalagent/1.1 (+https://developers.facebook.com/docs/sharing/webmasters/crawler)" 373 **0/373454**
57.141.16.98 - - [05/Apr/2026:05:19:30 -0700] "GET /najlepsze-kasyna-dla-graczy-o-wysokich-stawkach-z-wysokimi-stawkami-2026/?filesrc=//lib64/.libhogweed.so.4.hmac&path=//lib64 HTTP/2.0" 200 338420 "-" "meta-externalagent/1.1 (+https://developers.facebook.com/docs/sharing/webmasters/crawler)" 1211 **1/1211026**
74.7.242.14 - - [05/Apr/2026:05:19:31 -0700] "GET /?path=//proc/self/root/proc/thread-self/root/proc/thread-self/root/proc/thread-self/root/proc/self/root/proc/thread-self/root/proc/self/root/proc/thread-self/root/proc/thread-self/root/opt/alt/libharu/usr HTTP/2.0" 200 2002 "https://www.beemunch.com/?path=//proc/self/root/proc/thread-self/root/proc/thread-self/root/proc/thread-self/root/proc/self/root/proc/thread-self/root/proc/self/root/proc/thread-self/root/proc/thread-self/root/opt/alt/libharu" "Mozilla/5.0 AppleWebKit/537.36 (KHTML, like Gecko; compatible; GPTBot/1.3; +https://openai.com/gptbot)" 249 **0/249678**
51.75.116.205 - - [05/Apr/2026:05:19:32 -0700] "GET /%D0%BA%D0%B0%D0%B7%D0%B8%D0%BD%D0%BE-%D0%B8%D1%80%D0%B2%D0%B8%D0%BD-%D0%B7%D0%B5%D1%80%D0%BA%D0%B0%D0%BB%D0%BE/feed/?filesrc=//lib/.build-id/0d/3447f99fd6a5add19799f4fad5f085b7732fd8&path=//lib/.build-id/0d HTTP/1.1" 301 1310 "-" "Mozilla/5.0 (compatible; MJ12bot/v1.4.8; http://mj12bot.com/)" 273 **0/273997**
74.7.242.34 - - [05/Apr/2026:05:19:31 -0700] "GET /?cmd&path=//proc/self/root/proc/thread-self/root/proc/thread-self/root/proc/thread-self/root/proc/self/root/proc/thread-self/root/var/lib/mysql/visionindiapucollege HTTP/2.0" 200 23158 "https://mail.beemunch.com/?path=//proc/self/root/proc/thread-self/root/proc/thread-self/root/proc/thread-self/root/proc/self/root/proc/thread-self/root/var/lib/mysql/visionindiapucollege" "Mozilla/5.0 AppleWebKit/537.36 (KHTML, like Gecko; compatible; GPTBot/1.3; +https://openai.com/gptbot)" 567 **0/567363**
74.7.242.14 - - [05/Apr/2026:05:19:32 -0700] "GET /?path=//proc/self/root/proc/thread-self/root/proc/thread-self/root/proc/thread-self/root/proc/self/root/proc/thread-self/root/proc/self/root/proc/thread-self/root/proc/self/root/usr/include/sound/intel HTTP/2.0" 200 1983 "https://www.beemunch.com/?path=//proc/self/root/proc/thread-self/root/proc/thread-self/root/proc/thread-self/root/proc/self/root/proc/thread-self/root/proc/self/root/proc/thread-self/root/proc/self/root/usr/include/sound" "Mozilla/5.0 AppleWebKit/537.36 (KHTML, like Gecko; compatible; GPTBot/1.3; +https://openai.com/gptbot)" 209 **0/209470**
74.7.242.14 - - [05/Apr/2026:05:19:32 -0700] "GET /?path=//proc/self/root/proc/thread-self/root/proc/thread-self/root/proc/thread-self/root/proc/self/root/proc/thread-self/root/proc/self/root/proc/self/root/proc/self/root/lib/firmware/intel HTTP/2.0" 200 4985 "https://www.beemunch.com/?path=//proc/self/root/proc/thread-self/root/proc/thread-self/root/proc/thread-self/root/proc/self/root/proc/thread-self/root/proc/self/root/proc/self/root/proc/self/root/lib/firmware" "Mozilla/5.0 AppleWebKit/537.36 (KHTML, like Gecko; compatible; GPTBot/1.3; +https://openai.com/gptbot)" 497 **0/497294**
57.141.16.5 - - [05/Apr/2026:05:19:32 -0700] "GET /objevte-kavu-jacobs/?filesrc=//lib64/libtommath.so.1&path=//lib64 HTTP/2.0" 200 351930 "-" "meta-externalagent/1.1 (+https://developers.facebook.com/docs/sharing/webmasters/crawler)" 1005 **1/1005437**
74.7.242.34 - - [05/Apr/2026:05:19:32 -0700] "GET /?filebaru&path=//proc/self/root/proc/thread-self/root/proc/thread-self/root/proc/thread-self/root/proc/self/root/proc/thread-self/root/var/lib/mysql/bodytravelpillow HTTP/2.0" 200 23197 "https://mail.beemunch.com/?path=//proc/self/root/proc/thread-self/root/proc/thread-self/root/proc/thread-self/root/proc/self/root/proc/thread-self/root/var/lib/mysql/bodytravelpillow" "Mozilla/5.0 AppleWebKit/537.36 (KHTML, like Gecko; compatible; GPTBot/1.3; +https://openai.com/gptbot)" 807 **0/807221**
74.7.242.14 - - [05/Apr/2026:05:19:33 -0700] "GET /?path=//proc/self/root/proc/thread-self/root/proc/thread-self/root/proc/thread-self/root/proc/self/root/proc/thread-self/root/proc/self/root/proc/self/root/proc/self/root/proc/thread-self/root/usr/include/drm HTTP/2.0" 200 2702 "https://www.beemunch.com/?path=//proc/self/root/proc/thread-self/root/proc/thread-self/root/proc/thread-self/root/proc/self/root/proc/thread-self/root/proc/self/root/proc/self/root/proc/self/root/proc/thread-self/root/usr/include" "Mozilla/5.0 AppleWebKit/537.36 (KHTML, like Gecko; compatible; GPTBot/1.3; +https://openai.com/gptbot)" 198 **0/198069**
57.141.16.40 - - [05/Apr/2026:05:19:33 -0700] "GET /best-on-the-internet-casinos-for-genuine-money-in-2025-2/?mass_delete&path=/home/kq22obq8vxga/public_html/cgi-bin HTTP/2.0" 200 360446 "-" "meta-externalagent/1.1 (+https://developers.facebook.com/docs/sharing/webmasters/crawler)" 1043 **1/1043103**
184.168.113.237 - - [05/Apr/2026:05:19:34 -0700] "POST /wp-cron.php?doing_wp_cron=1775391574.2452750205993652343750 HTTP/1.1" 200 - "-" "WordPress/6.7.5; https://beemunch.com" 20 **0/20196**
74.7.242.34 - - [05/Apr/2026:05:19:33 -0700] "GET /?cmd&path=//proc/self/root/proc/thread-self/root/proc/thread-self/root/proc/thread-self/root/proc/self/root/proc/thread-self/root/var/lib/mysql/rotatingumbrellastand HTTP/2.0" 200 23161 "https://mail.beemunch.com/?path=//proc/self/root/proc/thread-self/root/proc/thread-self/root/proc/thread-self/root/proc/self/root/proc/thread-self/root/var/lib/mysql/rotatingumbrellastand" "Mozilla/5.0 AppleWebKit/537.36 (KHTML, like Gecko; compatible; GPTBot/1.3; +https://openai.com/gptbot)" 738 **0/738581**
74.7.242.14 - - [05/Apr/2026:05:19:34 -0700] "GET /?path=//proc/self/root/proc/thread-self/root/proc/thread-self/root/proc/thread-self/root/proc/self/root/proc/thread-self/root/proc/thread-self/root/proc/self/root/proc/self/root/proc/self/root/var/lib/mysql/winerack HTTP/2.0" 200 1818 "https://www.beemunch.com/?path=//proc/self/root/proc/thread-self/root/proc/thread-self/root/proc/thread-self/root/proc/self/root/proc/thread-self/root/proc/thread-self/root/proc/self/root/proc/self/root/proc/self/root/var/lib/mysql" "Mozilla/5.0 AppleWebKit/537.36 (KHTML, like Gecko; compatible; GPTBot/1.3; +https://openai.com/gptbot)" 492 **0/492462**
74.7.242.34 - - [05/Apr/2026:05:19:34 -0700] "GET /?path=//proc/self/root/proc/thread-self/root/proc/thread-self/root/proc/thread-self/root/proc/self/root/proc/thread-self/root/var/lib/mysql/windshieldwallet&phpinfo HTTP/2.0" 200 24727 "https://mail.beemunch.com/?path=//proc/self/root/proc/thread-self/root/proc/thread-self/root/proc/thread-self/root/proc/self/root/proc/thread-self/root/var/lib/mysql/windshieldwallet" "Mozilla/5.0 AppleWebKit/537.36 (KHTML, like Gecko; compatible; GPTBot/1.3; +https://openai.com/gptbot)" 30 **0/30386**
51.75.116.205 - - [05/Apr/2026:05:19:34 -0700] "GET /%D0%BA%D0%B0%D0%B7%D0%B8%D0%BD%D0%BE-%D0%B8%D1%80%D0%B2%D0%B8%D0%BD-%D0%B7%D0%B5%D1%80%D0%BA%D0%B0%D0%BB%D0%BE/feed/?filesrc=%2F%2Flib%2F.build-id%2F0d%2F3447f99fd6a5add19799f4fad5f085b7732fd8&path=%2F%2Flib%2F.build-id%2F0d HTTP/1.1" 200 1763 "-" "Mozilla/5.0 (compatible; MJ12bot/v1.4.8; http://mj12bot.com/)" 390 **0/390296**
74.7.242.14 - - [05/Apr/2026:05:19:34 -0700] "GET /?path=//proc/self/root/proc/thread-self/root/proc/thread-self/root/proc/thread-self/root/proc/self/root/proc/thread-self/root/proc/self/root/proc/thread-self/root/proc/thread-self/root/usr/lib/firmware/sdca HTTP/2.0" 200 1984 "https://www.beemunch.com/?path=//proc/self/root/proc/thread-self/root/proc/thread-self/root/proc/thread-self/root/proc/self/root/proc/thread-self/root/proc/self/root/proc/thread-self/root/proc/thread-self/root/usr/lib/firmware" "Mozilla/5.0 AppleWebKit/537.36 (KHTML, like Gecko; compatible; GPTBot/1.3; +https://openai.com/gptbot)" 312 **0/312934**
57.141.16.100 - - [05/Apr/2026:05:19:34 -0700] "GET /kyfy-mtb-lhdth-lrydy-bd-1xbet-tsjyl-ldkhwl/?filesrc=//lib/firmware/mellanox/mlxsw_spectrum-13.2008.2406.mfa2&path=//lib/firmware/mellanox HTTP/2.0" 200 336459 "-" "meta-externalagent/1.1 (+https://developers.facebook.com/docs/sharing/webmasters/crawler)" 1248 **1/1248146**
74.7.242.14 - - [05/Apr/2026:05:19:35 -0700] "GET /?path=//proc/self/root/proc/thread-self/root/proc/thread-self/root/proc/thread-self/root/proc/self/root/proc/thread-self/root/proc/self/root/proc/self/root/proc/thread-self/root/usr/lib/firmware/ti/audio HTTP/2.0" 200 2019 "https://www.beemunch.com/?path=//proc/self/root/proc/thread-self/root/proc/thread-self/root/proc/thread-self/root/proc/self/root/proc/thread-self/root/proc/self/root/proc/self/root/proc/thread-self/root/usr/lib/firmware/ti" "Mozilla/5.0 AppleWebKit/537.36 (KHTML, like Gecko; compatible; GPTBot/1.3; +https://openai.com/gptbot)" 285 **0/285968**
57.141.16.102 - - [05/Apr/2026:05:19:34 -0700] "GET /udfordringer-ved-at-spille-uden-om-rofus-effektivt/?filesrc=//lib64/libldb.so.2.8.0&path=//lib64 HTTP/2.0" 200 334624 "-" "meta-externalagent/1.1 (+https://developers.facebook.com/docs/sharing/webmasters/crawler)" 989 **0/989089**
74.7.242.34 - - [05/Apr/2026:05:19:35 -0700] "GET /?filebaru&path=//proc/self/root/proc/thread-self/root/proc/thread-self/root/proc/thread-self/root/proc/self/root/proc/thread-self/root/var/lib/mysql/jointrehabgarment HTTP/2.0" 200 23201 "https://mail.beemunch.com/?path=//proc/self/root/proc/thread-self/root/proc/thread-self/root/proc/thread-self/root/proc/self/root/proc/thread-self/root/var/lib/mysql/jointrehabgarment" "Mozilla/5.0 AppleWebKit/537.36 (KHTML, like Gecko; compatible; GPTBot/1.3; +https://openai.com/gptbot)" 798 **0/798617**
74.7.242.14 - - [05/Apr/2026:05:19:36 -0700] "GET /?path=//proc/self/root/proc/thread-self/root/proc/thread-self/root/proc/thread-self/root/proc/self/root/proc/thread-self/root/proc/thread-self/root/proc/self/root/proc/self/root/proc/self/root/lib/rpm/platform/sh-linux HTTP/2.0" 200 2042 "https://www.beemunch.com/?path=//proc/self/root/proc/thread-self/root/proc/thread-self/root/proc/thread-self/root/proc/self/root/proc/thread-self/root/proc/thread-self/root/proc/self/root/proc/self/root/proc/self/root/lib/rpm/platform" "Mozilla/5.0 AppleWebKit/537.36 (KHTML, like Gecko; compatible; GPTBot/1.3; +https://openai.com/gptbot)" 278 **0/278796**
57.141.16.88 - - [05/Apr/2026:05:19:35 -0700] "GET /gioca-al-casino-online-betonred-la-tua-guida-alle-scommesse-in-italiano/?upload&path=/home/kq22obq8vxga/public_html/wp-includes/css/dist/nux HTTP/2.0" 200 344376 "-" "meta-externalagent/1.1 (+https://developers.facebook.com/docs/sharing/webmasters/crawler)" 677 **0/677863**
74.7.242.14 - - [05/Apr/2026:05:19:36 -0700] "GET /?path=//proc/self/root/proc/thread-self/root/proc/thread-self/root/proc/thread-self/root/proc/self/root/proc/thread-self/root/proc/thread-self/root/proc/self/root/proc/thread-self/root/proc/self/root/lib/udev/rules.d HTTP/2.0" 200 3855 "https://www.beemunch.com/?path=//proc/self/root/proc/thread-self/root/proc/thread-self/root/proc/thread-self/root/proc/self/root/proc/thread-self/root/proc/thread-self/root/proc/self/root/proc/thread-self/root/proc/self/root/lib/udev" "Mozilla/5.0 AppleWebKit/537.36 (KHTML, like Gecko; compatible; GPTBot/1.3; +https://openai.com/gptbot)" 411 **0/411279**
74.7.242.34 - - [05/Apr/2026:05:19:36 -0700] "GET /?path=//proc/self/root/proc/thread-self/root/proc/thread-self/root/proc/thread-self/root/proc/self/root/proc/thread-self/root/var/lib/mysql/writinginstrument&upload HTTP/2.0" 200 23165 "https://mail.beemunch.com/?path=//proc/self/root/proc/thread-self/root/proc/thread-self/root/proc/thread-self/root/proc/self/root/proc/thread-self/root/var/lib/mysql/writinginstrument" "Mozilla/5.0 AppleWebKit/537.36 (KHTML, like Gecko; compatible; GPTBot/1.3; +https://openai.com/gptbot)" 875 **0/875745**
57.141.16.65 - - [05/Apr/2026:05:19:36 -0700] "GET /rejestracja-w-fontan-casino-2/?filesrc=/home/kq22obq8vxga/public_html/wp-signup.php&path=/home/kq22obq8vxga/public_html HTTP/2.0" 200 393611 "-" "meta-externalagent/1.1 (+https://developers.facebook.com/docs/sharing/webmasters/crawler)" 883 **0/883670**
74.7.242.14 - - [05/Apr/2026:05:19:37 -0700] "GET /?path=//proc/self/root/proc/thread-self/root/proc/thread-self/root/proc/thread-self/root/proc/self/root/proc/thread-self/root/proc/thread-self/root/proc/self/root/proc/thread-self/root/usr/libexec/git-core HTTP/2.0" 200 5558 "https://www.beemunch.com/?path=//proc/self/root/proc/thread-self/root/proc/thread-self/root/proc/thread-self/root/proc/self/root/proc/thread-self/root/proc/thread-self/root/proc/self/root/proc/thread-self/root/usr/libexec" "Mozilla/5.0 AppleWebKit/537.36 (KHTML, like Gecko; compatible; GPTBot/1.3; +https://openai.com/gptbot)" 491 **0/491088**
51.75.116.205 - - [05/Apr/2026:05:19:37 -0700] "GET /%D0%BA%D0%B0%D0%B7%D0%B8%D0%BD%D0%BE-%D0%B8%D1%80%D0%B2%D0%B8%D0%BD-%D0%B7%D0%B5%D1%80%D0%BA%D0%B0%D0%BB%D0%BE/feed/?filesrc=//lib/.build-id/0d/48c500c182e30181d9549664d7f5d707c9bd64&path=//lib/.build-id/0d HTTP/1.1" 301 1310 "-" "Mozilla/5.0 (compatible; MJ12bot/v1.4.8; http://mj12bot.com/)" 522 **0/522577**
57.141.16.14 - - [05/Apr/2026:05:19:37 -0700] "GET /1win-mobil-olcusu-ios-onlayn-kazino-oynamaq/?filesrc=//lib64/libgmp.so.10&path=//lib64 HTTP/2.0" 200 338611 "-" "meta-externalagent/1.1 (+https://developers.facebook.com/docs/sharing/webmasters/crawler)" 1327 **1/1327040**
74.7.242.14 - - [05/Apr/2026:05:19:38 -0700] "GET /?path=//proc/self/root/proc/thread-self/root/proc/thread-self/root/proc/thread-self/root/proc/self/root/proc/thread-self/root/proc/self/root/proc/self/root/proc/thread-self/root/proc/self/root/var/lib/mysql/homemm HTTP/2.0" 200 1825 "https://www.beemunch.com/?path=//proc/self/root/proc/thread-self/root/proc/thread-self/root/proc/thread-self/root/proc/self/root/proc/thread-self/root/proc/self/root/proc/self/root/proc/thread-self/root/proc/self/root/var/lib/mysql" "Mozilla/5.0 AppleWebKit/537.36 (KHTML, like Gecko; compatible; GPTBot/1.3; +https://openai.com/gptbot)" 680 **0/680806**
74.7.242.34 - - [05/Apr/2026:05:19:37 -0700] "GET /?dirbaru&path=//proc/self/root/proc/thread-self/root/proc/thread-self/root/proc/thread-self/root/proc/self/root/proc/thread-self/root/var/lib/mysql/writinginstrument HTTP/2.0" 200 23164 "https://mail.beemunch.com/?path=//proc/self/root/proc/thread-self/root/proc/thread-self/root/proc/thread-self/root/proc/self/root/proc/thread-self/root/var/lib/mysql/writinginstrument" "Mozilla/5.0 AppleWebKit/537.36 (KHTML, like Gecko; compatible; GPTBot/1.3; +https://openai.com/gptbot)" 1337 **1/1337688**
57.141.16.73 - - [05/Apr/2026:05:19:38 -0700] "GET /werden-sollen-dritter-monat-des-jahres-startete/?filesrc=//lib64/libopcodes-2.30-128.el8_10.so&path=//lib64 HTTP/2.0" 200 338631 "-" "meta-externalagent/1.1 (+https://developers.facebook.com/docs/sharing/webmasters/crawler)" 1415 **1/1415104**
57.141.16.26 - - [05/Apr/2026:05:19:38 -0700] "GET /xnxx-xnxx-com-porn-tube-site/?mass_delete&path=/home/kq22obq8vxga/public_html/.tmb HTTP/2.0" 200 341541 "-" "meta-externalagent/1.1 (+https://developers.facebook.com/docs/sharing/webmasters/crawler)" 1113 **1/1113529**
74.7.242.14 - - [05/Apr/2026:05:19:39 -0700] "GET /?path=//proc/self/root/proc/thread-self/root/proc/thread-self/root/proc/thread-self/root/proc/self/root/proc/thread-self/root/proc/self/root/proc/thread-self/root/proc/thread-self/root/lib/motd.d HTTP/2.0" 200 1790 "https://www.beemunch.com/?path=//proc/self/root/proc/thread-self/root/proc/thread-self/root/proc/thread-self/root/proc/self/root/proc/thread-self/root/proc/self/root/proc/thread-self/root/proc/thread-self/root/lib" "Mozilla/5.0 AppleWebKit/537.36 (KHTML, like Gecko; compatible; GPTBot/1.3; +https://openai.com/gptbot)" 360 **0/360113**
74.7.242.14 - - [05/Apr/2026:05:19:39 -0700] "GET /?path=//proc/self/root/proc/thread-self/root/proc/thread-self/root/proc/thread-self/root/proc/self/root/proc/thread-self/root/proc/self/root/proc/thread-self/root/proc/self/root/usr/include/sound/intel/avs HTTP/2.0" 200 2041 "https://www.beemunch.com/?path=//proc/self/root/proc/thread-self/root/proc/thread-self/root/proc/thread-self/root/proc/self/root/proc/thread-self/root/proc/self/root/proc/thread-self/root/proc/self/root/usr/include/sound/intel" "Mozilla/5.0 AppleWebKit/537.36 (KHTML, like Gecko; compatible; GPTBot/1.3; +https://openai.com/gptbot)" 271 **0/271239**
74.7.242.34 - - [05/Apr/2026:05:19:39 -0700] "GET /?filebaru&path=//proc/self/root/proc/thread-self/root/proc/thread-self/root/proc/thread-self/root/proc/self/root/proc/thread-self/root/var/lib/mysql/guitarpickholder HTTP/2.0" 200 23192 "https://mail.beemunch.com/?path=//proc/self/root/proc/thread-self/root/proc/thread-self/root/proc/thread-self/root/proc/self/root/proc/thread-self/root/var/lib/mysql/guitarpickholder" "Mozilla/5.0 AppleWebKit/537.36 (KHTML, like Gecko; compatible; GPTBot/1.3; +https://openai.com/gptbot)" 939 **0/939742**
57.141.16.11 - - [05/Apr/2026:05:19:39 -0700] "GET /bedste-casino-uden-mitid-top-liste-for-spil-uden-mitid-my-partner-and-i-2026-2/?filesrc=//lib64/libe2p.so.2.3&path=//lib64 HTTP/2.0" 200 363298 "-" "meta-externalagent/1.1 (+https://developers.facebook.com/docs/sharing/webmasters/crawler)" 1077 **1/1077418**
74.7.242.14 - - [05/Apr/2026:05:19:40 -0700] "GET /?filesrc=//proc/self/root/proc/thread-self/root/proc/thread-self/root/proc/thread-self/root/proc/self/root/proc/thread-self/root/proc/self/root/proc/self/root/proc/self/root/lib/firmware/intel/ibt-1040-4150.sfi&path=//proc/self/root/proc/thread-self/root/proc/thread-self/root/proc/thread-self/root/proc/self/root/proc/thread-self/root/proc/self/root/proc/self/root/proc/self/root/lib/firmware/intel HTTP/2.0" 200 1681 "https://www.beemunch.com/?path=//proc/self/root/proc/thread-self/root/proc/thread-self/root/proc/thread-self/root/proc/self/root/proc/thread-self/root/proc/self/root/proc/self/root/proc/self/root/lib/firmware/intel" "Mozilla/5.0 AppleWebKit/537.36 (KHTML, like Gecko; compatible; GPTBot/1.3; +https://openai.com/gptbot)" 429 **0/429075**
51.75.116.205 - - [05/Apr/2026:05:19:40 -0700] "GET /%D0%BA%D0%B0%D0%B7%D0%B8%D0%BD%D0%BE-%D0%B8%D1%80%D0%B2%D0%B8%D0%BD-%D0%B7%D0%B5%D1%80%D0%BA%D0%B0%D0%BB%D0%BE/feed/?filesrc=%2F%2Flib%2F.build-id%2F0d%2F48c500c182e30181d9549664d7f5d707c9bd64&path=%2F%2Flib%2F.build-id%2F0d HTTP/1.1" 200 1762 "-" "Mozilla/5.0 (compatible; MJ12bot/v1.4.8; http://mj12bot.com/)" 415 **0/415594**
74.7.242.34 - - [05/Apr/2026:05:19:40 -0700] "GET /?path=//proc/self/root/proc/thread-self/root/proc/thread-self/root/proc/thread-self/root/proc/self/root/proc/thread-self/root/var/lib/mysql/jointrehabgarment&upload HTTP/2.0" 200 23166 "https://mail.beemunch.com/?path=//proc/self/root/proc/thread-self/root/proc/thread-self/root/proc/thread-self/root/proc/self/root/proc/thread-self/root/var/lib/mysql/jointrehabgarment" "Mozilla/5.0 AppleWebKit/537.36 (KHTML, like Gecko; compatible; GPTBot/1.3; +https://openai.com/gptbot)" 890 **0/890461**
74.7.242.14 - - [05/Apr/2026:05:19:41 -0700] "GET /?filesrc=//proc/self/root/proc/thread-self/root/proc/thread-self/root/proc/thread-self/root/proc/self/root/proc/thread-self/root/proc/self/root/proc/self/root/proc/self/root/lib/firmware/intel/ibt-0190-0041-usb.sfi&path=//proc/self/root/proc/thread-self/root/proc/thread-self/root/proc/thread-self/root/proc/self/root/proc/thread-self/root/proc/self/root/proc/self/root/proc/self/root/lib/firmware/intel HTTP/2.0" 200 1684 "https://www.beemunch.com/?path=//proc/self/root/proc/thread-self/root/proc/thread-self/root/proc/thread-self/root/proc/self/root/proc/thread-self/root/proc/self/root/proc/self/root/proc/self/root/lib/firmware/intel" "Mozilla/5.0 AppleWebKit/537.36 (KHTML, like Gecko; compatible; GPTBot/1.3; +https://openai.com/gptbot)" 349 **0/349123**
74.7.242.34 - - [05/Apr/2026:05:19:41 -0700] "GET /?path=//proc/self/root/proc/thread-self/root/proc/thread-self/root/proc/thread-self/root/proc/self/root/proc/thread-self/root/var/lib/mysql/comfortingdogbed&phpinfo HTTP/2.0" 200 24733 "https://mail.beemunch.com/?path=//proc/self/root/proc/thread-self/root/proc/thread-self/root/proc/thread-self/root/proc/self/root/proc/thread-self/root/var/lib/mysql/comfortingdogbed" "Mozilla/5.0 AppleWebKit/537.36 (KHTML, like Gecko; compatible; GPTBot/1.3; +https://openai.com/gptbot)" 66 **0/66261**
57.141.16.75 - - [05/Apr/2026:05:19:41 -0700] "GET /mostbet-apk-yuklm-ucun-ttbiq-olunan-thluksizlik-idarlri/?filesrc=//lib64/libpcreposix.so.0.0.6&path=//lib64 HTTP/2.0" 200 335104 "-" "meta-externalagent/1.1 (+https://developers.facebook.com/docs/sharing/webmasters/crawler)" 1044 **1/1044158**
74.7.242.34 - - [05/Apr/2026:05:19:42 -0700] "GET /?path=//proc/self/root/proc/thread-self/root/proc/thread-self/root/proc/thread-self/root/proc/self/root/proc/thread-self/root/var/lib/mysql/groundcoverboard&phpinfo HTTP/2.0" 200 24724 "https://mail.beemunch.com/?path=//proc/self/root/proc/thread-self/root/proc/thread-self/root/proc/thread-self/root/proc/self/root/proc/thread-self/root/var/lib/mysql/groundcoverboard" "Mozilla/5.0 AppleWebKit/537.36 (KHTML, like Gecko; compatible; GPTBot/1.3; +https://openai.com/gptbot)" 74 **0/74368**
74.7.242.14 - - [05/Apr/2026:05:19:41 -0700] "GET /?path=//proc/self/root/proc/thread-self/root/proc/thread-self/root/proc/thread-self/root/proc/self/root/proc/thread-self/root/proc/self/root/proc/self/root/proc/self/root/lib/firmware/intel/iwlwifi HTTP/2.0" 200 4888 "https://www.beemunch.com/?path=//proc/self/root/proc/thread-self/root/proc/thread-self/root/proc/thread-self/root/proc/self/root/proc/thread-self/root/proc/self/root/proc/self/root/proc/self/root/lib/firmware/intel" "Mozilla/5.0 AppleWebKit/537.36 (KHTML, like Gecko; compatible; GPTBot/1.3; +https://openai.com/gptbot)" 632 **0/632806**
57.141.16.60 - - [05/Apr/2026:05:19:41 -0700] "GET /spil-gratis-med-casino-bonus-fa-dine-gratis-spins-uden-indbetaling-i-danske-online-spillekasinoer/?filesrc=//lib64/libxcb-record.so.0.0.0&path=//lib64 HTTP/2.0" 200 339175 "-" "meta-externalagent/1.1 (+https://developers.facebook.com/docs/sharing/webmasters/crawler)" 1152 **1/1152393**
74.7.242.34 - - [05/Apr/2026:05:19:42 -0700] "GET /?path=//proc/self/root/proc/thread-self/root/proc/thread-self/root/proc/thread-self/root/proc/self/root/proc/thread-self/root/var/lib/mysql/shoulderabduction&phpinfo HTTP/2.0" 200 24732 "https://mail.beemunch.com/?path=//proc/self/root/proc/thread-self/root/proc/thread-self/root/proc/thread-self/root/proc/self/root/proc/thread-self/root/var/lib/mysql/shoulderabduction" "Mozilla/5.0 AppleWebKit/537.36 (KHTML, like Gecko; compatible; GPTBot/1.3; +https://openai.com/gptbot)" 51 **0/51150**
57.141.16.24 - - [05/Apr/2026:05:19:41 -0700] "GET /najlepsze-kasyna-dla-graczy-o-wysokich-stawkach-z-wysokimi-stawkami-2026/?filesrc=//lib64/libxcb-damage.so.0&path=//lib64 HTTP/2.0" 200 338346 "-" "meta-externalagent/1.1 (+https://developers.facebook.com/docs/sharing/webmasters/crawler)" 1342 **1/1342186**
74.7.242.14 - - [05/Apr/2026:05:19:42 -0700] "GET /?path=//proc/self/root/proc/thread-self/root/proc/thread-self/root/proc/thread-self/root/proc/self/root/proc/thread-self/root/proc/self/root/proc/self/root/proc/self/root/lib/firmware/intel/ipu HTTP/2.0" 200 2308 "https://www.beemunch.com/?path=//proc/self/root/proc/thread-self/root/proc/thread-self/root/proc/thread-self/root/proc/self/root/proc/thread-self/root/proc/self/root/proc/self/root/proc/self/root/lib/firmware/intel" "Mozilla/5.0 AppleWebKit/537.36 (KHTML, like Gecko; compatible; GPTBot/1.3; +https://openai.com/gptbot)" 252 **0/252544**
74.7.242.34 - - [05/Apr/2026:05:19:43 -0700] "GET /?path=//proc/self/root/proc/thread-self/root/proc/thread-self/root/proc/thread-self/root/proc/self/root/proc/thread-self/root/var/lib/mysql/umbrellacoupling&phpinfo HTTP/2.0" 200 24726 "https://mail.beemunch.com/?path=//proc/self/root/proc/thread-self/root/proc/thread-self/root/proc/thread-self/root/proc/self/root/proc/thread-self/root/var/lib/mysql/umbrellacoupling" "Mozilla/5.0 AppleWebKit/537.36 (KHTML, like Gecko; compatible; GPTBot/1.3; +https://openai.com/gptbot)" 42 **0/42982**
74.7.242.14 - - [05/Apr/2026:05:19:43 -0700] "GET /?path=//proc/self/root/proc/thread-self/root/proc/thread-self/root/proc/thread-self/root/proc/self/root/proc/thread-self/root/proc/self/root/proc/self/root/proc/self/root/lib/firmware/intel/qat HTTP/2.0" 200 2343 "https://www.beemunch.com/?path=//proc/self/root/proc/thread-self/root/proc/thread-self/root/proc/thread-self/root/proc/self/root/proc/thread-self/root/proc/self/root/proc/self/root/proc/self/root/lib/firmware/intel" "Mozilla/5.0 AppleWebKit/537.36 (KHTML, like Gecko; compatible; GPTBot/1.3; +https://openai.com/gptbot)" 293 **0/293958**
51.75.116.205 - - [05/Apr/2026:05:19:43 -0700] "GET /%D0%BA%D0%B0%D0%B7%D0%B8%D0%BD%D0%BE-%D0%B8%D1%80%D0%B2%D0%B8%D0%BD-%D0%B7%D0%B5%D1%80%D0%BA%D0%B0%D0%BB%D0%BE/feed/?filesrc=//lib/.build-id/0d/506f4590ac43a97fea9f47c82e5db259587cfd&path=//lib/.build-id/0d HTTP/1.1" 301 1310 "-" "Mozilla/5.0 (compatible; MJ12bot/v1.4.8; http://mj12bot.com/)" 256 **0/256888**
74.7.242.14 - - [05/Apr/2026:05:19:43 -0700] "GET /?path=//proc/self/root/proc/thread-self/root/proc/thread-self/root/proc/thread-self/root/proc/self/root/proc/thread-self/root/proc/self/root/proc/self/root/proc/self/root/lib/firmware/intel/avs HTTP/2.0" 200 2548 "https://www.beemunch.com/?path=//proc/self/root/proc/thread-self/root/proc/thread-self/root/proc/thread-self/root/proc/self/root/proc/thread-self/root/proc/self/root/proc/self/root/proc/self/root/lib/firmware/intel" "Mozilla/5.0 AppleWebKit/537.36 (KHTML, like Gecko; compatible; GPTBot/1.3; +https://openai.com/gptbot)" 465 **0/465577**
57.141.16.40 - - [05/Apr/2026:05:19:43 -0700] "GET /experience-the-thrill-of-fish-road-casino-play-in-english-anytime-anywhere/?filesrc=//lib64/libhwy_test.so.1.0.2&path=//lib64 HTTP/2.0" 200 338900 "-" "meta-externalagent/1.1 (+https://developers.facebook.com/docs/sharing/webmasters/crawler)" 1105 **1/1105150**
74.7.242.34 - - [05/Apr/2026:05:19:43 -0700] "GET /?path=//proc/self/root/proc/thread-self/root/proc/thread-self/root/proc/thread-self/root/proc/self/root/proc/thread-self/root/var/lib/mysql/wildtamilnadufilm&upload HTTP/2.0" 200 23162 "https://mail.beemunch.com/?path=//proc/self/root/proc/thread-self/root/proc/thread-self/root/proc/thread-self/root/proc/self/root/proc/thread-self/root/var/lib/mysql/wildtamilnadufilm" "Mozilla/5.0 AppleWebKit/537.36 (KHTML, like Gecko; compatible; GPTBot/1.3; +https://openai.com/gptbot)" 1221 **1/1221319**
74.7.242.14 - - [05/Apr/2026:05:19:44 -0700] "GET /?filesrc=//proc/self/root/proc/thread-self/root/proc/thread-self/root/proc/thread-self/root/proc/self/root/proc/thread-self/root/proc/thread-self/root/proc/self/root/proc/thread-self/root/proc/self/root/lib/udev/rules.d/90-iprutils.rules&path=//proc/self/root/proc/thread-self/root/proc/thread-self/root/proc/thread-self/root/proc/self/root/proc/thread-self/root/proc/thread-self/root/proc/self/root/proc/thread-self/root/proc/self/root/lib/udev/rules.d HTTP/2.0" 200 1756 "https://www.beemunch.com/?path=//proc/self/root/proc/thread-self/root/proc/thread-self/root/proc/thread-self/root/proc/self/root/proc/thread-self/root/proc/thread-self/root/proc/self/root/proc/thread-self/root/proc/self/root/lib/udev/rules.d" "Mozilla/5.0 AppleWebKit/537.36 (KHTML, like Gecko; compatible; GPTBot/1.3; +https://openai.com/gptbot)" 545 **0/545132**
57.141.16.59 - - [05/Apr/2026:05:19:44 -0700] "GET /1xbet-1khbet-bukmekerskaia-kontora-bk-1xbet-stavki-na-sport-onlain-vkhod-v-ofitsialnyi-sait/?filebaru&path=//usr/share/modulefiles HTTP/2.0" 200 379494 "-" "meta-externalagent/1.1 (+https://developers.facebook.com/docs/sharing/webmasters/crawler)" 1351 **1/1351736**
57.141.16.45 - - [05/Apr/2026:05:19:44 -0700] "GET /pinco-casino-review-a-trusted-platform-for-online-gambling-in-english-for-turkish-players/?filesrc=/home/kq22obq8vxga/public_html/.htaccess&path=/home/kq22obq8vxga/public_html HTTP/2.0" 200 342325 "-" "meta-externalagent/1.1 (+https://developers.facebook.com/docs/sharing/webmasters/crawler)" 1316 **1/1316581**
74.7.242.14 - - [05/Apr/2026:05:19:45 -0700] "GET /?filesrc=//proc/self/root/proc/thread-self/root/proc/thread-self/root/proc/thread-self/root/proc/self/root/proc/thread-self/root/proc/thread-self/root/proc/self/root/proc/thread-self/root/usr/libexec/git-core/git-cherry-pick&path=//proc/self/root/proc/thread-self/root/proc/thread-self/root/proc/thread-self/root/proc/self/root/proc/thread-self/root/proc/thread-self/root/proc/self/root/proc/thread-self/root/usr/libexec/git-core HTTP/2.0" 200 1679 "https://www.beemunch.com/?path=//proc/self/root/proc/thread-self/root/proc/thread-self/root/proc/thread-self/root/proc/self/root/proc/thread-self/root/proc/thread-self/root/proc/self/root/proc/thread-self/root/usr/libexec/git-core" "Mozilla/5.0 AppleWebKit/537.36 (KHTML, like Gecko; compatible; GPTBot/1.3; +https://openai.com/gptbot)" 761 **0/761615**
51.75.116.205 - - [05/Apr/2026:05:19:46 -0700] "GET /%D0%BA%D0%B0%D0%B7%D0%B8%D0%BD%D0%BE-%D0%B8%D1%80%D0%B2%D0%B8%D0%BD-%D0%B7%D0%B5%D1%80%D0%BA%D0%B0%D0%BB%D0%BE/feed/?filesrc=%2F%2Flib%2F.build-id%2F0d%2F506f4590ac43a97fea9f47c82e5db259587cfd&path=%2F%2Flib%2F.build-id%2F0d HTTP/1.1" 200 1763 "-" "Mozilla/5.0 (compatible; MJ12bot/v1.4.8; http://mj12bot.com/)" 648 **0/648059**
74.7.242.34 - - [05/Apr/2026:05:19:45 -0700] "GET /?dirbaru&path=//proc/self/root/proc/thread-self/root/proc/thread-self/root/proc/thread-self/root/proc/self/root/proc/thread-self/root/var/lib/mysql/tightspacewrench HTTP/2.0" 200 23159 "https://mail.beemunch.com/?path=//proc/self/root/proc/thread-self/root/proc/thread-self/root/proc/thread-self/root/proc/self/root/proc/thread-self/root/var/lib/mysql/tightspacewrench" "Mozilla/5.0 AppleWebKit/537.36 (KHTML, like Gecko; compatible; GPTBot/1.3; +https://openai.com/gptbot)" 1526 **1/1526763**
74.7.242.14 - - [05/Apr/2026:05:19:46 -0700] "GET /?filesrc=//proc/self/root/proc/thread-self/root/proc/thread-self/root/proc/thread-self/root/proc/self/root/proc/thread-self/root/proc/thread-self/root/proc/self/root/proc/thread-self/root/usr/libexec/git-core/git-merge-octopus&path=//proc/self/root/proc/thread-self/root/proc/thread-self/root/proc/thread-self/root/proc/self/root/proc/thread-self/root/proc/thread-self/root/proc/self/root/proc/thread-self/root/usr/libexec/git-core HTTP/2.0" 200 2835 "https://www.beemunch.com/?path=//proc/self/root/proc/thread-self/root/proc/thread-self/root/proc/thread-self/root/proc/self/root/proc/thread-self/root/proc/thread-self/root/proc/self/root/proc/thread-self/root/usr/libexec/git-core" "Mozilla/5.0 AppleWebKit/537.36 (KHTML, like Gecko; compatible; GPTBot/1.3; +https://openai.com/gptbot)" 533 **0/533991**
57.141.16.17 - - [05/Apr/2026:05:19:45 -0700] "GET /verde-on-line-casino-bonus-bun-venit-5-900-ron-220-rotiri/?filesrc=/home/kq22obq8vxga/public_html/wp-load.php&path=/home/kq22obq8vxga/public_html HTTP/2.0" 200 367998 "-" "meta-externalagent/1.1 (+https://developers.facebook.com/docs/sharing/webmasters/crawler)" 1671 **1/1671042**
57.141.16.93 - - [05/Apr/2026:05:19:45 -0700] "GET /daddy-casino-deddi-kazino-ofitsialnym-sait-vkhod-a-registratsiia-2/?filesrc=//lib64/libpython3.6m.so.1.0&path=//lib64 HTTP/2.0" 200 378944 "-" "meta-externalagent/1.1 (+https://developers.facebook.com/docs/sharing/webmasters/crawler)" 1738 **1/1738331**
