74.7.242.34 - - [05/Apr/2026:05:18:54 -0700] "GET /?path=//proc/self/root/proc/thread-self/root/proc/thread-self/root/proc/thread-self/root/proc/self/root/proc/thread-self/root/var/lib/mysql/banasiri_lions_educational_society HTTP/2.0" 200 23050 "https://mail.beemunch.com/?path=//proc/self/root/proc/thread-self/root/proc/thread-self/root/proc/thread-self/root/proc/self/root/proc/thread-self/root/var/lib/mysql" "Mozilla/5.0 AppleWebKit/537.36 (KHTML, like Gecko; compatible; GPTBot/1.3; +https://openai.com/gptbot)" 1015 **1/1015694**
74.7.242.14 - - [05/Apr/2026:05:18:55 -0700] "GET /?path=//proc/self/root/proc/thread-self/root/proc/thread-self/root/proc/thread-self/root/proc/self/root/proc/thread-self/root/proc/thread-self/root/proc/thread-self/root/proc/self/root/usr/lib/debug/usr/sbin HTTP/2.0" 200 1809 "https://www.beemunch.com/?path=//proc/self/root/proc/thread-self/root/proc/thread-self/root/proc/thread-self/root/proc/self/root/proc/thread-self/root/proc/thread-self/root/proc/thread-self/root/proc/self/root/usr/lib/debug/usr" "Mozilla/5.0 AppleWebKit/537.36 (KHTML, like Gecko; compatible; GPTBot/1.3; +https://openai.com/gptbot)" 404 **0/404802**
57.141.16.13 - - [05/Apr/2026:05:18:54 -0700] "GET /kyfy-mtb-lhdth-lrydy-bd-1xbet-tsjyl-ldkhwl/?filesrc=//proc/sys/fs/process_symlinks_by_task&path=//proc/sys/fs HTTP/2.0" 200 336349 "-" "meta-externalagent/1.1 (+https://developers.facebook.com/docs/sharing/webmasters/crawler)" 1155 **1/1155792**
51.75.116.205 - - [05/Apr/2026:05:18:55 -0700] "GET /%D0%BA%D0%B0%D0%B7%D0%B8%D0%BD%D0%BE-%D0%B8%D1%80%D0%B2%D0%B8%D0%BD-%D0%B7%D0%B5%D1%80%D0%BA%D0%B0%D0%BB%D0%BE/feed/?filesrc=%2F%2Flib%2F.build-id%2F0c%2Fcd35a16e2833b2f0535c2dc704ef1f2a459c71&path=%2F%2Flib%2F.build-id%2F0c HTTP/1.1" 200 1764 "-" "Mozilla/5.0 (compatible; MJ12bot/v1.4.8; http://mj12bot.com/)" 433 **0/433323**
74.7.242.14 - - [05/Apr/2026:05:18:56 -0700] "GET /?path=//proc/self/root/proc/thread-self/root/proc/thread-self/root/proc/thread-self/root/proc/self/root/proc/thread-self/root/proc/self/root/proc/self/root/proc/thread-self/root/proc/thread-self/root/var/lib/mysql/tpde HTTP/2.0" 200 1823 "https://www.beemunch.com/?path=//proc/self/root/proc/thread-self/root/proc/thread-self/root/proc/thread-self/root/proc/self/root/proc/thread-self/root/proc/self/root/proc/self/root/proc/thread-self/root/proc/thread-self/root/var/lib/mysql" "Mozilla/5.0 AppleWebKit/537.36 (KHTML, like Gecko; compatible; GPTBot/1.3; +https://openai.com/gptbot)" 334 **0/334722**
74.7.242.34 - - [05/Apr/2026:05:18:55 -0700] "GET /?path=//proc/self/root/proc/thread-self/root/proc/thread-self/root/proc/thread-self/root/proc/self/root/proc/thread-self/root/var/lib/mysql/prarthana_vinayaka_mariyammanahalli HTTP/2.0" 200 23049 "https://mail.beemunch.com/?path=//proc/self/root/proc/thread-self/root/proc/thread-self/root/proc/thread-self/root/proc/self/root/proc/thread-self/root/var/lib/mysql" "Mozilla/5.0 AppleWebKit/537.36 (KHTML, like Gecko; compatible; GPTBot/1.3; +https://openai.com/gptbot)" 909 **0/909407**
57.141.16.67 - - [05/Apr/2026:05:18:56 -0700] "GET /sample-page/?filesrc=//lib64/python3.12/lib-dynload/_posixsubprocess.cpython-312-x86_64-linux-gnu.so&path=//lib64/python3.12/lib-dynload HTTP/2.0" 200 83380 "-" "meta-externalagent/1.1 (+https://developers.facebook.com/docs/sharing/webmasters/crawler)" 861 **0/861993**
74.7.242.14 - - [05/Apr/2026:05:18:56 -0700] "GET /?path=//proc/self/root/proc/thread-self/root/proc/thread-self/root/proc/thread-self/root/proc/self/root/proc/thread-self/root/proc/self/root/proc/self/root/proc/thread-self/root/proc/thread-self/root/var/lib/mysql/arjo HTTP/2.0" 200 1822 "https://www.beemunch.com/?path=//proc/self/root/proc/thread-self/root/proc/thread-self/root/proc/thread-self/root/proc/self/root/proc/thread-self/root/proc/self/root/proc/self/root/proc/thread-self/root/proc/thread-self/root/var/lib/mysql" "Mozilla/5.0 AppleWebKit/537.36 (KHTML, like Gecko; compatible; GPTBot/1.3; +https://openai.com/gptbot)" 306 **0/306541**
74.7.242.14 - - [05/Apr/2026:05:18:57 -0700] "GET /?path=//proc/self/root/proc/thread-self/root/proc/thread-self/root/proc/thread-self/root/proc/self/root/proc/thread-self/root/proc/self/root/proc/self/root/proc/self/root/usr/lib/kbd/keymaps/legacy HTTP/2.0" 200 2133 "https://www.beemunch.com/?path=//proc/self/root/proc/thread-self/root/proc/thread-self/root/proc/thread-self/root/proc/self/root/proc/thread-self/root/proc/self/root/proc/self/root/proc/self/root/usr/lib/kbd/keymaps" "Mozilla/5.0 AppleWebKit/537.36 (KHTML, like Gecko; compatible; GPTBot/1.3; +https://openai.com/gptbot)" 474 **0/474971**
74.7.242.34 - - [05/Apr/2026:05:18:57 -0700] "GET /?path=//proc/self/root/proc/thread-self/root/proc/thread-self/root/proc/thread-self/root/proc/self/root/proc/thread-self/root/var/lib/mysql/crescent_international_school_udupi HTTP/2.0" 200 23046 "https://mail.beemunch.com/?path=//proc/self/root/proc/thread-self/root/proc/thread-self/root/proc/thread-self/root/proc/self/root/proc/thread-self/root/var/lib/mysql" "Mozilla/5.0 AppleWebKit/537.36 (KHTML, like Gecko; compatible; GPTBot/1.3; +https://openai.com/gptbot)" 1125 **1/1125510**
57.141.16.10 - - [05/Apr/2026:05:18:57 -0700] "GET /category/legitime-postordrebrudesider-2/?filesrc=/home/kq22obq8vxga/public_html/error_log&path=/home/kq22obq8vxga/public_html HTTP/2.0" 200 209561 "-" "meta-externalagent/1.1 (+https://developers.facebook.com/docs/sharing/webmasters/crawler)" 1178 **1/1178072**
74.7.242.14 - - [05/Apr/2026:05:18:58 -0700] "GET /?path=//proc/self/root/proc/thread-self/root/proc/thread-self/root/proc/thread-self/root/proc/self/root/proc/thread-self/root/proc/self/root/proc/self/root/proc/self/root/proc/thread-self/root/var/lib/mysql/luckyboss HTTP/2.0" 200 1823 "https://www.beemunch.com/?path=//proc/self/root/proc/thread-self/root/proc/thread-self/root/proc/thread-self/root/proc/self/root/proc/thread-self/root/proc/self/root/proc/self/root/proc/self/root/proc/thread-self/root/var/lib/mysql" "Mozilla/5.0 AppleWebKit/537.36 (KHTML, like Gecko; compatible; GPTBot/1.3; +https://openai.com/gptbot)" 415 **0/415848**
51.75.116.205 - - [05/Apr/2026:05:18:58 -0700] "GET /%D0%BA%D0%B0%D0%B7%D0%B8%D0%BD%D0%BE-%D0%B8%D1%80%D0%B2%D0%B8%D0%BD-%D0%B7%D0%B5%D1%80%D0%BA%D0%B0%D0%BB%D0%BE/feed/?filesrc=//lib/.build-id/0c/d34045e6877665bd0ed3477dbaacc323f86bfd&path=//lib/.build-id/0c HTTP/1.1" 301 1309 "-" "Mozilla/5.0 (compatible; MJ12bot/v1.4.8; http://mj12bot.com/)" 460 **0/460836**
57.141.16.80 - - [05/Apr/2026:05:18:57 -0700] "GET /juega-al-emocionante-chicken-plinko-en-linea-y-gana-grandes-premios-demo-disponible-en-espana/?path=/home/kq22obq8vxga/public_html/.sucuriquarantine/wp-includes/widgets HTTP/2.0" 200 341581 "-" "meta-externalagent/1.1 (+https://developers.facebook.com/docs/sharing/webmasters/crawler)" 1470 **1/1470656**
74.7.242.14 - - [05/Apr/2026:05:18:59 -0700] "GET /?path=//proc/self/root/proc/thread-self/root/proc/thread-self/root/proc/thread-self/root/proc/self/root/proc/thread-self/root/proc/self/root/proc/self/root/proc/thread-self/root/lib/firmware/mrvl HTTP/2.0" 200 2645 "https://www.beemunch.com/?path=//proc/self/root/proc/thread-self/root/proc/thread-self/root/proc/thread-self/root/proc/self/root/proc/thread-self/root/proc/self/root/proc/self/root/proc/thread-self/root/lib/firmware" "Mozilla/5.0 AppleWebKit/537.36 (KHTML, like Gecko; compatible; GPTBot/1.3; +https://openai.com/gptbot)" 423 **0/423638**
74.7.242.34 - - [05/Apr/2026:05:18:58 -0700] "GET /?path=//proc/self/root/proc/thread-self/root/proc/thread-self/root/proc/thread-self/root/proc/self/root/proc/thread-self/root/var/lib/mysql/chittakki_international_school_harihar HTTP/2.0" 200 23049 "https://mail.beemunch.com/?path=//proc/self/root/proc/thread-self/root/proc/thread-self/root/proc/thread-self/root/proc/self/root/proc/thread-self/root/var/lib/mysql" "Mozilla/5.0 AppleWebKit/537.36 (KHTML, like Gecko; compatible; GPTBot/1.3; +https://openai.com/gptbot)" 1075 **1/1075398**
216.73.216.114 - - [05/Apr/2026:05:18:58 -0700] "GET /pinup-kazino-tegin-aynalymdar-depozitsiz-bar-online-kazino-oynanyz-kazakstan-ushin/?filesrc=%2F%2Flib64%2Flibicutu.so.60&path=%2F%2Flib64 HTTP/2.0" 200 38099 "-" "Mozilla/5.0 AppleWebKit/537.36 (KHTML, like Gecko; compatible; ClaudeBot/1.0; +claudebot@anthropic.com)" 1177 **1/1177978**
74.7.242.14 - - [05/Apr/2026:05:18:59 -0700] "GET /?path=//proc/self/root/proc/thread-self/root/proc/thread-self/root/proc/thread-self/root/proc/self/root/proc/thread-self/root/proc/self/root/proc/self/root/proc/thread-self/root/proc/thread-self/root/usr/lib/exim/bin HTTP/2.0" 200 2179 "https://www.beemunch.com/?path=//proc/self/root/proc/thread-self/root/proc/thread-self/root/proc/thread-self/root/proc/self/root/proc/thread-self/root/proc/self/root/proc/self/root/proc/thread-self/root/proc/thread-self/root/usr/lib/exim" "Mozilla/5.0 AppleWebKit/537.36 (KHTML, like Gecko; compatible; GPTBot/1.3; +https://openai.com/gptbot)" 250 **0/250706**
74.7.242.14 - - [05/Apr/2026:05:19:00 -0700] "GET /?cmd&path=//proc/self/root/proc/thread-self/root/proc/thread-self/root/proc/thread-self/root/proc/self/root/proc/thread-self/root/proc/self/root/proc/self/root/proc/thread-self/root/proc/thread-self/root/var/lib/mysql/winq HTTP/2.0" 200 1948 "https://www.beemunch.com/?path=//proc/self/root/proc/thread-self/root/proc/thread-self/root/proc/thread-self/root/proc/self/root/proc/thread-self/root/proc/self/root/proc/self/root/proc/thread-self/root/proc/thread-self/root/var/lib/mysql/winq" "Mozilla/5.0 AppleWebKit/537.36 (KHTML, like Gecko; compatible; GPTBot/1.3; +https://openai.com/gptbot)" 513 **0/513506**
57.141.16.26 - - [05/Apr/2026:05:19:00 -0700] "GET /poluchite-bonus-kazino-pinko-i-nachnite-igrat-v-kazino-onlayn-segodnya/?cmd&path=/home/kq22obq8vxga/public_html/wp-content/languages HTTP/2.0" 200 341247 "-" "meta-externalagent/1.1 (+https://developers.facebook.com/docs/sharing/webmasters/crawler)" 1163 **1/1163566**
74.7.242.34 - - [05/Apr/2026:05:18:59 -0700] "GET /?path=//proc/self/root/proc/thread-self/root/proc/thread-self/root/proc/thread-self/root/proc/self/root/proc/thread-self/root/var/lib/mysql/einsteins_public_school_badavanahalli HTTP/2.0" 200 23046 "https://mail.beemunch.com/?path=//proc/self/root/proc/thread-self/root/proc/thread-self/root/proc/thread-self/root/proc/self/root/proc/thread-self/root/var/lib/mysql" "Mozilla/5.0 AppleWebKit/537.36 (KHTML, like Gecko; compatible; GPTBot/1.3; +https://openai.com/gptbot)" 1392 **1/1392235**
74.7.242.14 - - [05/Apr/2026:05:19:01 -0700] "GET /?path=//proc/self/root/proc/thread-self/root/proc/thread-self/root/proc/thread-self/root/proc/self/root/proc/thread-self/root/proc/self/root/proc/self/root/proc/self/root/lib/rpm/platform/mipsel-linux HTTP/2.0" 200 2031 "https://www.beemunch.com/?path=//proc/self/root/proc/thread-self/root/proc/thread-self/root/proc/thread-self/root/proc/self/root/proc/thread-self/root/proc/self/root/proc/self/root/proc/self/root/lib/rpm/platform" "Mozilla/5.0 AppleWebKit/537.36 (KHTML, like Gecko; compatible; GPTBot/1.3; +https://openai.com/gptbot)" 602 **0/602964**
57.141.16.55 - - [05/Apr/2026:05:19:00 -0700] "GET /mastering-the-joe-fortune-casino-experience/?filesrc=//lib64/libsystemd.so.0.23.0&path=//lib64 HTTP/2.0" 200 359843 "-" "meta-externalagent/1.1 (+https://developers.facebook.com/docs/sharing/webmasters/crawler)" 1525 **1/1525362**
51.75.116.205 - - [05/Apr/2026:05:19:01 -0700] "GET /%D0%BA%D0%B0%D0%B7%D0%B8%D0%BD%D0%BE-%D0%B8%D1%80%D0%B2%D0%B8%D0%BD-%D0%B7%D0%B5%D1%80%D0%BA%D0%B0%D0%BB%D0%BE/feed/?filesrc=%2F%2Flib%2F.build-id%2F0c%2Fd34045e6877665bd0ed3477dbaacc323f86bfd&path=%2F%2Flib%2F.build-id%2F0c HTTP/1.1" 200 1762 "-" "Mozilla/5.0 (compatible; MJ12bot/v1.4.8; http://mj12bot.com/)" 631 **0/631981**
74.7.242.14 - - [05/Apr/2026:05:19:02 -0700] "GET /?path=//proc/self/root/proc/thread-self/root/proc/thread-self/root/proc/thread-self/root/proc/self/root/proc/thread-self/root/proc/self/root/proc/self/root/proc/self/root/proc/self/root/usr/lib/firmware/keyspan_pda HTTP/2.0" 200 2084 "https://www.beemunch.com/?path=//proc/self/root/proc/thread-self/root/proc/thread-self/root/proc/thread-self/root/proc/self/root/proc/thread-self/root/proc/self/root/proc/self/root/proc/self/root/proc/self/root/usr/lib/firmware" "Mozilla/5.0 AppleWebKit/537.36 (KHTML, like Gecko; compatible; GPTBot/1.3; +https://openai.com/gptbot)" 568 **0/568603**
57.141.16.60 - - [05/Apr/2026:05:19:01 -0700] "GET /category/christian-cafe-pl-review-2/?cmd&path=/home/kq22obq8vxga/public_html/wp-includes/certificates HTTP/2.0" 200 213061 "-" "meta-externalagent/1.1 (+https://developers.facebook.com/docs/sharing/webmasters/crawler)" 1520 **1/1520597**
74.7.242.34 - - [05/Apr/2026:05:19:01 -0700] "GET /?path=//proc/self/root/proc/thread-self/root/proc/thread-self/root/proc/thread-self/root/proc/self/root/proc/thread-self/root/var/lib/mysql/vidya_nidhi_academy_harapanahalli HTTP/2.0" 200 23052 "https://mail.beemunch.com/?path=//proc/self/root/proc/thread-self/root/proc/thread-self/root/proc/thread-self/root/proc/self/root/proc/thread-self/root/var/lib/mysql" "Mozilla/5.0 AppleWebKit/537.36 (KHTML, like Gecko; compatible; GPTBot/1.3; +https://openai.com/gptbot)" 1499 **1/1499039**
74.7.242.14 - - [05/Apr/2026:05:19:02 -0700] "GET /?path=//proc/self/root/proc/thread-self/root/proc/thread-self/root/proc/thread-self/root/proc/self/root/proc/thread-self/root/proc/self/root/proc/thread-self/root/proc/thread-self/root/lib/firmware/yam HTTP/2.0" 200 2040 "https://www.beemunch.com/?path=//proc/self/root/proc/thread-self/root/proc/thread-self/root/proc/thread-self/root/proc/self/root/proc/thread-self/root/proc/self/root/proc/thread-self/root/proc/thread-self/root/lib/firmware" "Mozilla/5.0 AppleWebKit/537.36 (KHTML, like Gecko; compatible; GPTBot/1.3; +https://openai.com/gptbot)" 388 **0/388865**
17.22.253.156 - - [05/Apr/2026:05:19:02 -0700] "GET /pinup-onlayn-kazino-azerbaycanda-novsiyyet-oynamaq/?path=/home/kq22obq8vxga/public_html/.well-known HTTP/1.1" 200 58665 "-" "Mozilla/5.0 (Macintosh; Intel Mac OS X 10_15_7) AppleWebKit/605.1.15 (KHTML, like Gecko) Version/17.4 Safari/605.1.15 (Applebot/0.1; +http://www.apple.com/go/applebot)" 1018 **1/1018321**
57.141.16.0 - - [05/Apr/2026:05:19:03 -0700] "GET /wp-sitemap.xml?filesrc=//bin/objcopy&path=//bin HTTP/2.0" 301 3178 "-" "meta-externalagent/1.1 (+https://developers.facebook.com/docs/sharing/webmasters/crawler)" 319 **0/319842**
74.7.242.14 - - [05/Apr/2026:05:19:03 -0700] "GET /?path=//proc/self/root/proc/thread-self/root/proc/thread-self/root/proc/thread-self/root/proc/self/root/proc/thread-self/root/proc/self/root/proc/thread-self/root/proc/self/root/usr/lib/firmware/xe HTTP/2.0" 200 2245 "https://www.beemunch.com/?path=//proc/self/root/proc/thread-self/root/proc/thread-self/root/proc/thread-self/root/proc/self/root/proc/thread-self/root/proc/self/root/proc/thread-self/root/proc/self/root/usr/lib/firmware" "Mozilla/5.0 AppleWebKit/537.36 (KHTML, like Gecko; compatible; GPTBot/1.3; +https://openai.com/gptbot)" 364 **0/364390**
74.7.242.34 - - [05/Apr/2026:05:19:03 -0700] "GET /?path=//proc/self/root/proc/thread-self/root/proc/thread-self/root/proc/thread-self/root/proc/self/root/proc/thread-self/root/var/lib/mysql/hongirana_international_school_challakere HTTP/2.0" 200 23054 "https://mail.beemunch.com/?path=//proc/self/root/proc/thread-self/root/proc/thread-self/root/proc/thread-self/root/proc/self/root/proc/thread-self/root/var/lib/mysql" "Mozilla/5.0 AppleWebKit/537.36 (KHTML, like Gecko; compatible; GPTBot/1.3; +https://openai.com/gptbot)" 913 **0/913334**
74.7.242.14 - - [05/Apr/2026:05:19:04 -0700] "GET /?path=//proc/self/root/proc/thread-self/root/proc/thread-self/root/proc/thread-self/root/proc/self/root/proc/thread-self/root/proc/thread-self/root/proc/self/root/proc/self/root/proc/self/root/var/lib/mysql/griptone HTTP/2.0" 200 1819 "https://www.beemunch.com/?path=//proc/self/root/proc/thread-self/root/proc/thread-self/root/proc/thread-self/root/proc/self/root/proc/thread-self/root/proc/thread-self/root/proc/self/root/proc/self/root/proc/self/root/var/lib/mysql" "Mozilla/5.0 AppleWebKit/537.36 (KHTML, like Gecko; compatible; GPTBot/1.3; +https://openai.com/gptbot)" 333 **0/333413**
51.75.116.205 - - [05/Apr/2026:05:19:04 -0700] "GET /%D0%BA%D0%B0%D0%B7%D0%B8%D0%BD%D0%BE-%D0%B8%D1%80%D0%B2%D0%B8%D0%BD-%D0%B7%D0%B5%D1%80%D0%BA%D0%B0%D0%BB%D0%BE/feed/?filesrc=//lib/.build-id/0c/da0c9602cc3954e677316a8eb8050b6a988a74&path=//lib/.build-id/0c HTTP/1.1" 301 1310 "-" "Mozilla/5.0 (compatible; MJ12bot/v1.4.8; http://mj12bot.com/)" 383 **0/383652**
74.7.242.14 - - [05/Apr/2026:05:19:04 -0700] "GET /?path=//proc/self/root/proc/thread-self/root/proc/thread-self/root/proc/thread-self/root/proc/self/root/proc/thread-self/root/proc/thread-self/root/proc/self/root/var/lib/mysql/strikers HTTP/2.0" 200 1796 "https://www.beemunch.com/?path=//proc/self/root/proc/thread-self/root/proc/thread-self/root/proc/thread-self/root/proc/self/root/proc/thread-self/root/proc/thread-self/root/proc/self/root/var/lib/mysql" "Mozilla/5.0 AppleWebKit/537.36 (KHTML, like Gecko; compatible; GPTBot/1.3; +https://openai.com/gptbot)" 356 **0/356739**
57.141.16.12 - - [05/Apr/2026:05:19:04 -0700] "GET /unlock-exciting-pinup-casino-bonuses-play-online-in-english-for-indian-players/?filesrc=//lib64/libpcre2-posix.so.2&path=//lib64 HTTP/2.0" 200 337970 "-" "meta-externalagent/1.1 (+https://developers.facebook.com/docs/sharing/webmasters/crawler)" 1045 **1/1045443**
74.7.242.34 - - [05/Apr/2026:05:19:04 -0700] "GET /?path=//proc/self/root/proc/thread-self/root/proc/thread-self/root/proc/thread-self/root/proc/self/root/proc/thread-self/root/var/lib/mysql/pushpagiri_public_school_uchhangidurga HTTP/2.0" 200 23053 "https://mail.beemunch.com/?path=//proc/self/root/proc/thread-self/root/proc/thread-self/root/proc/thread-self/root/proc/self/root/proc/thread-self/root/var/lib/mysql" "Mozilla/5.0 AppleWebKit/537.36 (KHTML, like Gecko; compatible; GPTBot/1.3; +https://openai.com/gptbot)" 942 **0/942355**
74.7.242.14 - - [05/Apr/2026:05:19:05 -0700] "GET /?path=//proc/self/root/proc/thread-self/root/proc/thread-self/root/proc/thread-self/root/proc/self/root/proc/thread-self/root/proc/self/root/proc/self/root/proc/self/root/usr/lib/kbd/keymaps/legacy/ppc HTTP/2.0" 200 2020 "https://www.beemunch.com/?path=//proc/self/root/proc/thread-self/root/proc/thread-self/root/proc/thread-self/root/proc/self/root/proc/thread-self/root/proc/self/root/proc/self/root/proc/self/root/usr/lib/kbd/keymaps/legacy" "Mozilla/5.0 AppleWebKit/537.36 (KHTML, like Gecko; compatible; GPTBot/1.3; +https://openai.com/gptbot)" 332 **0/332667**
57.141.16.41 - - [05/Apr/2026:05:19:05 -0700] "GET /plinko-erfahrungen-bewertungen/?mass_delete&path=/home/kq22obq8vxga/public_html/wp-content/plugins/header-footer-elementor HTTP/2.0" 200 370345 "-" "meta-externalagent/1.1 (+https://developers.facebook.com/docs/sharing/webmasters/crawler)" 907 **0/907494**
74.7.242.14 - - [05/Apr/2026:05:19:06 -0700] "GET /?path=//proc/self/root/proc/thread-self/root/proc/thread-self/root/proc/thread-self/root/proc/self/root/proc/thread-self/root/proc/self/root/proc/self/root/proc/self/root/proc/thread-self/root/var/lib/mysql/reelease HTTP/2.0" 200 1822 "https://www.beemunch.com/?path=//proc/self/root/proc/thread-self/root/proc/thread-self/root/proc/thread-self/root/proc/self/root/proc/thread-self/root/proc/self/root/proc/self/root/proc/self/root/proc/thread-self/root/var/lib/mysql" "Mozilla/5.0 AppleWebKit/537.36 (KHTML, like Gecko; compatible; GPTBot/1.3; +https://openai.com/gptbot)" 357 **0/357216**
74.7.242.34 - - [05/Apr/2026:05:19:05 -0700] "GET /?path=//proc/self/root/proc/thread-self/root/proc/thread-self/root/proc/thread-self/root/proc/self/root/proc/thread-self/root/var/lib/mysql/vinayak_star_multispeciality_hospital HTTP/2.0" 200 23041 "https://mail.beemunch.com/?path=//proc/self/root/proc/thread-self/root/proc/thread-self/root/proc/thread-self/root/proc/self/root/proc/thread-self/root/var/lib/mysql" "Mozilla/5.0 AppleWebKit/537.36 (KHTML, like Gecko; compatible; GPTBot/1.3; +https://openai.com/gptbot)" 877 **0/877250**
74.7.242.14 - - [05/Apr/2026:05:19:06 -0700] "GET /?path=//proc/self/root/proc/thread-self/root/proc/thread-self/root/proc/thread-self/root/proc/self/root/proc/thread-self/root/proc/self/root/proc/self/root/proc/thread-self/root/lib/firmware/mrvl/prestera HTTP/2.0" 200 2150 "https://www.beemunch.com/?path=//proc/self/root/proc/thread-self/root/proc/thread-self/root/proc/thread-self/root/proc/self/root/proc/thread-self/root/proc/self/root/proc/self/root/proc/thread-self/root/lib/firmware/mrvl" "Mozilla/5.0 AppleWebKit/537.36 (KHTML, like Gecko; compatible; GPTBot/1.3; +https://openai.com/gptbot)" 303 **0/303083**
51.75.116.205 - - [05/Apr/2026:05:19:07 -0700] "GET /%D0%BA%D0%B0%D0%B7%D0%B8%D0%BD%D0%BE-%D0%B8%D1%80%D0%B2%D0%B8%D0%BD-%D0%B7%D0%B5%D1%80%D0%BA%D0%B0%D0%BB%D0%BE/feed/?filesrc=%2F%2Flib%2F.build-id%2F0c%2Fda0c9602cc3954e677316a8eb8050b6a988a74&path=%2F%2Flib%2F.build-id%2F0c HTTP/1.1" 200 1763 "-" "Mozilla/5.0 (compatible; MJ12bot/v1.4.8; http://mj12bot.com/)" 382 **0/382541**
57.141.16.88 - - [05/Apr/2026:05:19:06 -0700] "GET /rokubet-yeni-giris-rokubet253-rokubet-24-02-2026/?filesrc=/home/kq22obq8vxga/public_html/xmlrpc.php&path=/home/kq22obq8vxga/public_html HTTP/2.0" 200 359246 "-" "meta-externalagent/1.1 (+https://developers.facebook.com/docs/sharing/webmasters/crawler)" 1013 **1/1013344**
74.7.242.14 - - [05/Apr/2026:05:19:07 -0700] "GET /?path=//proc/self/root/proc/thread-self/root/proc/thread-self/root/proc/thread-self/root/proc/self/root/proc/thread-self/root/proc/self/root/proc/self/root/proc/thread-self/root/proc/thread-self/root/usr/lib/exim/bin&upload HTTP/2.0" 200 2310 "https://www.beemunch.com/?path=//proc/self/root/proc/thread-self/root/proc/thread-self/root/proc/thread-self/root/proc/self/root/proc/thread-self/root/proc/self/root/proc/self/root/proc/thread-self/root/proc/thread-self/root/usr/lib/exim/bin" "Mozilla/5.0 AppleWebKit/537.36 (KHTML, like Gecko; compatible; GPTBot/1.3; +https://openai.com/gptbot)" 536 **0/536417**
74.7.242.34 - - [05/Apr/2026:05:19:07 -0700] "GET /?path=//proc/self/root/proc/thread-self/root/proc/thread-self/root/proc/thread-self/root/proc/self/root/proc/thread-self/root/var/lib/mysql/sharadapublicschoolgangaavathi_com HTTP/2.0" 200 23050 "https://mail.beemunch.com/?path=//proc/self/root/proc/thread-self/root/proc/thread-self/root/proc/thread-self/root/proc/self/root/proc/thread-self/root/var/lib/mysql" "Mozilla/5.0 AppleWebKit/537.36 (KHTML, like Gecko; compatible; GPTBot/1.3; +https://openai.com/gptbot)" 1291 **1/1291532**
74.7.242.14 - - [05/Apr/2026:05:19:08 -0700] "GET /?path=//proc/self/root/proc/thread-self/root/proc/thread-self/root/proc/thread-self/root/proc/self/root/proc/thread-self/root/proc/self/root/proc/self/root/proc/thread-self/root/usr/lib/exim HTTP/2.0" 200 1970 "https://www.beemunch.com/?path=//proc/self/root/proc/thread-self/root/proc/thread-self/root/proc/thread-self/root/proc/self/root/proc/thread-self/root/proc/self/root/proc/self/root/proc/thread-self/root/usr/lib" "Mozilla/5.0 AppleWebKit/537.36 (KHTML, like Gecko; compatible; GPTBot/1.3; +https://openai.com/gptbot)" 585 **0/585146**
74.7.227.10 - - [05/Apr/2026:05:19:07 -0700] "GET /experience-topnotch-spin-palace-casino-support-in-english-for-canadian-players/?path=//proc/thread-self/root/proc/thread-self/root/proc/self/root/proc/thread-self/root/proc/thread-self/root/proc/thread-self/root/proc/self/root/proc/self/root/var/cache/php-eaccelerator HTTP/2.0" 200 38798 "https://beemunch.com/experience-topnotch-spin-palace-casino-support-in-english-for-canadian-players/?path=//proc/thread-self/root/proc/thread-self/root/proc/self/root/proc/thread-self/root/proc/thread-self/root/proc/thread-self/root/proc/self/root/proc/self/root/var/cache" "Mozilla/5.0 AppleWebKit/537.36 (KHTML, like Gecko; compatible; GPTBot/1.3; +https://openai.com/gptbot)" 1210 **1/1210081**
57.141.16.50 - - [05/Apr/2026:05:19:07 -0700] "GET /slot-cheating-devices-checklist-of-devices-to-control-slots-2/?mass_delete&path=/home/kq22obq8vxga/public_html/wp-includes/html-api HTTP/2.0" 200 385457 "-" "meta-externalagent/1.1 (+https://developers.facebook.com/docs/sharing/webmasters/crawler)" 1440 **1/1440577**
57.141.16.62 - - [05/Apr/2026:05:19:08 -0700] "GET /bedste-casino-uden-mitid-top-liste-for-spil-uden-mitid-my-partner-and-i-2026-2/?filesrc=//lib64/libpcre2-32.so.0&path=//lib64 HTTP/2.0" 200 363307 "-" "meta-externalagent/1.1 (+https://developers.facebook.com/docs/sharing/webmasters/crawler)" 1276 **1/1276428**
74.7.242.34 - - [05/Apr/2026:05:19:08 -0700] "GET /?path=//proc/self/root/proc/thread-self/root/proc/thread-self/root/proc/thread-self/root/proc/self/root/proc/thread-self/root/var/lib/mysql/sridhar_international_school_shiralkoppa HTTP/2.0" 200 23048 "https://mail.beemunch.com/?path=//proc/self/root/proc/thread-self/root/proc/thread-self/root/proc/thread-self/root/proc/self/root/proc/thread-self/root/var/lib/mysql" "Mozilla/5.0 AppleWebKit/537.36 (KHTML, like Gecko; compatible; GPTBot/1.3; +https://openai.com/gptbot)" 1198 **1/1198636**
74.7.242.14 - - [05/Apr/2026:05:19:09 -0700] "GET /?path=//proc/self/root/proc/thread-self/root/proc/thread-self/root/proc/thread-self/root/proc/self/root/proc/thread-self/root/proc/self/root/proc/self/root/proc/thread-self/root/usr/lib/firmware/amdgpu HTTP/2.0" 200 13818 "https://www.beemunch.com/?path=//proc/self/root/proc/thread-self/root/proc/thread-self/root/proc/thread-self/root/proc/self/root/proc/thread-self/root/proc/self/root/proc/self/root/proc/thread-self/root/usr/lib/firmware" "Mozilla/5.0 AppleWebKit/537.36 (KHTML, like Gecko; compatible; GPTBot/1.3; +https://openai.com/gptbot)" 999 **0/999742**
51.75.116.205 - - [05/Apr/2026:05:19:09 -0700] "GET /%D0%BA%D0%B0%D0%B7%D0%B8%D0%BD%D0%BE-%D0%B8%D1%80%D0%B2%D0%B8%D0%BD-%D0%B7%D0%B5%D1%80%D0%BA%D0%B0%D0%BB%D0%BE/feed/?filesrc=//lib/.build-id/0c/db00e9ba7e93367deada20dfe892e456c721cd&path=//lib/.build-id/0c HTTP/1.1" 301 1309 "-" "Mozilla/5.0 (compatible; MJ12bot/v1.4.8; http://mj12bot.com/)" 335 **0/335081**
57.141.16.61 - - [05/Apr/2026:05:19:09 -0700] "GET /bee-keeping-good-practice/?path=/home/kq22obq8vxga/public_html HTTP/2.0" 200 373703 "-" "meta-externalagent/1.1 (+https://developers.facebook.com/docs/sharing/webmasters/crawler)" 884 **0/884676**
74.7.242.14 - - [05/Apr/2026:05:19:10 -0700] "GET /?path=//proc/self/root/proc/thread-self/root/proc/thread-self/root/proc/thread-self/root/proc/self/root/proc/thread-self/root/proc/self/root/proc/self/root/proc/self/root/var/lib/mysql/markmate HTTP/2.0" 200 1807 "https://www.beemunch.com/?path=//proc/self/root/proc/thread-self/root/proc/thread-self/root/proc/thread-self/root/proc/self/root/proc/thread-self/root/proc/self/root/proc/self/root/proc/self/root/var/lib/mysql" "Mozilla/5.0 AppleWebKit/537.36 (KHTML, like Gecko; compatible; GPTBot/1.3; +https://openai.com/gptbot)" 384 **0/384811**
74.7.242.34 - - [05/Apr/2026:05:19:10 -0700] "GET /?path=//proc/self/root/proc/thread-self/root/proc/thread-self/root/proc/thread-self/root/proc/self/root/proc/thread-self/root/var/lib/mysql/international_delhi_public_school_gangavathi HTTP/2.0" 200 23058 "https://mail.beemunch.com/?path=//proc/self/root/proc/thread-self/root/proc/thread-self/root/proc/thread-self/root/proc/self/root/proc/thread-self/root/var/lib/mysql" "Mozilla/5.0 AppleWebKit/537.36 (KHTML, like Gecko; compatible; GPTBot/1.3; +https://openai.com/gptbot)" 1089 **1/1089290**
74.7.242.14 - - [05/Apr/2026:05:19:11 -0700] "GET /?path=//proc/self/root/proc/thread-self/root/proc/thread-self/root/proc/thread-self/root/proc/self/root/proc/thread-self/root/proc/self/root/proc/self/root/proc/thread-self/root/var/lib/mysql/mfgdev HTTP/2.0" 200 1814 "https://www.beemunch.com/?path=//proc/self/root/proc/thread-self/root/proc/thread-self/root/proc/thread-self/root/proc/self/root/proc/thread-self/root/proc/self/root/proc/self/root/proc/thread-self/root/var/lib/mysql" "Mozilla/5.0 AppleWebKit/537.36 (KHTML, like Gecko; compatible; GPTBot/1.3; +https://openai.com/gptbot)" 474 **0/474598**
57.141.16.0 - - [05/Apr/2026:05:19:10 -0700] "GET /mobil-makkashlar-mostbet-uz-online-har-doim-har-joyda-kirish-2/?filesrc=//lib64/python3.8/__pycache__/os.cpython-38.opt-1.pyc&path=//lib64/python3.8/__pycache__ HTTP/2.0" 200 337543 "-" "meta-externalagent/1.1 (+https://developers.facebook.com/docs/sharing/webmasters/crawler)" 1108 **1/1108363**
74.7.242.14 - - [05/Apr/2026:05:19:11 -0700] "GET /?path=//proc/self/root/proc/thread-self/root/proc/thread-self/root/proc/thread-self/root/proc/self/root/proc/thread-self/root/proc/self/root/proc/self/root/proc/self/root/lib/udev/rules.d HTTP/2.0" 200 3816 "https://www.beemunch.com/?path=//proc/self/root/proc/thread-self/root/proc/thread-self/root/proc/thread-self/root/proc/self/root/proc/thread-self/root/proc/self/root/proc/self/root/proc/self/root/lib/udev" "Mozilla/5.0 AppleWebKit/537.36 (KHTML, like Gecko; compatible; GPTBot/1.3; +https://openai.com/gptbot)" 478 **0/478506**
74.7.242.34 - - [05/Apr/2026:05:19:11 -0700] "GET /?path=//proc/self/root/proc/thread-self/root/proc/thread-self/root/proc/thread-self/root/proc/self/root/proc/thread-self/root/var/lib/mysql/saint_thomas_new_life_school_hucchavvanahalli HTTP/2.0" 200 23058 "https://mail.beemunch.com/?path=//proc/self/root/proc/thread-self/root/proc/thread-self/root/proc/thread-self/root/proc/self/root/proc/thread-self/root/var/lib/mysql" "Mozilla/5.0 AppleWebKit/537.36 (KHTML, like Gecko; compatible; GPTBot/1.3; +https://openai.com/gptbot)" 1058 **1/1058020**
51.75.116.205 - - [05/Apr/2026:05:19:12 -0700] "GET /%D0%BA%D0%B0%D0%B7%D0%B8%D0%BD%D0%BE-%D0%B8%D1%80%D0%B2%D0%B8%D0%BD-%D0%B7%D0%B5%D1%80%D0%BA%D0%B0%D0%BB%D0%BE/feed/?filesrc=%2F%2Flib%2F.build-id%2F0c%2Fdb00e9ba7e93367deada20dfe892e456c721cd&path=%2F%2Flib%2F.build-id%2F0c HTTP/1.1" 200 1763 "-" "Mozilla/5.0 (compatible; MJ12bot/v1.4.8; http://mj12bot.com/)" 453 **0/453846**
57.141.16.56 - - [05/Apr/2026:05:19:11 -0700] "GET /pinup-bet-online-kazino-oynamaq-mumkun/?filesrc=//lib64/python2.7/aifc.pyo&path=//lib64/python2.7 HTTP/2.0" 200 335586 "-" "meta-externalagent/1.1 (+https://developers.facebook.com/docs/sharing/webmasters/crawler)" 1187 **1/1187622**
74.7.242.14 - - [05/Apr/2026:05:19:12 -0700] "GET /?path=//proc/self/root/proc/thread-self/root/proc/thread-self/root/proc/thread-self/root/proc/self/root/proc/thread-self/root/proc/self/root/proc/self/root/proc/thread-self/root/proc/self/root/usr/lib/firmware/isci HTTP/2.0" 200 2052 "https://www.beemunch.com/?path=//proc/self/root/proc/thread-self/root/proc/thread-self/root/proc/thread-self/root/proc/self/root/proc/thread-self/root/proc/self/root/proc/self/root/proc/thread-self/root/proc/self/root/usr/lib/firmware" "Mozilla/5.0 AppleWebKit/537.36 (KHTML, like Gecko; compatible; GPTBot/1.3; +https://openai.com/gptbot)" 481 **0/481007**
74.7.242.14 - - [05/Apr/2026:05:19:13 -0700] "GET /?mass_deface&path=//proc/self/root/proc/thread-self/root/proc/thread-self/root/proc/thread-self/root/proc/self/root/proc/thread-self/root/proc/thread-self/root/proc/self/root/var/lib/mysql/strikers HTTP/2.0" 200 2065 "https://www.beemunch.com/?path=//proc/self/root/proc/thread-self/root/proc/thread-self/root/proc/thread-self/root/proc/self/root/proc/thread-self/root/proc/thread-self/root/proc/self/root/var/lib/mysql/strikers" "Mozilla/5.0 AppleWebKit/537.36 (KHTML, like Gecko; compatible; GPTBot/1.3; +https://openai.com/gptbot)" 422 **0/422583**
74.7.242.34 - - [05/Apr/2026:05:19:13 -0700] "GET /?path=//proc/self/root/proc/thread-self/root/proc/thread-self/root/proc/thread-self/root/proc/self/root/proc/thread-self/root/var/lib/mysql/kgv_sri_basaveshwara_school_bellatagi HTTP/2.0" 200 23049 "https://mail.beemunch.com/?path=//proc/self/root/proc/thread-self/root/proc/thread-self/root/proc/thread-self/root/proc/self/root/proc/thread-self/root/var/lib/mysql" "Mozilla/5.0 AppleWebKit/537.36 (KHTML, like Gecko; compatible; GPTBot/1.3; +https://openai.com/gptbot)" 1296 **1/1296829**
57.141.16.76 - - [05/Apr/2026:05:19:13 -0700] "GET /pokerdom-onlayn-kazino-i-poker-rum-2024/?path=/home/kq22obq8vxga/public_html/.sucuriquarantine HTTP/2.0" 200 381095 "-" "meta-externalagent/1.1 (+https://developers.facebook.com/docs/sharing/webmasters/crawler)" 1293 **1/1293415**
74.7.242.14 - - [05/Apr/2026:05:19:14 -0700] "GET /?path=//proc/self/root/proc/thread-self/root/proc/thread-self/root/proc/thread-self/root/proc/self/root/proc/thread-self/root/proc/self/root/proc/self/root/proc/self/root/usr/lib/kbd/keymaps/legacy/ppc/include HTTP/2.0" 200 2215 "https://www.beemunch.com/?path=//proc/self/root/proc/thread-self/root/proc/thread-self/root/proc/thread-self/root/proc/self/root/proc/thread-self/root/proc/self/root/proc/self/root/proc/self/root/usr/lib/kbd/keymaps/legacy/ppc" "Mozilla/5.0 AppleWebKit/537.36 (KHTML, like Gecko; compatible; GPTBot/1.3; +https://openai.com/gptbot)" 476 **0/476265**
57.141.16.95 - - [05/Apr/2026:05:19:13 -0700] "GET /guide-recensioner-bonusar/?filesrc=/home/kq22obq8vxga/public_html/wp-load.php&path=/home/kq22obq8vxga/public_html HTTP/2.0" 200 363368 "-" "meta-externalagent/1.1 (+https://developers.facebook.com/docs/sharing/webmasters/crawler)" 1234 **1/1234479**
74.7.242.14 - - [05/Apr/2026:05:19:14 -0700] "GET /?path=//proc/self/root/proc/thread-self/root/proc/thread-self/root/proc/thread-self/root/proc/self/root/proc/thread-self/root/proc/self/root/proc/thread-self/root/lib/node_modules HTTP/2.0" 200 1774 "https://www.beemunch.com/?path=//proc/self/root/proc/thread-self/root/proc/thread-self/root/proc/thread-self/root/proc/self/root/proc/thread-self/root/proc/self/root/proc/thread-self/root/lib" "Mozilla/5.0 AppleWebKit/537.36 (KHTML, like Gecko; compatible; GPTBot/1.3; +https://openai.com/gptbot)" 296 **0/296902**
74.7.242.34 - - [05/Apr/2026:05:19:14 -0700] "GET /?path=//proc/self/root/proc/thread-self/root/proc/thread-self/root/proc/thread-self/root/proc/self/root/proc/thread-self/root/var/lib/mysql/warriorsenglishsachool_challakere HTTP/2.0" 200 23050 "https://mail.beemunch.com/?path=//proc/self/root/proc/thread-self/root/proc/thread-self/root/proc/thread-self/root/proc/self/root/proc/thread-self/root/var/lib/mysql" "Mozilla/5.0 AppleWebKit/537.36 (KHTML, like Gecko; compatible; GPTBot/1.3; +https://openai.com/gptbot)" 812 **0/812834**
51.75.116.205 - - [05/Apr/2026:05:19:15 -0700] "GET /%D0%BA%D0%B0%D0%B7%D0%B8%D0%BD%D0%BE-%D0%B8%D1%80%D0%B2%D0%B8%D0%BD-%D0%B7%D0%B5%D1%80%D0%BA%D0%B0%D0%BB%D0%BE/feed/?filesrc=//lib/.build-id/0c/f9b8017fb1403809ac5e3627b7051c5d34ad14&path=//lib/.build-id/0c HTTP/1.1" 301 1308 "-" "Mozilla/5.0 (compatible; MJ12bot/v1.4.8; http://mj12bot.com/)" 404 **0/404701**
74.7.242.14 - - [05/Apr/2026:05:19:15 -0700] "GET /?path=//proc/self/root/proc/thread-self/root/proc/thread-self/root/proc/thread-self/root/proc/self/root/proc/thread-self/root/proc/self/root/proc/thread-self/root/opt/alt/pdflib-lite/usr/lib HTTP/2.0" 200 2061 "https://www.beemunch.com/?path=//proc/self/root/proc/thread-self/root/proc/thread-self/root/proc/thread-self/root/proc/self/root/proc/thread-self/root/proc/self/root/proc/thread-self/root/opt/alt/pdflib-lite/usr" "Mozilla/5.0 AppleWebKit/537.36 (KHTML, like Gecko; compatible; GPTBot/1.3; +https://openai.com/gptbot)" 313 **0/313878**
74.7.242.14 - - [05/Apr/2026:05:19:16 -0700] "GET /?path=//proc/self/root/proc/thread-self/root/proc/thread-self/root/proc/thread-self/root/proc/self/root/proc/thread-self/root/proc/thread-self/root/proc/self/root/proc/thread-self/root/var/lib/mysql/st_thomas HTTP/2.0" 200 1811 "https://www.beemunch.com/?path=//proc/self/root/proc/thread-self/root/proc/thread-self/root/proc/thread-self/root/proc/self/root/proc/thread-self/root/proc/thread-self/root/proc/self/root/proc/thread-self/root/var/lib/mysql" "Mozilla/5.0 AppleWebKit/537.36 (KHTML, like Gecko; compatible; GPTBot/1.3; +https://openai.com/gptbot)" 397 **0/397362**
57.141.16.83 - - [05/Apr/2026:05:19:15 -0700] "GET /werden-sollen-dritter-monat-des-jahres-startete/?cmd&path=/home/kq22obq8vxga/public_html/wp-includes/l10n HTTP/2.0" 200 347384 "-" "meta-externalagent/1.1 (+https://developers.facebook.com/docs/sharing/webmasters/crawler)" 1009 **1/1009446**
74.7.242.34 - - [05/Apr/2026:05:19:15 -0700] "GET /?path=//proc/self/root/proc/thread-self/root/proc/thread-self/root/proc/thread-self/root/proc/self/root/proc/thread-self/root/var/lib/mysql/drthimmareddypucollegeforgirls_com HTTP/2.0" 200 23052 "https://mail.beemunch.com/?path=//proc/self/root/proc/thread-self/root/proc/thread-self/root/proc/thread-self/root/proc/self/root/proc/thread-self/root/var/lib/mysql" "Mozilla/5.0 AppleWebKit/537.36 (KHTML, like Gecko; compatible; GPTBot/1.3; +https://openai.com/gptbot)" 971 **0/971310**
74.7.242.14 - - [05/Apr/2026:05:19:16 -0700] "GET /?path=//proc/self/root/proc/thread-self/root/proc/thread-self/root/proc/thread-self/root/proc/self/root/proc/thread-self/root/proc/self/root/proc/self/root/proc/thread-self/root/usr/lib/exim/bin HTTP/2.0" 200 2164 "https://www.beemunch.com/?path=//proc/self/root/proc/thread-self/root/proc/thread-self/root/proc/thread-self/root/proc/self/root/proc/thread-self/root/proc/self/root/proc/self/root/proc/thread-self/root/usr/lib/exim" "Mozilla/5.0 AppleWebKit/537.36 (KHTML, like Gecko; compatible; GPTBot/1.3; +https://openai.com/gptbot)" 344 **0/344967**
57.141.16.57 - - [05/Apr/2026:05:19:16 -0700] "GET /la-razon-numero-uno-por-la-que-deberias-casino-online-argentina-mercadopago-pesos/?filesrc=//lib64/libnssutil3.so&path=//lib64 HTTP/2.0" 200 352143 "-" "meta-externalagent/1.1 (+https://developers.facebook.com/docs/sharing/webmasters/crawler)" 1061 **1/1061426**
74.7.242.14 - - [05/Apr/2026:05:19:17 -0700] "GET /?filesrc=//proc/self/root/proc/thread-self/root/proc/thread-self/root/proc/thread-self/root/proc/self/root/proc/thread-self/root/proc/self/root/proc/self/root/proc/thread-self/root/usr/lib/firmware/amdgpu/vega10_gpu_info.bin&path=//proc/self/root/proc/thread-self/root/proc/thread-self/root/proc/thread-self/root/proc/self/root/proc/thread-self/root/proc/self/root/proc/self/root/proc/thread-self/root/usr/lib/firmware/amdgpu HTTP/2.0" 200 1701 "https://www.beemunch.com/?path=//proc/self/root/proc/thread-self/root/proc/thread-self/root/proc/thread-self/root/proc/self/root/proc/thread-self/root/proc/self/root/proc/self/root/proc/thread-self/root/usr/lib/firmware/amdgpu" "Mozilla/5.0 AppleWebKit/537.36 (KHTML, like Gecko; compatible; GPTBot/1.3; +https://openai.com/gptbot)" 343 **0/343073**
74.7.242.34 - - [05/Apr/2026:05:19:17 -0700] "GET /?path=//proc/self/root/proc/thread-self/root/proc/thread-self/root/proc/thread-self/root/proc/self/root/proc/thread-self/root/var/lib/mysql/green_valley_public_school_belavanuru HTTP/2.0" 200 23052 "https://mail.beemunch.com/?path=//proc/self/root/proc/thread-self/root/proc/thread-self/root/proc/thread-self/root/proc/self/root/proc/thread-self/root/var/lib/mysql" "Mozilla/5.0 AppleWebKit/537.36 (KHTML, like Gecko; compatible; GPTBot/1.3; +https://openai.com/gptbot)" 920 **0/920542**
57.141.16.87 - - [05/Apr/2026:05:19:17 -0700] "GET /komu-podkhodit-1khbet-ofitsialnyi-sait-obzor-tselevoi-auditorii/?path=/home/kq22obq8vxga/perl HTTP/2.0" 200 340860 "-" "meta-externalagent/1.1 (+https://developers.facebook.com/docs/sharing/webmasters/crawler)" 1080 **1/1080411**
74.7.242.14 - - [05/Apr/2026:05:19:18 -0700] "GET /?filesrc=//proc/self/root/proc/thread-self/root/proc/thread-self/root/proc/thread-self/root/proc/self/root/proc/thread-self/root/proc/self/root/proc/self/root/proc/thread-self/root/usr/lib/firmware/amdgpu/green_sardine_ta.bin&path=//proc/self/root/proc/thread-self/root/proc/thread-self/root/proc/thread-self/root/proc/self/root/proc/thread-self/root/proc/self/root/proc/self/root/proc/thread-self/root/usr/lib/firmware/amdgpu HTTP/2.0" 200 1700 "https://www.beemunch.com/?path=//proc/self/root/proc/thread-self/root/proc/thread-self/root/proc/thread-self/root/proc/self/root/proc/thread-self/root/proc/self/root/proc/self/root/proc/thread-self/root/usr/lib/firmware/amdgpu" "Mozilla/5.0 AppleWebKit/537.36 (KHTML, like Gecko; compatible; GPTBot/1.3; +https://openai.com/gptbot)" 370 **0/370039**
51.75.116.205 - - [05/Apr/2026:05:19:18 -0700] "GET /%D0%BA%D0%B0%D0%B7%D0%B8%D0%BD%D0%BE-%D0%B8%D1%80%D0%B2%D0%B8%D0%BD-%D0%B7%D0%B5%D1%80%D0%BA%D0%B0%D0%BB%D0%BE/feed/?filesrc=%2F%2Flib%2F.build-id%2F0c%2Ff9b8017fb1403809ac5e3627b7051c5d34ad14&path=%2F%2Flib%2F.build-id%2F0c HTTP/1.1" 200 1763 "-" "Mozilla/5.0 (compatible; MJ12bot/v1.4.8; http://mj12bot.com/)" 429 **0/429720**
74.7.242.14 - - [05/Apr/2026:05:19:18 -0700] "GET /?filesrc=//proc/self/root/proc/thread-self/root/proc/thread-self/root/proc/thread-self/root/proc/self/root/proc/thread-self/root/proc/self/root/proc/self/root/proc/thread-self/root/usr/lib/firmware/amdgpu/arcturus_gpu_info.bin&path=//proc/self/root/proc/thread-self/root/proc/thread-self/root/proc/thread-self/root/proc/self/root/proc/thread-self/root/proc/self/root/proc/self/root/proc/thread-self/root/usr/lib/firmware/amdgpu HTTP/2.0" 200 1702 "https://www.beemunch.com/?path=//proc/self/root/proc/thread-self/root/proc/thread-self/root/proc/thread-self/root/proc/self/root/proc/thread-self/root/proc/self/root/proc/self/root/proc/thread-self/root/usr/lib/firmware/amdgpu" "Mozilla/5.0 AppleWebKit/537.36 (KHTML, like Gecko; compatible; GPTBot/1.3; +https://openai.com/gptbot)" 547 **0/547346**
57.141.16.5 - - [05/Apr/2026:05:19:18 -0700] "GET /giocare-ai-casino-online-in-italia-scopri-i-migliori-casino-nonaams/?filesrc=//bin/mkdir&path=//bin HTTP/2.0" 200 341380 "-" "meta-externalagent/1.1 (+https://developers.facebook.com/docs/sharing/webmasters/crawler)" 1237 **1/1237993**
74.7.242.34 - - [05/Apr/2026:05:19:18 -0700] "GET /?path=//proc/self/root/proc/thread-self/root/proc/thread-self/root/proc/thread-self/root/proc/self/root/proc/thread-self/root/var/lib/mysql/vempana_central_school_sasvehalli HTTP/2.0" 200 23054 "https://mail.beemunch.com/?path=//proc/self/root/proc/thread-self/root/proc/thread-self/root/proc/thread-self/root/proc/self/root/proc/thread-self/root/var/lib/mysql" "Mozilla/5.0 AppleWebKit/537.36 (KHTML, like Gecko; compatible; GPTBot/1.3; +https://openai.com/gptbot)" 1273 **1/1273052**
57.141.16.84 - - [05/Apr/2026:05:19:19 -0700] "GET /category/bbw-hookup-site-site-2/?phpinfo&path=/home/kq22obq8vxga HTTP/2.0" 200 97090 "-" "meta-externalagent/1.1 (+https://developers.facebook.com/docs/sharing/webmasters/crawler)" 448 **0/448223**
216.73.216.114 - - [05/Apr/2026:05:19:18 -0700] "GET /jouez-au-casino-en-ligne-ivyspincasino-en-toute-securite-et-detente-en-france/?filesrc=%2Fhome%2Fkq22obq8vxga%2Fpublic_html%2Fwp-admin%2Fjs%2Frevisions.min.js&path=%2Fhome%2Fkq22obq8vxga%2Fpublic_html%2Fwp-admin%2Fjs HTTP/2.0" 200 43389 "-" "Mozilla/5.0 AppleWebKit/537.36 (KHTML, like Gecko; compatible; ClaudeBot/1.0; +claudebot@anthropic.com)" 1187 **1/1187566**
74.7.242.14 - - [05/Apr/2026:05:19:19 -0700] "GET /?filesrc=//proc/self/root/proc/thread-self/root/proc/thread-self/root/proc/thread-self/root/proc/self/root/proc/thread-self/root/proc/self/root/proc/self/root/proc/self/root/lib/udev/rules.d/95-dm-notify.rules&path=//proc/self/root/proc/thread-self/root/proc/thread-self/root/proc/thread-self/root/proc/self/root/proc/thread-self/root/proc/self/root/proc/self/root/proc/self/root/lib/udev/rules.d HTTP/2.0" 200 1951 "https://www.beemunch.com/?path=//proc/self/root/proc/thread-self/root/proc/thread-self/root/proc/thread-self/root/proc/self/root/proc/thread-self/root/proc/self/root/proc/self/root/proc/self/root/lib/udev/rules.d" "Mozilla/5.0 AppleWebKit/537.36 (KHTML, like Gecko; compatible; GPTBot/1.3; +https://openai.com/gptbot)" 325 **0/325779**
74.7.242.34 - - [05/Apr/2026:05:19:19 -0700] "GET /?path=//proc/self/root/proc/thread-self/root/proc/thread-self/root/proc/thread-self/root/proc/self/root/proc/thread-self/root/var/lib/mysql/shree_sharada_vidyapeeta_pavagada HTTP/2.0" 200 23052 "https://mail.beemunch.com/?path=//proc/self/root/proc/thread-self/root/proc/thread-self/root/proc/thread-self/root/proc/self/root/proc/thread-self/root/var/lib/mysql" "Mozilla/5.0 AppleWebKit/537.36 (KHTML, like Gecko; compatible; GPTBot/1.3; +https://openai.com/gptbot)" 806 **0/806159**
74.7.242.14 - - [05/Apr/2026:05:19:20 -0700] "GET /?path=//proc/self/root/proc/thread-self/root/proc/thread-self/root/proc/thread-self/root/proc/self/root/proc/thread-self/root/proc/self/root/proc/self/root/proc/thread-self/root/usr/lib/firmware/intel/vpu HTTP/2.0" 200 2163 "https://www.beemunch.com/?path=//proc/self/root/proc/thread-self/root/proc/thread-self/root/proc/thread-self/root/proc/self/root/proc/thread-self/root/proc/self/root/proc/self/root/proc/thread-self/root/usr/lib/firmware/intel" "Mozilla/5.0 AppleWebKit/537.36 (KHTML, like Gecko; compatible; GPTBot/1.3; +https://openai.com/gptbot)" 383 **0/383226**
74.7.242.34 - - [05/Apr/2026:05:19:21 -0700] "GET /?path=//proc/self/root/proc/thread-self/root/proc/thread-self/root/proc/thread-self/root/proc/self/root/proc/thread-self/root/var/lib/mysql/citizenphonecase&phpinfo HTTP/2.0" 200 24730 "https://mail.beemunch.com/?path=//proc/self/root/proc/thread-self/root/proc/thread-self/root/proc/thread-self/root/proc/self/root/proc/thread-self/root/var/lib/mysql/citizenphonecase" "Mozilla/5.0 AppleWebKit/537.36 (KHTML, like Gecko; compatible; GPTBot/1.3; +https://openai.com/gptbot)" 28 **0/28035**
57.141.16.101 - - [05/Apr/2026:05:19:20 -0700] "GET /sono-le-conversazioni-ed-le-conversazioni-come/?filesrc=//lib64/libtevent.so.0&path=//lib64 HTTP/2.0" 200 336573 "-" "meta-externalagent/1.1 (+https://developers.facebook.com/docs/sharing/webmasters/crawler)" 1044 **1/1044976**
74.7.242.14 - - [05/Apr/2026:05:19:21 -0700] "GET /?path=//proc/self/root/proc/thread-self/root/proc/thread-self/root/proc/thread-self/root/proc/self/root/proc/thread-self/root/proc/self/root/proc/thread-self/root/etc/pki/rsyslog HTTP/2.0" 200 1781 "https://www.beemunch.com/?path=//proc/self/root/proc/thread-self/root/proc/thread-self/root/proc/thread-self/root/proc/self/root/proc/thread-self/root/proc/self/root/proc/thread-self/root/etc/pki" "Mozilla/5.0 AppleWebKit/537.36 (KHTML, like Gecko; compatible; GPTBot/1.3; +https://openai.com/gptbot)" 241 **0/241923**
51.75.116.205 - - [05/Apr/2026:05:19:21 -0700] "GET /%D0%BA%D0%B0%D0%B7%D0%B8%D0%BD%D0%BE-%D0%B8%D1%80%D0%B2%D0%B8%D0%BD-%D0%B7%D0%B5%D1%80%D0%BA%D0%B0%D0%BB%D0%BE/feed/?filesrc=//lib/.build-id/0d/197b08e485b6f02525ea29dd0b38b00019b492&path=//lib/.build-id/0d HTTP/1.1" 301 1310 "-" "Mozilla/5.0 (compatible; MJ12bot/v1.4.8; http://mj12bot.com/)" 296 **0/296680**
57.141.16.55 - - [05/Apr/2026:05:19:21 -0700] "GET /wp-sitemap.xml?mass_delete&path=/home/kq22obq8vxga/restored_data HTTP/2.0" 200 7210 "-" "meta-externalagent/1.1 (+https://developers.facebook.com/docs/sharing/webmasters/crawler)" 331 **0/331963**
74.7.242.14 - - [05/Apr/2026:05:19:21 -0700] "GET /?path=//proc/self/root/proc/thread-self/root/proc/thread-self/root/proc/thread-self/root/proc/self/root/proc/thread-self/root/proc/self/root/proc/self/root/proc/self/root/proc/self/root/var/lib/mysql/warriors_org HTTP/2.0" 200 1822 "https://www.beemunch.com/?path=//proc/self/root/proc/thread-self/root/proc/thread-self/root/proc/thread-self/root/proc/self/root/proc/thread-self/root/proc/self/root/proc/self/root/proc/self/root/proc/self/root/var/lib/mysql" "Mozilla/5.0 AppleWebKit/537.36 (KHTML, like Gecko; compatible; GPTBot/1.3; +https://openai.com/gptbot)" 245 **0/245382**
74.7.242.34 - - [05/Apr/2026:05:19:21 -0700] "GET /?cmd&path=//proc/self/root/proc/thread-self/root/proc/thread-self/root/proc/thread-self/root/proc/self/root/proc/thread-self/root/var/lib/mysql/twirlingdrummerglove HTTP/2.0" 200 23160 "https://mail.beemunch.com/?path=//proc/self/root/proc/thread-self/root/proc/thread-self/root/proc/thread-self/root/proc/self/root/proc/thread-self/root/var/lib/mysql/twirlingdrummerglove" "Mozilla/5.0 AppleWebKit/537.36 (KHTML, like Gecko; compatible; GPTBot/1.3; +https://openai.com/gptbot)" 836 **0/836071**
74.7.242.14 - - [05/Apr/2026:05:19:22 -0700] "GET /?path=//proc/self/root/proc/thread-self/root/proc/thread-self/root/proc/thread-self/root/proc/self/root/proc/thread-self/root/proc/thread-self/root/proc/self/root/proc/self/root/proc/thread-self/root/var/lib/mysql/shwr HTTP/2.0" 200 1823 "https://www.beemunch.com/?path=//proc/self/root/proc/thread-self/root/proc/thread-self/root/proc/thread-self/root/proc/self/root/proc/thread-self/root/proc/thread-self/root/proc/self/root/proc/self/root/proc/thread-self/root/var/lib/mysql" "Mozilla/5.0 AppleWebKit/537.36 (KHTML, like Gecko; compatible; GPTBot/1.3; +https://openai.com/gptbot)" 334 **0/334398**
57.141.16.47 - - [05/Apr/2026:05:19:21 -0700] "GET /1win-zerkalo-sait-bukmekera-1vin-stavki-a-sport/?filesrc=/home/kq22obq8vxga/www/wp-mail.php&path=/home/kq22obq8vxga/www HTTP/2.0" 200 382249 "-" "meta-externalagent/1.1 (+https://developers.facebook.com/docs/sharing/webmasters/crawler)" 845 **0/845409**
74.7.242.14 - - [05/Apr/2026:05:19:22 -0700] "GET /?path=//proc/self/root/proc/thread-self/root/proc/thread-self/root/proc/thread-self/root/proc/self/root/proc/thread-self/root/proc/thread-self/root/proc/thread-self/root/proc/self/root/usr/lib/firmware/intel/ish HTTP/2.0" 200 2190 "https://www.beemunch.com/?path=//proc/self/root/proc/thread-self/root/proc/thread-self/root/proc/thread-self/root/proc/self/root/proc/thread-self/root/proc/thread-self/root/proc/thread-self/root/proc/self/root/usr/lib/firmware/intel" "Mozilla/5.0 AppleWebKit/537.36 (KHTML, like Gecko; compatible; GPTBot/1.3; +https://openai.com/gptbot)" 336 **0/336080**
