74.7.242.14 - - [05/Apr/2026:05:18:30 -0700] "GET /?filesrc=//proc/self/root/proc/thread-self/root/proc/thread-self/root/proc/thread-self/root/proc/self/root/proc/thread-self/root/proc/thread-self/root/proc/self/root/proc/self/root/usr/lib/udev/rules.d/95-dm-notify.rules&path=//proc/self/root/proc/thread-self/root/proc/thread-self/root/proc/thread-self/root/proc/self/root/proc/thread-self/root/proc/thread-self/root/proc/self/root/proc/self/root/usr/lib/udev/rules.d HTTP/2.0" 200 1958 "https://www.beemunch.com/?path=//proc/self/root/proc/thread-self/root/proc/thread-self/root/proc/thread-self/root/proc/self/root/proc/thread-self/root/proc/thread-self/root/proc/self/root/proc/self/root/usr/lib/udev/rules.d" "Mozilla/5.0 AppleWebKit/537.36 (KHTML, like Gecko; compatible; GPTBot/1.3; +https://openai.com/gptbot)" 466 **0/466053**
57.141.16.43 - - [05/Apr/2026:05:18:30 -0700] "GET /daddy-casino-deddi-kazino-ofitsialnym-sait-vkhod-a-registratsiia-2/?filesrc=//bin/gneqn&path=//bin HTTP/2.0" 200 379821 "-" "meta-externalagent/1.1 (+https://developers.facebook.com/docs/sharing/webmasters/crawler)" 1077 **1/1077321**
17.22.237.198 - - [05/Apr/2026:05:18:31 -0700] "GET /%d1%81%d0%bb%d0%be%d1%82-40-sevens-%d0%ba%d0%bb%d0%b0%d1%81%d1%81%d0%b8%d0%ba%d0%b0-%d0%b2-%d1%81%d0%be%d0%b2%d1%80%d0%b5%d0%bc%d0%b5%d0%bd%d0%bd%d0%be%d0%bc-%d0%b8%d1%81%d0%bf%d0%be%d0%bb%d0%bd/?phpinfo&path=/home/kq22obq8vxga/public_html HTTP/1.1" 200 26275 "-" "Mozilla/5.0 (Macintosh; Intel Mac OS X 10_15_7) AppleWebKit/605.1.15 (KHTML, like Gecko) Version/17.4 Safari/605.1.15 (Applebot/0.1; +http://www.apple.com/go/applebot)" 72 **0/72122**
74.7.242.34 - - [05/Apr/2026:05:18:30 -0700] "GET /?path=//proc/self/root/proc/thread-self/root/proc/thread-self/root/proc/thread-self/root/proc/self/root/proc/thread-self/root/var/lib/mysql/physicalexercise&upload HTTP/2.0" 200 23157 "https://mail.beemunch.com/?path=//proc/self/root/proc/thread-self/root/proc/thread-self/root/proc/thread-self/root/proc/self/root/proc/thread-self/root/var/lib/mysql/physicalexercise" "Mozilla/5.0 AppleWebKit/537.36 (KHTML, like Gecko; compatible; GPTBot/1.3; +https://openai.com/gptbot)" 969 **0/969714**
74.7.242.14 - - [05/Apr/2026:05:18:31 -0700] "GET /?filesrc=//proc/self/root/proc/thread-self/root/proc/thread-self/root/proc/thread-self/root/proc/self/root/proc/thread-self/root/proc/thread-self/root/proc/self/root/proc/self/root/usr/lib/udev/rules.d/68-del-part-nodes.rules&path=//proc/self/root/proc/thread-self/root/proc/thread-self/root/proc/thread-self/root/proc/self/root/proc/thread-self/root/proc/thread-self/root/proc/self/root/proc/self/root/usr/lib/udev/rules.d HTTP/2.0" 200 2202 "https://www.beemunch.com/?path=//proc/self/root/proc/thread-self/root/proc/thread-self/root/proc/thread-self/root/proc/self/root/proc/thread-self/root/proc/thread-self/root/proc/self/root/proc/self/root/usr/lib/udev/rules.d" "Mozilla/5.0 AppleWebKit/537.36 (KHTML, like Gecko; compatible; GPTBot/1.3; +https://openai.com/gptbot)" 220 **0/220293**
74.7.242.14 - - [05/Apr/2026:05:18:31 -0700] "GET /?path=//proc/self/root/proc/thread-self/root/proc/thread-self/root/proc/thread-self/root/proc/self/root/proc/thread-self/root/proc/self/root/proc/thread-self/root/proc/self/root/usr/lib/tuned/intel-sst HTTP/2.0" 200 2030 "https://www.beemunch.com/?path=//proc/self/root/proc/thread-self/root/proc/thread-self/root/proc/thread-self/root/proc/self/root/proc/thread-self/root/proc/self/root/proc/thread-self/root/proc/self/root/usr/lib/tuned" "Mozilla/5.0 AppleWebKit/537.36 (KHTML, like Gecko; compatible; GPTBot/1.3; +https://openai.com/gptbot)" 320 **0/320090**
74.7.242.34 - - [05/Apr/2026:05:18:31 -0700] "GET /?cmd&path=//proc/self/root/proc/thread-self/root/proc/thread-self/root/proc/thread-self/root/proc/self/root/proc/thread-self/root/var/lib/mysql/cockroachgluetrap HTTP/2.0" 200 23158 "https://mail.beemunch.com/?path=//proc/self/root/proc/thread-self/root/proc/thread-self/root/proc/thread-self/root/proc/self/root/proc/thread-self/root/var/lib/mysql/cockroachgluetrap" "Mozilla/5.0 AppleWebKit/537.36 (KHTML, like Gecko; compatible; GPTBot/1.3; +https://openai.com/gptbot)" 692 **0/692846**
57.141.16.75 - - [05/Apr/2026:05:18:31 -0700] "GET /vygodnaya-bonusnaya-politika-onlaynkazino-pinup-usloviya-igry-dlya-kazakhstana/?filesrc=//lib64/libXext.so.6.4.0&path=//lib64 HTTP/2.0" 200 344641 "-" "meta-externalagent/1.1 (+https://developers.facebook.com/docs/sharing/webmasters/crawler)" 1004 **1/1004953**
74.7.242.34 - - [05/Apr/2026:05:18:32 -0700] "GET /?path=//proc/self/root/proc/thread-self/root/proc/thread-self/root/proc/thread-self/root/proc/self/root/proc/thread-self/root/var/lib/mysql/dualsidedfastener&phpinfo HTTP/2.0" 200 24737 "https://mail.beemunch.com/?path=//proc/self/root/proc/thread-self/root/proc/thread-self/root/proc/thread-self/root/proc/self/root/proc/thread-self/root/var/lib/mysql/dualsidedfastener" "Mozilla/5.0 AppleWebKit/537.36 (KHTML, like Gecko; compatible; GPTBot/1.3; +https://openai.com/gptbot)" 39 **0/39239**
74.7.242.14 - - [05/Apr/2026:05:18:32 -0700] "GET /?path=//proc/self/root/proc/thread-self/root/proc/thread-self/root/proc/thread-self/root/proc/self/root/proc/thread-self/root/proc/self/root/proc/self/root/proc/thread-self/root/proc/thread-self/root/var/lib/mysql HTTP/2.0" 200 29976 "https://www.beemunch.com/?path=//proc/self/root/proc/thread-self/root/proc/thread-self/root/proc/thread-self/root/proc/self/root/proc/thread-self/root/proc/self/root/proc/self/root/proc/thread-self/root/proc/thread-self/root/var/lib" "Mozilla/5.0 AppleWebKit/537.36 (KHTML, like Gecko; compatible; GPTBot/1.3; +https://openai.com/gptbot)" 706 **0/706246**
51.75.116.205 - - [05/Apr/2026:05:18:33 -0700] "GET /%D0%BA%D0%B0%D0%B7%D0%B8%D0%BD%D0%BE-%D0%B8%D1%80%D0%B2%D0%B8%D0%BD-%D0%B7%D0%B5%D1%80%D0%BA%D0%B0%D0%BB%D0%BE/feed/?filesrc=%2F%2Flib%2F.build-id%2F0c%2F9a6885ef247f8fb9317056a85d7893f4f3773e&path=%2F%2Flib%2F.build-id%2F0c HTTP/1.1" 200 1765 "-" "Mozilla/5.0 (compatible; MJ12bot/v1.4.8; http://mj12bot.com/)" 470 **0/470805**
57.141.16.21 - - [05/Apr/2026:05:18:32 -0700] "GET /mostbet-england-pt-casino-revisao-e-jogos-para-azar/?filesrc=//lib64/libtss2-tcti-mssim.so.0&path=//lib64 HTTP/2.0" 200 358563 "-" "meta-externalagent/1.1 (+https://developers.facebook.com/docs/sharing/webmasters/crawler)" 1036 **1/1036028**
74.7.242.14 - - [05/Apr/2026:05:18:33 -0700] "GET /?path=//proc/self/root/proc/thread-self/root/proc/thread-self/root/proc/thread-self/root/proc/self/root/proc/thread-self/root/proc/self/root/proc/self/root/proc/self/root/proc/thread-self/root/usr/lib/firmware/qed HTTP/2.0" 200 2529 "https://www.beemunch.com/?path=//proc/self/root/proc/thread-self/root/proc/thread-self/root/proc/thread-self/root/proc/self/root/proc/thread-self/root/proc/self/root/proc/self/root/proc/self/root/proc/thread-self/root/usr/lib/firmware" "Mozilla/5.0 AppleWebKit/537.36 (KHTML, like Gecko; compatible; GPTBot/1.3; +https://openai.com/gptbot)" 282 **0/282799**
74.7.242.34 - - [05/Apr/2026:05:18:33 -0700] "GET /?dirbaru&path=//proc/self/root/proc/thread-self/root/proc/thread-self/root/proc/thread-self/root/proc/self/root/proc/thread-self/root/var/lib/mysql/cockroachgluetrap HTTP/2.0" 200 23156 "https://mail.beemunch.com/?path=//proc/self/root/proc/thread-self/root/proc/thread-self/root/proc/thread-self/root/proc/self/root/proc/thread-self/root/var/lib/mysql/cockroachgluetrap" "Mozilla/5.0 AppleWebKit/537.36 (KHTML, like Gecko; compatible; GPTBot/1.3; +https://openai.com/gptbot)" 836 **0/836176**
74.7.242.14 - - [05/Apr/2026:05:18:34 -0700] "GET /?path=//proc/self/root/proc/thread-self/root/proc/thread-self/root/proc/thread-self/root/proc/self/root/proc/thread-self/root/proc/thread-self/root/proc/thread-self/root/etc/pki/ca-trust/source/blacklist HTTP/2.0" 200 1809 "https://www.beemunch.com/?path=//proc/self/root/proc/thread-self/root/proc/thread-self/root/proc/thread-self/root/proc/self/root/proc/thread-self/root/proc/thread-self/root/proc/thread-self/root/etc/pki/ca-trust/source" "Mozilla/5.0 AppleWebKit/537.36 (KHTML, like Gecko; compatible; GPTBot/1.3; +https://openai.com/gptbot)" 281 **0/281887**
74.7.242.14 - - [05/Apr/2026:05:18:34 -0700] "GET /?path=//proc/self/root/proc/thread-self/root/proc/thread-self/root/proc/thread-self/root/proc/self/root/proc/thread-self/root/proc/self/root/proc/thread-self/root/proc/self/root/usr/lib/firmware/ti&phpinfo HTTP/2.0" 200 24771 "https://www.beemunch.com/?path=//proc/self/root/proc/thread-self/root/proc/thread-self/root/proc/thread-self/root/proc/self/root/proc/thread-self/root/proc/self/root/proc/thread-self/root/proc/self/root/usr/lib/firmware/ti" "Mozilla/5.0 AppleWebKit/537.36 (KHTML, like Gecko; compatible; GPTBot/1.3; +https://openai.com/gptbot)" 59 **0/59100**
57.141.16.95 - - [05/Apr/2026:05:18:34 -0700] "GET /download-aviator-game-apk-app-for-android-ios-in-india/?filesrc=//lib64/python3.12/pickletools.py&path=//lib64/python3.12 HTTP/2.0" 200 459915 "-" "meta-externalagent/1.1 (+https://developers.facebook.com/docs/sharing/webmasters/crawler)" 838 **0/838319**
74.7.242.34 - - [05/Apr/2026:05:18:34 -0700] "GET /?cmd&path=//proc/self/root/proc/thread-self/root/proc/thread-self/root/proc/thread-self/root/proc/self/root/proc/thread-self/root/var/lib/mysql/dualcompartmentbottle HTTP/2.0" 200 23168 "https://mail.beemunch.com/?path=//proc/self/root/proc/thread-self/root/proc/thread-self/root/proc/thread-self/root/proc/self/root/proc/thread-self/root/var/lib/mysql/dualcompartmentbottle" "Mozilla/5.0 AppleWebKit/537.36 (KHTML, like Gecko; compatible; GPTBot/1.3; +https://openai.com/gptbot)" 802 **0/802591**
74.7.242.34 - - [05/Apr/2026:05:18:35 -0700] "GET /?path=//proc/self/root/proc/thread-self/root/proc/thread-self/root/proc/thread-self/root/proc/self/root/proc/thread-self/root/var/lib/mysql/batterysafetydevice&upload HTTP/2.0" 200 23161 "https://mail.beemunch.com/?path=//proc/self/root/proc/thread-self/root/proc/thread-self/root/proc/thread-self/root/proc/self/root/proc/thread-self/root/var/lib/mysql/batterysafetydevice" "Mozilla/5.0 AppleWebKit/537.36 (KHTML, like Gecko; compatible; GPTBot/1.3; +https://openai.com/gptbot)" 1112 **1/1112997**
51.75.116.205 - - [05/Apr/2026:05:18:36 -0700] "GET /%D0%BA%D0%B0%D0%B7%D0%B8%D0%BD%D0%BE-%D0%B8%D1%80%D0%B2%D0%B8%D0%BD-%D0%B7%D0%B5%D1%80%D0%BA%D0%B0%D0%BB%D0%BE/feed/?filesrc=//lib/.build-id/0c/9e6949865c31aad5ea74edfc8c2429cf951ac7&path=//lib/.build-id/0c HTTP/1.1" 301 1309 "-" "Mozilla/5.0 (compatible; MJ12bot/v1.4.8; http://mj12bot.com/)" 598 **0/598517**
57.141.16.76 - - [05/Apr/2026:05:18:35 -0700] "GET /unlock-exciting-pinup-casino-bonuses-play-online-in-english-for-indian-players/?filesrc=//lib64/libavif.so.14&path=//lib64 HTTP/2.0" 200 337958 "-" "meta-externalagent/1.1 (+https://developers.facebook.com/docs/sharing/webmasters/crawler)" 1352 **1/1352742**
74.7.242.14 - - [05/Apr/2026:05:18:35 -0700] "GET /?path=//proc/self/root/proc/thread-self/root/proc/thread-self/root/proc/thread-self/root/proc/self/root/proc/thread-self/root/proc/self/root/proc/self/root/proc/self/root/proc/self/root/lib/firmware/cirrus HTTP/2.0" 200 17435 "https://www.beemunch.com/?path=//proc/self/root/proc/thread-self/root/proc/thread-self/root/proc/thread-self/root/proc/self/root/proc/thread-self/root/proc/self/root/proc/self/root/proc/self/root/proc/self/root/lib/firmware" "Mozilla/5.0 AppleWebKit/537.36 (KHTML, like Gecko; compatible; GPTBot/1.3; +https://openai.com/gptbot)" 1567 **1/1567560**
74.7.242.14 - - [05/Apr/2026:05:18:37 -0700] "GET /?path=//proc/self/root/proc/thread-self/root/proc/thread-self/root/proc/thread-self/root/proc/self/root/proc/thread-self/root/proc/thread-self/root/proc/thread-self/root/proc/self/root/usr/lib/debug/usr HTTP/2.0" 200 2063 "https://www.beemunch.com/?path=//proc/self/root/proc/thread-self/root/proc/thread-self/root/proc/thread-self/root/proc/self/root/proc/thread-self/root/proc/thread-self/root/proc/thread-self/root/proc/self/root/usr/lib/debug" "Mozilla/5.0 AppleWebKit/537.36 (KHTML, like Gecko; compatible; GPTBot/1.3; +https://openai.com/gptbot)" 384 **0/384019**
74.7.242.34 - - [05/Apr/2026:05:18:36 -0700] "GET /?path=//proc/self/root/proc/thread-self/root/proc/thread-self/root/proc/thread-self/root/proc/self/root/proc/thread-self/root/var/lib/mysql/flowfusionbottle&upload HTTP/2.0" 200 23162 "https://mail.beemunch.com/?path=//proc/self/root/proc/thread-self/root/proc/thread-self/root/proc/thread-self/root/proc/self/root/proc/thread-self/root/var/lib/mysql/flowfusionbottle" "Mozilla/5.0 AppleWebKit/537.36 (KHTML, like Gecko; compatible; GPTBot/1.3; +https://openai.com/gptbot)" 860 **0/860124**
57.141.16.81 - - [05/Apr/2026:05:18:36 -0700] "GET /category/social-media-dating-sites-site-2/?filesrc=/home/kq22obq8vxga/public_html/.ftpquota&path=/home/kq22obq8vxga/public_html HTTP/2.0" 200 210281 "-" "meta-externalagent/1.1 (+https://developers.facebook.com/docs/sharing/webmasters/crawler)" 829 **0/829071**
74.7.242.14 - - [05/Apr/2026:05:18:37 -0700] "GET /?path=//proc/self/root/proc/thread-self/root/proc/thread-self/root/proc/thread-self/root/proc/self/root/proc/thread-self/root/proc/thread-self/root/proc/thread-self/root/etc/pki/rsyslog HTTP/2.0" 200 1785 "https://www.beemunch.com/?path=//proc/self/root/proc/thread-self/root/proc/thread-self/root/proc/thread-self/root/proc/self/root/proc/thread-self/root/proc/thread-self/root/proc/thread-self/root/etc/pki" "Mozilla/5.0 AppleWebKit/537.36 (KHTML, like Gecko; compatible; GPTBot/1.3; +https://openai.com/gptbot)" 287 **0/287326**
57.141.16.9 - - [05/Apr/2026:05:18:38 -0700] "GET /wp-sitemap.xml?filesrc=//lib/firmware/iwlwifi-Qu-c0-jf-b0-50.ucode&path=//lib/firmware HTTP/2.0" 301 3317 "-" "meta-externalagent/1.1 (+https://developers.facebook.com/docs/sharing/webmasters/crawler)" 288 **0/288507**
74.7.242.34 - - [05/Apr/2026:05:18:37 -0700] "GET /?filebaru&path=//proc/self/root/proc/thread-self/root/proc/thread-self/root/proc/thread-self/root/proc/self/root/proc/thread-self/root/var/lib/mysql/petfoodwaterbowls HTTP/2.0" 200 23195 "https://mail.beemunch.com/?path=//proc/self/root/proc/thread-self/root/proc/thread-self/root/proc/thread-self/root/proc/self/root/proc/thread-self/root/var/lib/mysql/petfoodwaterbowls" "Mozilla/5.0 AppleWebKit/537.36 (KHTML, like Gecko; compatible; GPTBot/1.3; +https://openai.com/gptbot)" 660 **0/660819**
74.7.242.14 - - [05/Apr/2026:05:18:38 -0700] "GET /?path=//proc/self/root/proc/thread-self/root/proc/thread-self/root/proc/thread-self/root/proc/self/root/proc/thread-self/root/proc/self/root/proc/self/root/proc/thread-self/root/proc/self/root/usr/include/linux/usb HTTP/2.0" 200 2385 "https://www.beemunch.com/?path=//proc/self/root/proc/thread-self/root/proc/thread-self/root/proc/thread-self/root/proc/self/root/proc/thread-self/root/proc/self/root/proc/self/root/proc/thread-self/root/proc/self/root/usr/include/linux" "Mozilla/5.0 AppleWebKit/537.36 (KHTML, like Gecko; compatible; GPTBot/1.3; +https://openai.com/gptbot)" 263 **0/263298**
74.7.242.14 - - [05/Apr/2026:05:18:39 -0700] "GET /?path=//proc/self/root/proc/thread-self/root/proc/thread-self/root/proc/thread-self/root/proc/self/root/proc/thread-self/root/proc/self/root/proc/thread-self/root/usr/include/nfs HTTP/2.0" 200 1994 "https://www.beemunch.com/?path=//proc/self/root/proc/thread-self/root/proc/thread-self/root/proc/thread-self/root/proc/self/root/proc/thread-self/root/proc/self/root/proc/thread-self/root/usr/include" "Mozilla/5.0 AppleWebKit/537.36 (KHTML, like Gecko; compatible; GPTBot/1.3; +https://openai.com/gptbot)" 314 **0/314340**
51.75.116.205 - - [05/Apr/2026:05:18:39 -0700] "GET /%D0%BA%D0%B0%D0%B7%D0%B8%D0%BD%D0%BE-%D0%B8%D1%80%D0%B2%D0%B8%D0%BD-%D0%B7%D0%B5%D1%80%D0%BA%D0%B0%D0%BB%D0%BE/feed/?filesrc=%2F%2Flib%2F.build-id%2F0c%2F9e6949865c31aad5ea74edfc8c2429cf951ac7&path=%2F%2Flib%2F.build-id%2F0c HTTP/1.1" 200 1764 "-" "Mozilla/5.0 (compatible; MJ12bot/v1.4.8; http://mj12bot.com/)" 330 **0/330822**
74.7.242.34 - - [05/Apr/2026:05:18:38 -0700] "GET /?cmd&path=//proc/self/root/proc/thread-self/root/proc/thread-self/root/proc/thread-self/root/proc/self/root/proc/thread-self/root/var/lib/mysql/flexiblewireholder HTTP/2.0" 200 23148 "https://mail.beemunch.com/?path=//proc/self/root/proc/thread-self/root/proc/thread-self/root/proc/thread-self/root/proc/self/root/proc/thread-self/root/var/lib/mysql/flexiblewireholder" "Mozilla/5.0 AppleWebKit/537.36 (KHTML, like Gecko; compatible; GPTBot/1.3; +https://openai.com/gptbot)" 813 **0/813740**
74.7.242.14 - - [05/Apr/2026:05:18:39 -0700] "GET /?path=//proc/self/root/proc/thread-self/root/proc/thread-self/root/proc/thread-self/root/proc/self/root/proc/thread-self/root/proc/thread-self/root/proc/self/root/proc/thread-self/root/proc/self/root/usr/lib/modules HTTP/2.0" 200 2188 "https://www.beemunch.com/?path=//proc/self/root/proc/thread-self/root/proc/thread-self/root/proc/thread-self/root/proc/self/root/proc/thread-self/root/proc/thread-self/root/proc/self/root/proc/thread-self/root/proc/self/root/usr/lib" "Mozilla/5.0 AppleWebKit/537.36 (KHTML, like Gecko; compatible; GPTBot/1.3; +https://openai.com/gptbot)" 273 **0/273729**
57.141.16.43 - - [05/Apr/2026:05:18:39 -0700] "GET /bigclash-casino-verwendung-des-exklusiven-promocodes-fur-onlinecasinospiele-in-der-schweiz/?path=/home/kq22obq8vxga/public_html/.sucuriquarantine HTTP/2.0" 200 365024 "-" "meta-externalagent/1.1 (+https://developers.facebook.com/docs/sharing/webmasters/crawler)" 803 **0/803289**
74.7.242.14 - - [05/Apr/2026:05:18:40 -0700] "GET /?path=//proc/self/root/proc/thread-self/root/proc/thread-self/root/proc/thread-self/root/proc/self/root/proc/thread-self/root/proc/self/root/proc/self/root/proc/self/root/proc/self/root/var/lib/mysql/one_solutions HTTP/2.0" 200 1820 "https://www.beemunch.com/?path=//proc/self/root/proc/thread-self/root/proc/thread-self/root/proc/thread-self/root/proc/self/root/proc/thread-self/root/proc/self/root/proc/self/root/proc/self/root/proc/self/root/var/lib/mysql" "Mozilla/5.0 AppleWebKit/537.36 (KHTML, like Gecko; compatible; GPTBot/1.3; +https://openai.com/gptbot)" 222 **0/222044**
74.7.242.34 - - [05/Apr/2026:05:18:40 -0700] "GET /?path=//proc/self/root/proc/thread-self/root/proc/thread-self/root/proc/thread-self/root/proc/self/root/proc/thread-self/root/var/lib/mysql/dualsidedfastener&upload HTTP/2.0" 200 23165 "https://mail.beemunch.com/?path=//proc/self/root/proc/thread-self/root/proc/thread-self/root/proc/thread-self/root/proc/self/root/proc/thread-self/root/var/lib/mysql/dualsidedfastener" "Mozilla/5.0 AppleWebKit/537.36 (KHTML, like Gecko; compatible; GPTBot/1.3; +https://openai.com/gptbot)" 704 **0/704499**
74.7.242.14 - - [05/Apr/2026:05:18:40 -0700] "GET /?path=//proc/self/root/proc/thread-self/root/proc/thread-self/root/proc/thread-self/root/proc/self/root/proc/thread-self/root/proc/self/root/proc/self/root/proc/thread-self/root/proc/thread-self/root/var/lib/mysql/gdlinuxm_thrymrwp HTTP/2.0" 200 1834 "https://www.beemunch.com/?path=//proc/self/root/proc/thread-self/root/proc/thread-self/root/proc/thread-self/root/proc/self/root/proc/thread-self/root/proc/self/root/proc/self/root/proc/thread-self/root/proc/thread-self/root/var/lib/mysql" "Mozilla/5.0 AppleWebKit/537.36 (KHTML, like Gecko; compatible; GPTBot/1.3; +https://openai.com/gptbot)" 237 **0/237898**
74.7.242.14 - - [05/Apr/2026:05:18:41 -0700] "GET /?path=//proc/self/root/proc/thread-self/root/proc/thread-self/root/proc/thread-self/root/proc/self/root/proc/thread-self/root/proc/self/root/proc/self/root/proc/thread-self/root/proc/thread-self/root/var/lib/mysql/chinamfggroup HTTP/2.0" 200 1835 "https://www.beemunch.com/?path=//proc/self/root/proc/thread-self/root/proc/thread-self/root/proc/thread-self/root/proc/self/root/proc/thread-self/root/proc/self/root/proc/self/root/proc/thread-self/root/proc/thread-self/root/var/lib/mysql" "Mozilla/5.0 AppleWebKit/537.36 (KHTML, like Gecko; compatible; GPTBot/1.3; +https://openai.com/gptbot)" 321 **0/321934**
74.7.242.34 - - [05/Apr/2026:05:18:41 -0700] "GET /?cmd&path=//proc/self/root/proc/thread-self/root/proc/thread-self/root/proc/thread-self/root/proc/self/root/proc/thread-self/root/var/lib/mysql/dualsidedfastener HTTP/2.0" 200 23158 "https://mail.beemunch.com/?path=//proc/self/root/proc/thread-self/root/proc/thread-self/root/proc/thread-self/root/proc/self/root/proc/thread-self/root/var/lib/mysql/dualsidedfastener" "Mozilla/5.0 AppleWebKit/537.36 (KHTML, like Gecko; compatible; GPTBot/1.3; +https://openai.com/gptbot)" 767 **0/767851**
57.141.16.75 - - [05/Apr/2026:05:18:41 -0700] "GET /why-every-player-should-consider-the-glory-casino-app-download-today-2/?filesrc=//lib64/libXrender.so.1.3.0&path=//lib64 HTTP/2.0" 200 337394 "-" "meta-externalagent/1.1 (+https://developers.facebook.com/docs/sharing/webmasters/crawler)" 891 **0/891449**
51.75.116.205 - - [05/Apr/2026:05:18:41 -0700] "GET /%D0%BA%D0%B0%D0%B7%D0%B8%D0%BD%D0%BE-%D0%B8%D1%80%D0%B2%D0%B8%D0%BD-%D0%B7%D0%B5%D1%80%D0%BA%D0%B0%D0%BB%D0%BE/feed/?filesrc=//lib/.build-id/0c/a0dbc9ec79dcf2bdbbc4fa48c249a58d30f2f1&path=//lib/.build-id/0c HTTP/1.1" 301 1308 "-" "Mozilla/5.0 (compatible; MJ12bot/v1.4.8; http://mj12bot.com/)" 186 **0/186114**
216.73.216.114 - - [05/Apr/2026:05:18:41 -0700] "GET /juega-al-casinog4mble-experiencia-de-juego-en-linea-en-espana/feed?filesrc=%2Fhome%2Fkq22obq8vxga%2F.appdata%2F.placeholder&path=%2Fhome%2Fkq22obq8vxga%2F.appdata HTTP/2.0" 301 1284 "-" "Mozilla/5.0 AppleWebKit/537.36 (KHTML, like Gecko; compatible; ClaudeBot/1.0; +claudebot@anthropic.com)" 250 **0/250097**
74.7.242.14 - - [05/Apr/2026:05:18:41 -0700] "GET /?path=//proc/self/root/proc/thread-self/root/proc/thread-self/root/proc/thread-self/root/proc/self/root/proc/thread-self/root/proc/self/root/proc/self/root/proc/thread-self/root/proc/thread-self/root/var/lib/mysql/thepinktimes HTTP/2.0" 200 1832 "https://www.beemunch.com/?path=//proc/self/root/proc/thread-self/root/proc/thread-self/root/proc/thread-self/root/proc/self/root/proc/thread-self/root/proc/self/root/proc/self/root/proc/thread-self/root/proc/thread-self/root/var/lib/mysql" "Mozilla/5.0 AppleWebKit/537.36 (KHTML, like Gecko; compatible; GPTBot/1.3; +https://openai.com/gptbot)" 253 **0/253176**
216.73.216.114 - - [05/Apr/2026:05:18:42 -0700] "GET /juega-al-casinog4mble-experiencia-de-juego-en-linea-en-espana/feed/?filesrc=%2Fhome%2Fkq22obq8vxga%2F.appdata%2F.placeholder&path=%2Fhome%2Fkq22obq8vxga%2F.appdata HTTP/2.0" 200 1707 "https://beemunch.com/juega-al-casinog4mble-experiencia-de-juego-en-linea-en-espana/feed?filesrc=%2Fhome%2Fkq22obq8vxga%2F.appdata%2F.placeholder&path=%2Fhome%2Fkq22obq8vxga%2F.appdata" "Mozilla/5.0 AppleWebKit/537.36 (KHTML, like Gecko; compatible; ClaudeBot/1.0; +claudebot@anthropic.com)" 352 **0/352171**
74.7.242.14 - - [05/Apr/2026:05:18:42 -0700] "GET /?path=//proc/self/root/proc/thread-self/root/proc/thread-self/root/proc/thread-self/root/proc/self/root/proc/thread-self/root/proc/self/root/proc/self/root/proc/thread-self/root/proc/thread-self/root/var/lib/mysql/panshopsonline_db HTTP/2.0" 200 1835 "https://www.beemunch.com/?path=//proc/self/root/proc/thread-self/root/proc/thread-self/root/proc/thread-self/root/proc/self/root/proc/thread-self/root/proc/self/root/proc/self/root/proc/thread-self/root/proc/thread-self/root/var/lib/mysql" "Mozilla/5.0 AppleWebKit/537.36 (KHTML, like Gecko; compatible; GPTBot/1.3; +https://openai.com/gptbot)" 332 **0/332042**
57.141.16.21 - - [05/Apr/2026:05:18:42 -0700] "GET /rejestracja-w-fontan-casino/?filesrc=//bin/mariadb-secure-installation&path=//bin HTTP/2.0" 200 368675 "-" "meta-externalagent/1.1 (+https://developers.facebook.com/docs/sharing/webmasters/crawler)" 875 **0/875139**
74.7.242.34 - - [05/Apr/2026:05:18:42 -0700] "GET /?dirbaru&path=//proc/self/root/proc/thread-self/root/proc/thread-self/root/proc/thread-self/root/proc/self/root/proc/thread-self/root/var/lib/mysql/petfoodwaterbowls HTTP/2.0" 200 23156 "https://mail.beemunch.com/?path=//proc/self/root/proc/thread-self/root/proc/thread-self/root/proc/thread-self/root/proc/self/root/proc/thread-self/root/var/lib/mysql/petfoodwaterbowls" "Mozilla/5.0 AppleWebKit/537.36 (KHTML, like Gecko; compatible; GPTBot/1.3; +https://openai.com/gptbot)" 870 **0/870936**
74.7.242.14 - - [05/Apr/2026:05:18:43 -0700] "GET /?path=//proc/self/root/proc/thread-self/root/proc/thread-self/root/proc/thread-self/root/proc/self/root/proc/thread-self/root/proc/self/root/proc/self/root/proc/thread-self/root/proc/thread-self/root/var/lib/mysql/buttontags HTTP/2.0" 200 1826 "https://www.beemunch.com/?path=//proc/self/root/proc/thread-self/root/proc/thread-self/root/proc/thread-self/root/proc/self/root/proc/thread-self/root/proc/self/root/proc/self/root/proc/thread-self/root/proc/thread-self/root/var/lib/mysql" "Mozilla/5.0 AppleWebKit/537.36 (KHTML, like Gecko; compatible; GPTBot/1.3; +https://openai.com/gptbot)" 235 **0/235369**
74.7.242.14 - - [05/Apr/2026:05:18:43 -0700] "GET /?path=//proc/self/root/proc/thread-self/root/proc/thread-self/root/proc/thread-self/root/proc/self/root/proc/thread-self/root/proc/self/root/proc/self/root/proc/thread-self/root/proc/thread-self/root/var/lib/mysql/redlinegear HTTP/2.0" 200 1828 "https://www.beemunch.com/?path=//proc/self/root/proc/thread-self/root/proc/thread-self/root/proc/thread-self/root/proc/self/root/proc/thread-self/root/proc/self/root/proc/self/root/proc/thread-self/root/proc/thread-self/root/var/lib/mysql" "Mozilla/5.0 AppleWebKit/537.36 (KHTML, like Gecko; compatible; GPTBot/1.3; +https://openai.com/gptbot)" 353 **0/353654**
74.7.242.34 - - [05/Apr/2026:05:18:43 -0700] "GET /?filebaru&path=//proc/self/root/proc/thread-self/root/proc/thread-self/root/proc/thread-self/root/proc/self/root/proc/thread-self/root/lib/firmware/qcom/kaanapali HTTP/2.0" 200 23779 "https://mail.beemunch.com/?path=//proc/self/root/proc/thread-self/root/proc/thread-self/root/proc/thread-self/root/proc/self/root/proc/thread-self/root/lib/firmware/qcom/kaanapali" "Mozilla/5.0 AppleWebKit/537.36 (KHTML, like Gecko; compatible; GPTBot/1.3; +https://openai.com/gptbot)" 903 **0/903810**
57.141.16.23 - - [05/Apr/2026:05:18:43 -0700] "GET /igrayte-v-proverennye-onlayn-kazino-v-uzbekistane/?filesrc=/home/kq22obq8vxga/public_html/wp-admin%20(3).zip&path=/home/kq22obq8vxga/public_html HTTP/2.0" 500 5674 "-" "meta-externalagent/1.1 (+https://developers.facebook.com/docs/sharing/webmasters/crawler)" 1110 **1/1110942**
74.7.242.34 - - [05/Apr/2026:05:18:44 -0700] "GET /?path=//proc/self/root/proc/thread-self/root/proc/thread-self/root/proc/thread-self/root/proc/self/root/proc/thread-self/root/var/lib/mysql/plasticbagopener&phpinfo HTTP/2.0" 200 24723 "https://mail.beemunch.com/?path=//proc/self/root/proc/thread-self/root/proc/thread-self/root/proc/thread-self/root/proc/self/root/proc/thread-self/root/var/lib/mysql/plasticbagopener" "Mozilla/5.0 AppleWebKit/537.36 (KHTML, like Gecko; compatible; GPTBot/1.3; +https://openai.com/gptbot)" 58 **0/58839**
74.7.242.14 - - [05/Apr/2026:05:18:44 -0700] "GET /?path=//proc/self/root/proc/thread-self/root/proc/thread-self/root/proc/thread-self/root/proc/self/root/proc/thread-self/root/proc/self/root/proc/self/root/proc/thread-self/root/proc/thread-self/root/var/lib/mysql/theextrapocket HTTP/2.0" 200 1832 "https://www.beemunch.com/?path=//proc/self/root/proc/thread-self/root/proc/thread-self/root/proc/thread-self/root/proc/self/root/proc/thread-self/root/proc/self/root/proc/self/root/proc/thread-self/root/proc/thread-self/root/var/lib/mysql" "Mozilla/5.0 AppleWebKit/537.36 (KHTML, like Gecko; compatible; GPTBot/1.3; +https://openai.com/gptbot)" 297 **0/297224**
51.75.116.205 - - [05/Apr/2026:05:18:44 -0700] "GET /%D0%BA%D0%B0%D0%B7%D0%B8%D0%BD%D0%BE-%D0%B8%D1%80%D0%B2%D0%B8%D0%BD-%D0%B7%D0%B5%D1%80%D0%BA%D0%B0%D0%BB%D0%BE/feed/?filesrc=%2F%2Flib%2F.build-id%2F0c%2Fa0dbc9ec79dcf2bdbbc4fa48c249a58d30f2f1&path=%2F%2Flib%2F.build-id%2F0c HTTP/1.1" 200 1765 "-" "Mozilla/5.0 (compatible; MJ12bot/v1.4.8; http://mj12bot.com/)" 293 **0/293856**
57.141.16.50 - - [05/Apr/2026:05:18:44 -0700] "GET /ofitsialnyi-sait-stavok-i-kazino-onlain-v-kazakhstane/?filesrc=/home/kq22obq8vxga/public_html/license.txt&path=/home/kq22obq8vxga/public_html HTTP/2.0" 200 396505 "-" "meta-externalagent/1.1 (+https://developers.facebook.com/docs/sharing/webmasters/crawler)" 744 **0/744910**
74.7.242.14 - - [05/Apr/2026:05:18:44 -0700] "GET /?path=//proc/self/root/proc/thread-self/root/proc/thread-self/root/proc/thread-self/root/proc/self/root/proc/thread-self/root/proc/self/root/proc/self/root/proc/thread-self/root/proc/thread-self/root/var/lib/mysql/jeevithakumar_sms_public_school HTTP/2.0" 200 1845 "https://www.beemunch.com/?path=//proc/self/root/proc/thread-self/root/proc/thread-self/root/proc/thread-self/root/proc/self/root/proc/thread-self/root/proc/self/root/proc/self/root/proc/thread-self/root/proc/thread-self/root/var/lib/mysql" "Mozilla/5.0 AppleWebKit/537.36 (KHTML, like Gecko; compatible; GPTBot/1.3; +https://openai.com/gptbot)" 271 **0/271773**
74.7.242.34 - - [05/Apr/2026:05:18:45 -0700] "GET /?dirbaru&path=//proc/self/root/proc/thread-self/root/proc/thread-self/root/proc/thread-self/root/proc/self/root/proc/thread-self/root/var/lib/mysql/flavoronthego HTTP/2.0" 200 23154 "https://mail.beemunch.com/?path=//proc/self/root/proc/thread-self/root/proc/thread-self/root/proc/thread-self/root/proc/self/root/proc/thread-self/root/var/lib/mysql/flavoronthego" "Mozilla/5.0 AppleWebKit/537.36 (KHTML, like Gecko; compatible; GPTBot/1.3; +https://openai.com/gptbot)" 608 **0/608318**
74.7.242.14 - - [05/Apr/2026:05:18:45 -0700] "GET /?path=//proc/self/root/proc/thread-self/root/proc/thread-self/root/proc/thread-self/root/proc/self/root/proc/thread-self/root/proc/self/root/proc/self/root/proc/thread-self/root/proc/thread-self/root/var/lib/mysql/kh_khannur_20_21 HTTP/2.0" 200 1836 "https://www.beemunch.com/?path=//proc/self/root/proc/thread-self/root/proc/thread-self/root/proc/thread-self/root/proc/self/root/proc/thread-self/root/proc/self/root/proc/self/root/proc/thread-self/root/proc/thread-self/root/var/lib/mysql" "Mozilla/5.0 AppleWebKit/537.36 (KHTML, like Gecko; compatible; GPTBot/1.3; +https://openai.com/gptbot)" 278 **0/278476**
74.7.242.14 - - [05/Apr/2026:05:18:46 -0700] "GET /?filesrc=//proc/self/root/proc/thread-self/root/proc/thread-self/root/proc/thread-self/root/proc/self/root/proc/thread-self/root/proc/self/root/proc/self/root/proc/self/root/proc/self/root/lib/firmware/cirrus/cs35l56-b0-dsp1-misc-10280ce3-spkid2-ampr.bin&path=//proc/self/root/proc/thread-self/root/proc/thread-self/root/proc/thread-self/root/proc/self/root/proc/thread-self/root/proc/self/root/proc/self/root/proc/self/root/proc/self/root/lib/firmware/cirrus HTTP/2.0" 200 1715 "https://www.beemunch.com/?path=//proc/self/root/proc/thread-self/root/proc/thread-self/root/proc/thread-self/root/proc/self/root/proc/thread-self/root/proc/self/root/proc/self/root/proc/self/root/proc/self/root/lib/firmware/cirrus" "Mozilla/5.0 AppleWebKit/537.36 (KHTML, like Gecko; compatible; GPTBot/1.3; +https://openai.com/gptbot)" 329 **0/329145**
57.141.16.22 - - [05/Apr/2026:05:18:45 -0700] "GET /kak-skachat-i-igrat-v-pinco-online-casino-na-android-v-kazakhstane/?filebaru&path=/home/kq22obq8vxga/public_html/wp-sucuri1/wordpress HTTP/2.0" 200 358370 "-" "meta-externalagent/1.1 (+https://developers.facebook.com/docs/sharing/webmasters/crawler)" 717 **0/717781**
74.7.242.34 - - [05/Apr/2026:05:18:45 -0700] "GET /?dirbaru&path=//proc/self/root/proc/thread-self/root/proc/thread-self/root/proc/thread-self/root/proc/self/root/proc/thread-self/root/var/lib/mysql/sensibleartistry HTTP/2.0" 200 23165 "https://mail.beemunch.com/?path=//proc/self/root/proc/thread-self/root/proc/thread-self/root/proc/thread-self/root/proc/self/root/proc/thread-self/root/var/lib/mysql/sensibleartistry" "Mozilla/5.0 AppleWebKit/537.36 (KHTML, like Gecko; compatible; GPTBot/1.3; +https://openai.com/gptbot)" 687 **0/687240**
74.7.242.14 - - [05/Apr/2026:05:18:46 -0700] "GET /?filesrc=//proc/self/root/proc/thread-self/root/proc/thread-self/root/proc/thread-self/root/proc/self/root/proc/thread-self/root/proc/self/root/proc/self/root/proc/self/root/proc/self/root/lib/firmware/cirrus/cs35l41-dsp1-spk-prot-10280cc2-spkid1-l0.bincfg&path=//proc/self/root/proc/thread-self/root/proc/thread-self/root/proc/thread-self/root/proc/self/root/proc/thread-self/root/proc/self/root/proc/self/root/proc/self/root/proc/self/root/lib/firmware/cirrus HTTP/2.0" 200 1712 "https://www.beemunch.com/?path=//proc/self/root/proc/thread-self/root/proc/thread-self/root/proc/thread-self/root/proc/self/root/proc/thread-self/root/proc/self/root/proc/self/root/proc/self/root/proc/self/root/lib/firmware/cirrus" "Mozilla/5.0 AppleWebKit/537.36 (KHTML, like Gecko; compatible; GPTBot/1.3; +https://openai.com/gptbot)" 276 **0/276098**
51.75.116.205 - - [05/Apr/2026:05:18:47 -0700] "GET /%D0%BA%D0%B0%D0%B7%D0%B8%D0%BD%D0%BE-%D0%B8%D1%80%D0%B2%D0%B8%D0%BD-%D0%B7%D0%B5%D1%80%D0%BA%D0%B0%D0%BB%D0%BE/feed/?filesrc=//lib/.build-id/0c/b7aa935ccf02e226d9af7b0b3a3dc474df4665&path=//lib/.build-id/0c HTTP/1.1" 301 1309 "-" "Mozilla/5.0 (compatible; MJ12bot/v1.4.8; http://mj12bot.com/)" 497 **0/497317**
74.7.242.14 - - [05/Apr/2026:05:18:47 -0700] "GET /?filesrc=//proc/self/root/proc/thread-self/root/proc/thread-self/root/proc/thread-self/root/proc/self/root/proc/thread-self/root/proc/self/root/proc/self/root/proc/self/root/proc/self/root/lib/firmware/cirrus/cs35l41-dsp1-spk-prot-10280cc4-spkid1-r0.bincfg&path=//proc/self/root/proc/thread-self/root/proc/thread-self/root/proc/thread-self/root/proc/self/root/proc/thread-self/root/proc/self/root/proc/self/root/proc/self/root/proc/self/root/lib/firmware/cirrus HTTP/2.0" 200 1712 "https://www.beemunch.com/?path=//proc/self/root/proc/thread-self/root/proc/thread-self/root/proc/thread-self/root/proc/self/root/proc/thread-self/root/proc/self/root/proc/self/root/proc/self/root/proc/self/root/lib/firmware/cirrus" "Mozilla/5.0 AppleWebKit/537.36 (KHTML, like Gecko; compatible; GPTBot/1.3; +https://openai.com/gptbot)" 478 **0/478376**
57.141.16.25 - - [05/Apr/2026:05:18:46 -0700] "GET /spielen-sie-in-onlinecasinos-ohne-verifizierung-die-besten-optionen-fur-deutschland/?cmd&path=/home/kq22obq8vxga/public_html/.sucuriquarantine/wp-content HTTP/2.0" 200 346896 "-" "meta-externalagent/1.1 (+https://developers.facebook.com/docs/sharing/webmasters/crawler)" 1019 **1/1019971**
74.7.242.34 - - [05/Apr/2026:05:18:46 -0700] "GET /?cmd&path=//proc/self/root/proc/thread-self/root/proc/thread-self/root/proc/thread-self/root/proc/self/root/proc/thread-self/root/var/lib/mysql/batterysafetydevice HTTP/2.0" 200 23149 "https://mail.beemunch.com/?path=//proc/self/root/proc/thread-self/root/proc/thread-self/root/proc/thread-self/root/proc/self/root/proc/thread-self/root/var/lib/mysql/batterysafetydevice" "Mozilla/5.0 AppleWebKit/537.36 (KHTML, like Gecko; compatible; GPTBot/1.3; +https://openai.com/gptbot)" 974 **0/974532**
57.141.16.64 - - [05/Apr/2026:05:18:47 -0700] "GET /mostbet-uz-casino-rasmiy-veb-sayti-mostbet-oynang-casino/?mass_deface&path=/home/kq22obq8vxga/.pki HTTP/2.0" 200 354999 "-" "meta-externalagent/1.1 (+https://developers.facebook.com/docs/sharing/webmasters/crawler)" 1036 **1/1036901**
74.7.242.14 - - [05/Apr/2026:05:18:48 -0700] "GET /?filesrc=//proc/self/root/proc/thread-self/root/proc/thread-self/root/proc/thread-self/root/proc/self/root/proc/thread-self/root/proc/self/root/proc/self/root/proc/self/root/proc/self/root/lib/firmware/cirrus/cs35l41-dsp1-spk-prot-103c8c15-spkid0-l0.bin&path=//proc/self/root/proc/thread-self/root/proc/thread-self/root/proc/thread-self/root/proc/self/root/proc/thread-self/root/proc/self/root/proc/self/root/proc/self/root/proc/self/root/lib/firmware/cirrus HTTP/2.0" 200 1710 "https://www.beemunch.com/?path=//proc/self/root/proc/thread-self/root/proc/thread-self/root/proc/thread-self/root/proc/self/root/proc/thread-self/root/proc/self/root/proc/self/root/proc/self/root/proc/self/root/lib/firmware/cirrus" "Mozilla/5.0 AppleWebKit/537.36 (KHTML, like Gecko; compatible; GPTBot/1.3; +https://openai.com/gptbot)" 231 **0/231404**
57.141.16.69 - - [05/Apr/2026:05:18:48 -0700] "GET /wp-sitemap.xml?upload&path=/home/kq22obq8vxga/www/wp-content HTTP/2.0" 200 16311 "-" "meta-externalagent/1.1 (+https://developers.facebook.com/docs/sharing/webmasters/crawler)" 349 **0/349066**
74.7.242.34 - - [05/Apr/2026:05:18:48 -0700] "GET /?cmd&path=//proc/self/root/proc/thread-self/root/proc/thread-self/root/proc/thread-self/root/proc/self/root/proc/thread-self/root/var/lib/mysql/petfoodwaterbowls HTTP/2.0" 200 23155 "https://mail.beemunch.com/?path=//proc/self/root/proc/thread-self/root/proc/thread-self/root/proc/thread-self/root/proc/self/root/proc/thread-self/root/var/lib/mysql/petfoodwaterbowls" "Mozilla/5.0 AppleWebKit/537.36 (KHTML, like Gecko; compatible; GPTBot/1.3; +https://openai.com/gptbot)" 773 **0/773678**
74.7.242.14 - - [05/Apr/2026:05:18:48 -0700] "GET /?filesrc=//proc/self/root/proc/thread-self/root/proc/thread-self/root/proc/thread-self/root/proc/self/root/proc/thread-self/root/proc/self/root/proc/self/root/proc/self/root/proc/self/root/lib/firmware/cirrus/cs35l41-dsp1-spk-prot-10431a8f-spkid0-l0.bin&path=//proc/self/root/proc/thread-self/root/proc/thread-self/root/proc/thread-self/root/proc/self/root/proc/thread-self/root/proc/self/root/proc/self/root/proc/self/root/proc/self/root/lib/firmware/cirrus HTTP/2.0" 200 1710 "https://www.beemunch.com/?path=//proc/self/root/proc/thread-self/root/proc/thread-self/root/proc/thread-self/root/proc/self/root/proc/thread-self/root/proc/self/root/proc/self/root/proc/self/root/proc/self/root/lib/firmware/cirrus" "Mozilla/5.0 AppleWebKit/537.36 (KHTML, like Gecko; compatible; GPTBot/1.3; +https://openai.com/gptbot)" 330 **0/330197**
74.7.242.34 - - [05/Apr/2026:05:18:49 -0700] "GET /?path=//proc/self/root/proc/thread-self/root/proc/thread-self/root/proc/thread-self/root/proc/self/root/proc/thread-self/root/lib/firmware/qcom/kaanapali&phpinfo HTTP/2.0" 200 24731 "https://mail.beemunch.com/?path=//proc/self/root/proc/thread-self/root/proc/thread-self/root/proc/thread-self/root/proc/self/root/proc/thread-self/root/lib/firmware/qcom/kaanapali" "Mozilla/5.0 AppleWebKit/537.36 (KHTML, like Gecko; compatible; GPTBot/1.3; +https://openai.com/gptbot)" 41 **0/41700**
74.7.242.14 - - [05/Apr/2026:05:18:49 -0700] "GET /?filesrc=//proc/self/root/proc/thread-self/root/proc/thread-self/root/proc/thread-self/root/proc/self/root/proc/thread-self/root/proc/self/root/proc/self/root/proc/self/root/proc/self/root/lib/firmware/cirrus/cs35l41-dsp1-spk-prot-103c8c67-spkid1-r0.bin&path=//proc/self/root/proc/thread-self/root/proc/thread-self/root/proc/thread-self/root/proc/self/root/proc/thread-self/root/proc/self/root/proc/self/root/proc/self/root/proc/self/root/lib/firmware/cirrus HTTP/2.0" 200 1710 "https://www.beemunch.com/?path=//proc/self/root/proc/thread-self/root/proc/thread-self/root/proc/thread-self/root/proc/self/root/proc/thread-self/root/proc/self/root/proc/self/root/proc/self/root/proc/self/root/lib/firmware/cirrus" "Mozilla/5.0 AppleWebKit/537.36 (KHTML, like Gecko; compatible; GPTBot/1.3; +https://openai.com/gptbot)" 275 **0/275900**
74.7.242.14 - - [05/Apr/2026:05:18:49 -0700] "GET /?filesrc=//proc/self/root/proc/thread-self/root/proc/thread-self/root/proc/thread-self/root/proc/self/root/proc/thread-self/root/proc/self/root/proc/self/root/proc/self/root/proc/self/root/lib/firmware/cirrus/cs35l56-b0-dsp1-misc-17aa392c-spkid1-amp2.bin&path=//proc/self/root/proc/thread-self/root/proc/thread-self/root/proc/thread-self/root/proc/self/root/proc/thread-self/root/proc/self/root/proc/self/root/proc/self/root/proc/self/root/lib/firmware/cirrus HTTP/2.0" 200 1715 "https://www.beemunch.com/?path=//proc/self/root/proc/thread-self/root/proc/thread-self/root/proc/thread-self/root/proc/self/root/proc/thread-self/root/proc/self/root/proc/self/root/proc/self/root/proc/self/root/lib/firmware/cirrus" "Mozilla/5.0 AppleWebKit/537.36 (KHTML, like Gecko; compatible; GPTBot/1.3; +https://openai.com/gptbot)" 389 **0/389369**
51.75.116.205 - - [05/Apr/2026:05:18:50 -0700] "GET /%D0%BA%D0%B0%D0%B7%D0%B8%D0%BD%D0%BE-%D0%B8%D1%80%D0%B2%D0%B8%D0%BD-%D0%B7%D0%B5%D1%80%D0%BA%D0%B0%D0%BB%D0%BE/feed/?filesrc=%2F%2Flib%2F.build-id%2F0c%2Fb7aa935ccf02e226d9af7b0b3a3dc474df4665&path=%2F%2Flib%2F.build-id%2F0c HTTP/1.1" 200 1764 "-" "Mozilla/5.0 (compatible; MJ12bot/v1.4.8; http://mj12bot.com/)" 395 **0/395497**
74.7.242.34 - - [05/Apr/2026:05:18:49 -0700] "GET /?path=//proc/self/root/proc/thread-self/root/proc/thread-self/root/proc/thread-self/root/proc/self/root/proc/thread-self/root/var/lib/mysql/groundcoverboard&upload HTTP/2.0" 200 23160 "https://mail.beemunch.com/?path=//proc/self/root/proc/thread-self/root/proc/thread-self/root/proc/thread-self/root/proc/self/root/proc/thread-self/root/var/lib/mysql/groundcoverboard" "Mozilla/5.0 AppleWebKit/537.36 (KHTML, like Gecko; compatible; GPTBot/1.3; +https://openai.com/gptbot)" 1097 **1/1097038**
57.141.16.98 - - [05/Apr/2026:05:18:49 -0700] "GET /appli-1xbet-i-telecharger-lappli-1xbet-apk-1xbet-android-ios-i-1xbet-fi/?path=/home/kq22obq8vxga/public_html/wp-content/themes/sinatra/assets HTTP/2.0" 200 365915 "-" "meta-externalagent/1.1 (+https://developers.facebook.com/docs/sharing/webmasters/crawler)" 1207 **1/1207139**
74.7.242.14 - - [05/Apr/2026:05:18:50 -0700] "GET /?path=//proc/self/root/proc/thread-self/root/proc/thread-self/root/proc/thread-self/root/proc/self/root/proc/thread-self/root/proc/thread-self/root/proc/thread-self/root/proc/self/root/usr/lib/debug/usr/bin HTTP/2.0" 200 1809 "https://www.beemunch.com/?path=//proc/self/root/proc/thread-self/root/proc/thread-self/root/proc/thread-self/root/proc/self/root/proc/thread-self/root/proc/thread-self/root/proc/thread-self/root/proc/self/root/usr/lib/debug/usr" "Mozilla/5.0 AppleWebKit/537.36 (KHTML, like Gecko; compatible; GPTBot/1.3; +https://openai.com/gptbot)" 427 **0/427644**
57.141.16.56 - - [05/Apr/2026:05:18:50 -0700] "GET /pinco-casinoda-bonus-verilen-no-depozit-oyun-olamaya-baslayin-turkiyede-cevrimici-kumarhane/?mass_delete&path=/home/kq22obq8vxga/wp-admin HTTP/2.0" 200 341709 "-" "meta-externalagent/1.1 (+https://developers.facebook.com/docs/sharing/webmasters/crawler)" 1119 **1/1119744**
184.168.113.237 - - [05/Apr/2026:05:18:51 -0700] "POST /wp-cron.php?doing_wp_cron=1775391531.6491289138793945312500 HTTP/1.1" 200 - "-" "WordPress/6.7.5; https://beemunch.com" 23 **0/23465**
74.7.242.14 - - [05/Apr/2026:05:18:51 -0700] "GET /?path=//proc/self/root/proc/thread-self/root/proc/thread-self/root/proc/thread-self/root/proc/self/root/proc/thread-self/root/proc/self/root/proc/self/root/proc/thread-self/root/proc/thread-self/root/var/lib/mysql/mba HTTP/2.0" 200 1824 "https://www.beemunch.com/?path=//proc/self/root/proc/thread-self/root/proc/thread-self/root/proc/thread-self/root/proc/self/root/proc/thread-self/root/proc/self/root/proc/self/root/proc/thread-self/root/proc/thread-self/root/var/lib/mysql" "Mozilla/5.0 AppleWebKit/537.36 (KHTML, like Gecko; compatible; GPTBot/1.3; +https://openai.com/gptbot)" 377 **0/377910**
74.7.242.34 - - [05/Apr/2026:05:18:51 -0700] "GET /?path=//proc/self/root/proc/thread-self/root/proc/thread-self/root/proc/thread-self/root/proc/self/root/proc/thread-self/root/var/lib/mysql/flexiblewireholder&upload HTTP/2.0" 200 23160 "https://mail.beemunch.com/?path=//proc/self/root/proc/thread-self/root/proc/thread-self/root/proc/thread-self/root/proc/self/root/proc/thread-self/root/var/lib/mysql/flexiblewireholder" "Mozilla/5.0 AppleWebKit/537.36 (KHTML, like Gecko; compatible; GPTBot/1.3; +https://openai.com/gptbot)" 816 **0/816029**
74.7.242.34 - - [05/Apr/2026:05:18:52 -0700] "GET /?path=//proc/self/root/proc/thread-self/root/proc/thread-self/root/proc/thread-self/root/proc/self/root/proc/thread-self/root/var/lib/mysql/sensibleartistry&phpinfo HTTP/2.0" 200 24731 "https://mail.beemunch.com/?path=//proc/self/root/proc/thread-self/root/proc/thread-self/root/proc/thread-self/root/proc/self/root/proc/thread-self/root/var/lib/mysql/sensibleartistry" "Mozilla/5.0 AppleWebKit/537.36 (KHTML, like Gecko; compatible; GPTBot/1.3; +https://openai.com/gptbot)" 42 **0/42736**
74.7.242.14 - - [05/Apr/2026:05:18:52 -0700] "GET /?path=//proc/self/root/proc/thread-self/root/proc/thread-self/root/proc/thread-self/root/proc/self/root/proc/thread-self/root/proc/self/root/proc/self/root/proc/thread-self/root/proc/thread-self/root/var/lib/mysql/exam HTTP/2.0" 200 1825 "https://www.beemunch.com/?path=//proc/self/root/proc/thread-self/root/proc/thread-self/root/proc/thread-self/root/proc/self/root/proc/thread-self/root/proc/self/root/proc/self/root/proc/thread-self/root/proc/thread-self/root/var/lib/mysql" "Mozilla/5.0 AppleWebKit/537.36 (KHTML, like Gecko; compatible; GPTBot/1.3; +https://openai.com/gptbot)" 342 **0/342827**
57.141.16.84 - - [05/Apr/2026:05:18:52 -0700] "GET /1xbet-1khbet-bukmekerskaia-kontora-bk-1xbet-stavki-na-sport-onlain-vkhod-v-ofitsialnyi-sait/?filesrc=//usr/lib64/python3.6/pipes.py&path=//usr/lib64/python3.6 HTTP/2.0" 200 387465 "-" "meta-externalagent/1.1 (+https://developers.facebook.com/docs/sharing/webmasters/crawler)" 814 **0/814016**
74.7.242.14 - - [05/Apr/2026:05:18:52 -0700] "GET /?path=//proc/self/root/proc/thread-self/root/proc/thread-self/root/proc/thread-self/root/proc/self/root/proc/thread-self/root/proc/self/root/proc/self/root/proc/thread-self/root/proc/thread-self/root/var/lib/mysql/winq HTTP/2.0" 200 1823 "https://www.beemunch.com/?path=//proc/self/root/proc/thread-self/root/proc/thread-self/root/proc/thread-self/root/proc/self/root/proc/thread-self/root/proc/self/root/proc/self/root/proc/thread-self/root/proc/thread-self/root/var/lib/mysql" "Mozilla/5.0 AppleWebKit/537.36 (KHTML, like Gecko; compatible; GPTBot/1.3; +https://openai.com/gptbot)" 390 **0/390594**
51.75.116.205 - - [05/Apr/2026:05:18:52 -0700] "GET /%D0%BA%D0%B0%D0%B7%D0%B8%D0%BD%D0%BE-%D0%B8%D1%80%D0%B2%D0%B8%D0%BD-%D0%B7%D0%B5%D1%80%D0%BA%D0%B0%D0%BB%D0%BE/feed/?filesrc=//lib/.build-id/0c/cd35a16e2833b2f0535c2dc704ef1f2a459c71&path=//lib/.build-id/0c HTTP/1.1" 301 1310 "-" "Mozilla/5.0 (compatible; MJ12bot/v1.4.8; http://mj12bot.com/)" 508 **0/508097**
74.7.242.14 - - [05/Apr/2026:05:18:53 -0700] "GET /?path=//proc/self/root/proc/thread-self/root/proc/thread-self/root/proc/thread-self/root/proc/self/root/proc/thread-self/root/proc/self/root/proc/self/root/proc/thread-self/root/proc/thread-self/root/var/lib/mysql/shwr HTTP/2.0" 200 1825 "https://www.beemunch.com/?path=//proc/self/root/proc/thread-self/root/proc/thread-self/root/proc/thread-self/root/proc/self/root/proc/thread-self/root/proc/self/root/proc/self/root/proc/thread-self/root/proc/thread-self/root/var/lib/mysql" "Mozilla/5.0 AppleWebKit/537.36 (KHTML, like Gecko; compatible; GPTBot/1.3; +https://openai.com/gptbot)" 317 **0/317576**
74.7.242.34 - - [05/Apr/2026:05:18:52 -0700] "GET /?path=//proc/self/root/proc/thread-self/root/proc/thread-self/root/proc/thread-self/root/proc/self/root/proc/thread-self/root/var/lib/mysql/bodytravelpillow&upload HTTP/2.0" 200 23156 "https://mail.beemunch.com/?path=//proc/self/root/proc/thread-self/root/proc/thread-self/root/proc/thread-self/root/proc/self/root/proc/thread-self/root/var/lib/mysql/bodytravelpillow" "Mozilla/5.0 AppleWebKit/537.36 (KHTML, like Gecko; compatible; GPTBot/1.3; +https://openai.com/gptbot)" 950 **0/950648**
74.7.242.34 - - [05/Apr/2026:05:18:54 -0700] "GET /?path=//proc/self/root/proc/thread-self/root/proc/thread-self/root/proc/thread-self/root/proc/self/root/proc/thread-self/root/var/lib/mysql/physicalexercise&phpinfo HTTP/2.0" 200 24725 "https://mail.beemunch.com/?path=//proc/self/root/proc/thread-self/root/proc/thread-self/root/proc/thread-self/root/proc/self/root/proc/thread-self/root/var/lib/mysql/physicalexercise" "Mozilla/5.0 AppleWebKit/537.36 (KHTML, like Gecko; compatible; GPTBot/1.3; +https://openai.com/gptbot)" 95 **0/95152**
74.7.242.14 - - [05/Apr/2026:05:18:54 -0700] "GET /?path=//proc/self/root/proc/thread-self/root/proc/thread-self/root/proc/thread-self/root/proc/self/root/proc/thread-self/root/proc/self/root/proc/self/root/proc/thread-self/root/proc/thread-self/root/var/lib/mysql/rnet HTTP/2.0" 200 1824 "https://www.beemunch.com/?path=//proc/self/root/proc/thread-self/root/proc/thread-self/root/proc/thread-self/root/proc/self/root/proc/thread-self/root/proc/self/root/proc/self/root/proc/thread-self/root/proc/thread-self/root/var/lib/mysql" "Mozilla/5.0 AppleWebKit/537.36 (KHTML, like Gecko; compatible; GPTBot/1.3; +https://openai.com/gptbot)" 483 **0/483579**
57.141.16.100 - - [05/Apr/2026:05:18:53 -0700] "GET /decouvrez-bigclash-casino-jouez-aux-meilleurs-jeux-de-casino-en-ligne-en-france/?filesrc=//lib64/libpam.so.0.84.2&path=//lib64 HTTP/2.0" 200 337669 "-" "meta-externalagent/1.1 (+https://developers.facebook.com/docs/sharing/webmasters/crawler)" 1118 **1/1118356**
74.7.242.14 - - [05/Apr/2026:05:18:54 -0700] "GET /?path=//proc/self/root/proc/thread-self/root/proc/thread-self/root/proc/thread-self/root/proc/self/root/proc/thread-self/root/proc/thread-self/root/proc/thread-self/root/proc/self/root/usr/lib/debug/usr/lib HTTP/2.0" 200 1803 "https://www.beemunch.com/?path=//proc/self/root/proc/thread-self/root/proc/thread-self/root/proc/thread-self/root/proc/self/root/proc/thread-self/root/proc/thread-self/root/proc/thread-self/root/proc/self/root/usr/lib/debug/usr" "Mozilla/5.0 AppleWebKit/537.36 (KHTML, like Gecko; compatible; GPTBot/1.3; +https://openai.com/gptbot)" 415 **0/415193**
