27.102.76.8 - - [05/Apr/2026:05:07:52 -0700] "GET /recordings/index.php HTTP/1.1" 200 3531 "-" "Mozilla/5.0 (compatible; FreePBX-Scanner/1.0)" 2890 **2/2890331**
188.166.206.18 - - [05/Apr/2026:05:10:57 -0700] "GET /checkout HTTP/1.1" 200 3542 "-" "Mozilla/5.0 (Linux; Android 10; K) AppleWebKit/537.36 (KHTML, like Gecko) Chrome/145.0.0.0 Mobile Safari/537.36" 600 **0/600145**
146.190.11.185 - - [05/Apr/2026:05:10:58 -0700] "GET /checkout HTTP/1.1" 200 3542 "-" "Mozilla/5.0 (Linux; Android 10; K) AppleWebKit/537.36 (KHTML, like Gecko) Chrome/145.0.0.0 Mobile Safari/537.36" 786 **0/786179**
209.38.173.77 - - [05/Apr/2026:05:10:59 -0700] "GET /checkout HTTP/1.1" 200 3543 "-" "Mozilla/5.0 (Linux; Android 10; K) AppleWebKit/537.36 (KHTML, like Gecko) Chrome/145.0.0.0 Mobile Safari/537.36" 580 **0/580674**
86.16.74.122 - - [05/Apr/2026:05:11:01 -0700] "GET /checkout HTTP/1.1" 200 3542 "-" "Mozilla/5.0 (Linux; Android 10; K) AppleWebKit/537.36 (KHTML, like Gecko) Chrome/145.0.0.0 Mobile Safari/537.36" 1552 **1/1552934**
74.162.90.54 - - [05/Apr/2026:05:14:18 -0700] "GET / HTTP/1.1" 200 3528 "-" "Go-http-client/1.1" 6055 **6/6055323**
86.16.74.122 - - [05/Apr/2026:05:23:59 -0700] "GET /checkout HTTP/1.1" 200 3542 "-" "Mozilla/5.0 (Linux; Android 10; K) AppleWebKit/537.36 (KHTML, like Gecko) Chrome/145.0.0.0 Mobile Safari/537.36" 5505 **5/5505014**
188.166.206.18 - - [05/Apr/2026:05:24:00 -0700] "GET /checkout HTTP/1.1" 200 3542 "-" "Mozilla/5.0 (Linux; Android 10; K) AppleWebKit/537.36 (KHTML, like Gecko) Chrome/145.0.0.0 Mobile Safari/537.36" 5030 **5/5030418**
146.190.11.185 - - [05/Apr/2026:05:24:03 -0700] "GET /checkout HTTP/1.1" 200 3542 "-" "Mozilla/5.0 (Linux; Android 10; K) AppleWebKit/537.36 (KHTML, like Gecko) Chrome/145.0.0.0 Mobile Safari/537.36" 4765 **4/4765808**
209.38.173.77 - - [05/Apr/2026:05:24:01 -0700] "GET /checkout HTTP/1.1" 200 3543 "-" "Mozilla/5.0 (Linux; Android 10; K) AppleWebKit/537.36 (KHTML, like Gecko) Chrome/145.0.0.0 Mobile Safari/537.36" 8648 **8/8648649**
27.102.76.8 - - [05/Apr/2026:05:25:01 -0700] "GET /admin/modules/framework/amp_conf/htdocs/admin/config.php HTTP/1.1" 200 3531 "-" "Mozilla/5.0 (compatible; FreePBX-Scanner/1.0)" 4558 **4/4558426**
216.244.66.248 - - [05/Apr/2026:05:25:38 -0700] "GET /1red-online-casino-speel-uw-lievelingscasinospellen/ HTTP/1.1" 200 377484 "-" "Mozilla/5.0 (compatible; DotBot/1.2; +https://opensiteexplorer.org/dotbot; help@moz.com)" 4480 **4/4480289**
216.244.66.248 - - [05/Apr/2026:05:26:16 -0700] "GET /category/reference-education-homeschooling/feed/ HTTP/1.1" 200 51764 "-" "Mozilla/5.0 (compatible; DotBot/1.2; +https://opensiteexplorer.org/dotbot; help@moz.com)" 4228 **4/4228992**
185.163.117.222 - - [05/Apr/2026:05:26:45 -0700] "GET /poluchite-bonus-v-nyuretro-kazino-i-nachnite-igrat-v-onlaynkazino-segodnya/ HTTP/1.1" 200 40444 "http://beemunch.com/" "Mozilla/5.0 (Windows NT 10.0; WOW64; x64) AppleWebKit/537.36 (KHTML, like Gecko) Chrome/114.0.0.0 Safari/537.36 OPR/89.0.4447.51" 13114 **13/13114760**
216.244.66.248 - - [05/Apr/2026:05:28:08 -0700] "GET /?path=/home/kq22obq8vxga/.cphorde HTTP/1.1" 200 8990 "-" "Mozilla/5.0 (compatible; DotBot/1.2; +https://opensiteexplorer.org/dotbot; help@moz.com)" 1023 **1/1023051**
220.181.108.111 - - [05/Apr/2026:05:31:22 -0700] "GET /top-3-ways-to-buy-a-used-casino/ HTTP/1.1" 200 74765 "-" "Mozilla/5.0 (Linux;u;Android 4.2.2;zh-cn;) AppleWebKit/534.46 (KHTML,like Gecko) Version/5.1 Mobile Safari/10600.6.3 (compatible; Baiduspider/2.0; +http://www.baidu.com/search/spider.html)" 29461 **29/29461987**
116.179.37.83 - - [05/Apr/2026:05:31:54 -0700] "POST /?wc-ajax=get_refreshed_fragments HTTP/1.1" 200 4028 "http://beemunch.com/top-3-ways-to-buy-a-used-casino/" "Mozilla/5.0 (iPhone; CPU iPhone OS 9_1 like Mac OS X) AppleWebKit/601.1.46 (KHTML, like Gecko) Version/9.0 Mobile/13B143 Safari/601.1 (compatible; Baiduspider-render/2.0; +http://www.baidu.com/search/spider.html)" 3952 **3/3952042**
86.16.74.122 - - [05/Apr/2026:05:38:16 -0700] "GET /checkout HTTP/1.1" 200 3542 "-" "Mozilla/5.0 (Linux; Android 10; K) AppleWebKit/537.36 (KHTML, like Gecko) Chrome/145.0.0.0 Mobile Safari/537.36" 1096 **1/1096874**
146.190.11.185 - - [05/Apr/2026:05:38:17 -0700] "GET /checkout HTTP/1.1" 200 3542 "-" "Mozilla/5.0 (Linux; Android 10; K) AppleWebKit/537.36 (KHTML, like Gecko) Chrome/145.0.0.0 Mobile Safari/537.36" 1564 **1/1564503**
188.166.206.18 - - [05/Apr/2026:05:38:18 -0700] "GET /checkout HTTP/1.1" 200 3542 "-" "Mozilla/5.0 (Linux; Android 10; K) AppleWebKit/537.36 (KHTML, like Gecko) Chrome/145.0.0.0 Mobile Safari/537.36" 1307 **1/1307653**
209.38.173.77 - - [05/Apr/2026:05:38:18 -0700] "GET /checkout HTTP/1.1" 200 3543 "-" "Mozilla/5.0 (Linux; Android 10; K) AppleWebKit/537.36 (KHTML, like Gecko) Chrome/145.0.0.0 Mobile Safari/537.36" 1038 **1/1038717**
3.18.220.185 - - [05/Apr/2026:05:38:54 -0700] "GET / HTTP/1.1" 200 3534 "-" "curl/8.3.0" 416 **0/416528**
216.244.66.248 - - [05/Apr/2026:05:42:53 -0700] "GET /robots.txt HTTP/1.1" 200 42734 "-" "Mozilla/5.0 (compatible; DotBot/1.2; +https://opensiteexplorer.org/dotbot; help@moz.com)" 4841 **4/4841240**
172.236.228.198 - - [05/Apr/2026:05:52:14 -0700] "GET / HTTP/1.1" 200 3531 "-" "Mozilla/5.0 (Macintosh; Intel Mac OS X 13_1) AppleWebKit/537.36 (KHTML, like Gecko) Chrome/108.0.0.0 Safari/537.36" 5285 **5/5285700**
188.166.206.18 - - [05/Apr/2026:05:52:51 -0700] "GET /checkout HTTP/1.1" 200 3542 "-" "Mozilla/5.0 (Linux; Android 10; K) AppleWebKit/537.36 (KHTML, like Gecko) Chrome/145.0.0.0 Mobile Safari/537.36" 4491 **4/4491861**
146.190.11.185 - - [05/Apr/2026:05:52:51 -0700] "GET /checkout HTTP/1.1" 200 3542 "-" "Mozilla/5.0 (Linux; Android 10; K) AppleWebKit/537.36 (KHTML, like Gecko) Chrome/145.0.0.0 Mobile Safari/537.36" 5846 **5/5846931**
209.38.173.77 - - [05/Apr/2026:05:52:51 -0700] "GET /checkout HTTP/1.1" 200 3543 "-" "Mozilla/5.0 (Linux; Android 10; K) AppleWebKit/537.36 (KHTML, like Gecko) Chrome/145.0.0.0 Mobile Safari/537.36" 255067 **255/255067701**
86.16.74.122 - - [05/Apr/2026:05:52:50 -0700] "GET /checkout HTTP/1.1" 200 3542 "-" "Mozilla/5.0 (Linux; Android 10; K) AppleWebKit/537.36 (KHTML, like Gecko) Chrome/145.0.0.0 Mobile Safari/537.36" 268483 **268/268483503**
184.168.113.237 - - [05/Apr/2026:06:01:17 -0700] "GET /.well-known/acme-challenge/51_2L4B7UCMXG4-4N2-1MX1Y2DQ49B_Q HTTP/1.1" 200 64 "-" "Cpanel-HTTP-Client/1.0" 5 **0/5920**
184.168.113.237 - - [05/Apr/2026:06:01:17 -0700] "GET /.well-known/acme-challenge/G4S30MKQUD2SRAT5JUS-YICHEFRAKZ1U HTTP/1.1" 200 64 "-" "Cpanel-HTTP-Client/1.0" 8 **0/8997**
184.168.113.237 - - [05/Apr/2026:06:01:17 -0700] "GET /.well-known/acme-challenge/W_4XL15-X_9-XXJE2H2OKUKIYUAP7NDR HTTP/1.1" 200 64 "-" "Cpanel-HTTP-Client/1.0" 9 **0/9341**
184.168.113.237 - - [05/Apr/2026:06:01:17 -0700] "GET /.well-known/acme-challenge/MGD14__MJZA-IJIQS7V7KS5-VR_24WAV HTTP/1.1" 200 64 "-" "Cpanel-HTTP-Client/1.0" 7 **0/7809**
188.166.206.18 - - [05/Apr/2026:06:08:06 -0700] "GET /checkout HTTP/1.1" 200 3542 "-" "Mozilla/5.0 (Linux; Android 10; K) AppleWebKit/537.36 (KHTML, like Gecko) Chrome/145.0.0.0 Mobile Safari/537.36" 1789 **1/1789514**
86.16.74.122 - - [05/Apr/2026:06:08:06 -0700] "GET /checkout HTTP/1.1" 200 3542 "-" "Mozilla/5.0 (Linux; Android 10; K) AppleWebKit/537.36 (KHTML, like Gecko) Chrome/145.0.0.0 Mobile Safari/537.36" 2435 **2/2435651**
146.190.11.185 - - [05/Apr/2026:06:08:10 -0700] "GET /checkout HTTP/1.1" 200 3542 "-" "Mozilla/5.0 (Linux; Android 10; K) AppleWebKit/537.36 (KHTML, like Gecko) Chrome/145.0.0.0 Mobile Safari/537.36" 2278 **2/2278761**
209.38.173.77 - - [05/Apr/2026:06:08:06 -0700] "GET /checkout HTTP/1.1" 200 3543 "-" "Mozilla/5.0 (Linux; Android 10; K) AppleWebKit/537.36 (KHTML, like Gecko) Chrome/145.0.0.0 Mobile Safari/537.36" 99011 **99/99011224**
142.93.241.252 - - [05/Apr/2026:06:15:54 -0700] "GET / HTTP/1.1" 200 3531 "-" "Mozilla/5.0 (X11; Linux x86_64) AppleWebKit/537.36 (KHTML, like Gecko) Chrome/142.0.0.0 Safari/537.36" 4735 **4/4735164**
216.244.66.248 - - [05/Apr/2026:06:16:21 -0700] "GET /fedezze-fel-a-betonred-casino-app-legjobb-funkcioit-es-elonyeit/ HTTP/1.1" 200 379454 "-" "Mozilla/5.0 (compatible; DotBot/1.2; +https://opensiteexplorer.org/dotbot; help@moz.com)" 3025 **3/3025516**
85.11.167.108 - - [05/Apr/2026:06:17:07 -0700] "GET / HTTP/1.1" 200 3019 "-" "Mozilla/5.0 (Windows NT 10.0; Win64; x64) AppleWebKit/537.36 (KHTML, like Gecko) Chrome/120.0.0.0 Safari/537.36" 2007 **2/2007370**
216.244.66.248 - - [05/Apr/2026:06:21:32 -0700] "GET /how-do-on-the-internet-casinos-make-money/ HTTP/1.1" 200 397174 "-" "Mozilla/5.0 (compatible; DotBot/1.2; +https://opensiteexplorer.org/dotbot; help@moz.com)" 20233 **20/20233436**
188.166.206.18 - - [05/Apr/2026:06:21:58 -0700] "GET /checkout HTTP/1.1" 200 3542 "-" "Mozilla/5.0 (Linux; Android 10; K) AppleWebKit/537.36 (KHTML, like Gecko) Chrome/145.0.0.0 Mobile Safari/537.36" 3128 **3/3128915**
86.16.74.122 - - [05/Apr/2026:06:21:58 -0700] "GET /checkout HTTP/1.1" 200 3542 "-" "Mozilla/5.0 (Linux; Android 10; K) AppleWebKit/537.36 (KHTML, like Gecko) Chrome/145.0.0.0 Mobile Safari/537.36" 3564 **3/3564583**
209.38.173.77 - - [05/Apr/2026:06:22:03 -0700] "GET /checkout HTTP/1.1" 200 3543 "-" "Mozilla/5.0 (Linux; Android 10; K) AppleWebKit/537.36 (KHTML, like Gecko) Chrome/145.0.0.0 Mobile Safari/537.36" 5483 **5/5483090**
146.190.11.185 - - [05/Apr/2026:06:21:58 -0700] "GET /checkout HTTP/1.1" 200 3542 "-" "Mozilla/5.0 (Linux; Android 10; K) AppleWebKit/537.36 (KHTML, like Gecko) Chrome/145.0.0.0 Mobile Safari/537.36" 19050 **19/19050452**
196.240.254.30 - - [05/Apr/2026:06:22:10 -0700] "GET /igrayte-v-onlaynkazino-tippy-casino-rabochee-zerkalo-dlya-igrokov-iz-rossiyskoy-federatsii/ HTTP/1.1" 200 40619 "http://beemunch.com/" "Mozilla/5.0 (Windows NT 10.0; WOW64) AppleWebKit/537.36 (KHTML, like Gecko) Chrome/114.0.0.0 YaBrowser/22.7.0 Yowser/2.5 Safari/537.36" 14945 **14/14945904**
216.244.66.248 - - [05/Apr/2026:06:24:30 -0700] "GET /5-maneras-de-obtener-mas-casino-bitcoin-chile-mientras-gasta-menos/?path=/ HTTP/1.1" 200 363935 "-" "Mozilla/5.0 (compatible; DotBot/1.2; +https://opensiteexplorer.org/dotbot; help@moz.com)" 20156 **20/20156433**
216.244.66.248 - - [05/Apr/2026:06:31:26 -0700] "GET /robots.txt HTTP/1.1" 200 42734 "-" "Mozilla/5.0 (compatible; DotBot/1.2; +https://opensiteexplorer.org/dotbot; help@moz.com)" 738 **0/738783**
86.16.74.122 - - [05/Apr/2026:06:36:54 -0700] "GET /checkout HTTP/1.1" 200 3542 "-" "Mozilla/5.0 (Linux; Android 10; K) AppleWebKit/537.36 (KHTML, like Gecko) Chrome/145.0.0.0 Mobile Safari/537.36" 8505 **8/8505816**
209.38.173.77 - - [05/Apr/2026:06:36:56 -0700] "GET /checkout HTTP/1.1" 200 3543 "-" "Mozilla/5.0 (Linux; Android 10; K) AppleWebKit/537.36 (KHTML, like Gecko) Chrome/145.0.0.0 Mobile Safari/537.36" 45869 **45/45869217**
188.166.206.18 - - [05/Apr/2026:06:36:55 -0700] "GET /checkout HTTP/1.1" 200 3542 "-" "Mozilla/5.0 (Linux; Android 10; K) AppleWebKit/537.36 (KHTML, like Gecko) Chrome/145.0.0.0 Mobile Safari/537.36" 49180 **49/49180321**
146.190.11.185 - - [05/Apr/2026:06:36:55 -0700] "GET /checkout HTTP/1.1" 200 3542 "-" "Mozilla/5.0 (Linux; Android 10; K) AppleWebKit/537.36 (KHTML, like Gecko) Chrome/145.0.0.0 Mobile Safari/537.36" 49367 **49/49367624**
43.155.188.157 - - [05/Apr/2026:06:37:44 -0700] "GET / HTTP/1.1" 200 3531 "-" "Mozilla/5.0 (iPhone; CPU iPhone OS 13_2_3 like Mac OS X) AppleWebKit/605.1.15 (KHTML, like Gecko) Version/13.0.3 Mobile/15E148 Safari/604.1" 5988 **5/5988752**
43.154.140.188 - - [05/Apr/2026:06:42:12 -0700] "GET / HTTP/1.1" 200 3537 "-" "Mozilla/5.0 (iPhone; CPU iPhone OS 13_2_3 like Mac OS X) AppleWebKit/605.1.15 (KHTML, like Gecko) Version/13.0.3 Mobile/15E148 Safari/604.1" 7630 **7/7630298**
216.244.66.248 - - [05/Apr/2026:06:42:45 -0700] "GET /category/blued-review-2/ HTTP/1.1" 200 248295 "-" "Mozilla/5.0 (compatible; DotBot/1.2; +https://opensiteexplorer.org/dotbot; help@moz.com)" 18096 **18/18096476**
80.94.95.40 - - [05/Apr/2026:06:45:20 -0700] "GET / HTTP/1.1" 200 42625 "-" "Mozilla/5.0" 4346 **4/4346978**
80.94.95.40 - - [05/Apr/2026:06:45:27 -0700] "GET / HTTP/1.1" 200 42625 "-" "Mozilla/5.0" 3057 **3/3057652**
80.94.95.40 - - [05/Apr/2026:06:45:34 -0700] "\x16\x03\x01" 400 42147 "-" "-" 2172 **2/2172930**
80.94.95.40 - - [05/Apr/2026:06:45:05 -0700] "GET / HTTP/1.1" 200 42625 "-" "Mozilla/5.0" 73757 **73/73757590**
80.94.95.40 - - [05/Apr/2026:06:45:13 -0700] "GET / HTTP/1.1" 200 42625 "-" "Mozilla/5.0" 90997 **90/90997958**
205.210.31.184 - - [05/Apr/2026:06:46:44 -0700] "GET / HTTP/1.1" 200 42621 "-" "Hello from Palo Alto Networks, find out more about our scans in https://docs-cortex.paloaltonetworks.com/r/1/Cortex-Xpanse/Scanning-activity" 10190 **10/10190447**
209.38.173.77 - - [05/Apr/2026:06:53:26 -0700] "GET /checkout HTTP/1.1" 200 3543 "-" "Mozilla/5.0 (Linux; Android 10; K) AppleWebKit/537.36 (KHTML, like Gecko) Chrome/145.0.0.0 Mobile Safari/537.36" 4119 **4/4119595**
146.190.11.185 - - [05/Apr/2026:06:53:26 -0700] "GET /checkout HTTP/1.1" 200 3542 "-" "Mozilla/5.0 (Linux; Android 10; K) AppleWebKit/537.36 (KHTML, like Gecko) Chrome/145.0.0.0 Mobile Safari/537.36" 5069 **5/5069992**
188.166.206.18 - - [05/Apr/2026:06:53:26 -0700] "GET /checkout HTTP/1.1" 200 3542 "-" "Mozilla/5.0 (Linux; Android 10; K) AppleWebKit/537.36 (KHTML, like Gecko) Chrome/145.0.0.0 Mobile Safari/537.36" 5900 **5/5900654**
86.16.74.122 - - [05/Apr/2026:06:53:27 -0700] "GET /checkout HTTP/1.1" 200 3542 "-" "Mozilla/5.0 (Linux; Android 10; K) AppleWebKit/537.36 (KHTML, like Gecko) Chrome/145.0.0.0 Mobile Safari/537.36" 4768 **4/4768184**
43.135.145.117 - - [05/Apr/2026:06:53:41 -0700] "GET / HTTP/1.1" 200 3539 "-" "Mozilla/5.0 (iPhone; CPU iPhone OS 13_2_3 like Mac OS X) AppleWebKit/605.1.15 (KHTML, like Gecko) Version/13.0.3 Mobile/15E148 Safari/604.1" 1384 **1/1384810**
149.86.227.60 - - [05/Apr/2026:06:57:13 -0700] "GET / HTTP/1.1" 200 178150 "-" "Mozilla/5.0" 6371 **6/6371777**
43.153.73.200 - - [05/Apr/2026:06:56:37 -0700] "GET /?filesrc=/home/kq22obq8vxga/public_html/oe9liv0c.php&path=/home/kq22obq8vxga/public_html HTTP/1.1" 200 6854 "-" "Mozilla/5.0 (iPhone; CPU iPhone OS 13_2_3 like Mac OS X) AppleWebKit/605.1.15 (KHTML, like Gecko) Version/13.0.3 Mobile/15E148 Safari/604.1" 171453 **171/171453479**
184.168.113.237 - - [05/Apr/2026:07:06:38 -0700] "POST /wp-cron.php?doing_wp_cron=1775397998.4178779125213623046875 HTTP/1.1" 200 - "-" "WordPress/6.7.5; https://beemunch.com" 203 **0/203690**
43.155.195.141 - - [05/Apr/2026:07:06:35 -0700] "GET /?filesrc=/home/kq22obq8vxga/public_html/wp-config.php&path=/home/kq22obq8vxga/public_html HTTP/1.1" 200 3304 "-" "Mozilla/5.0 (iPhone; CPU iPhone OS 13_2_3 like Mac OS X) AppleWebKit/605.1.15 (KHTML, like Gecko) Version/13.0.3 Mobile/15E148 Safari/604.1" 4441 **4/4441995**
188.166.206.18 - - [05/Apr/2026:07:07:40 -0700] "GET /checkout HTTP/1.1" 200 3542 "-" "Mozilla/5.0 (Linux; Android 10; K) AppleWebKit/537.36 (KHTML, like Gecko) Chrome/145.0.0.0 Mobile Safari/537.36" 6170 **6/6170190**
86.16.74.122 - - [05/Apr/2026:07:07:42 -0700] "GET /checkout HTTP/1.1" 200 3542 "-" "Mozilla/5.0 (Linux; Android 10; K) AppleWebKit/537.36 (KHTML, like Gecko) Chrome/145.0.0.0 Mobile Safari/537.36" 5425 **5/5425255**
146.190.11.185 - - [05/Apr/2026:07:07:42 -0700] "GET /checkout HTTP/1.1" 200 3542 "-" "Mozilla/5.0 (Linux; Android 10; K) AppleWebKit/537.36 (KHTML, like Gecko) Chrome/145.0.0.0 Mobile Safari/537.36" 5432 **5/5432708**
178.20.44.82 - - [05/Apr/2026:07:09:59 -0700] "GET /category/uncategorized/ HTTP/1.0" 200 349583 "http://beemunch.com/category/uncategorized/" "Mozilla/5.0 (Windows NT 10.0; Win64; x64) AppleWebKit/537.36 (KHTML, like Gecko) Chrome/130.0.0.0 Safari/537.36" 22973 **22/22973871**
148.72.244.169 - - [05/Apr/2026:07:10:32 -0700] "GET / HTTP/1.1" 200 3530 "-" "Go-http-client/1.1" 1961 **1/1961333**
178.20.44.82 - - [05/Apr/2026:07:11:40 -0700] "GET /category/uncategorized/?filesrc=/home/kq22obq8vxga/public_html/wp-login.php&path=/home/kq22obq8vxga/public_html HTTP/1.0" 200 368237 "http://beemunch.com/category/uncategorized/?filesrc=/home/kq22obq8vxga/public_html/wp-login.php&path=/home/kq22obq8vxga/public_html" "Mozilla/5.0 (Windows NT 10.0; Win64; x64) AppleWebKit/537.36 (KHTML, like Gecko) Chrome/130.0.0.0 Safari/537.36" 6704 **6/6704069**
216.244.66.248 - - [05/Apr/2026:07:19:56 -0700] "GET /robots.txt HTTP/1.1" 200 42734 "-" "Mozilla/5.0 (compatible; DotBot/1.2; +https://opensiteexplorer.org/dotbot; help@moz.com)" 465 **0/465495**
86.16.74.122 - - [05/Apr/2026:07:21:20 -0700] "GET /checkout HTTP/1.1" 200 3542 "-" "Mozilla/5.0 (Linux; Android 10; K) AppleWebKit/537.36 (KHTML, like Gecko) Chrome/145.0.0.0 Mobile Safari/537.36" 6980 **6/6980126**
146.190.11.185 - - [05/Apr/2026:07:21:21 -0700] "GET /checkout HTTP/1.1" 200 3542 "-" "Mozilla/5.0 (Linux; Android 10; K) AppleWebKit/537.36 (KHTML, like Gecko) Chrome/145.0.0.0 Mobile Safari/537.36" 9445 **9/9445604**
188.166.206.18 - - [05/Apr/2026:07:21:24 -0700] "GET /checkout HTTP/1.1" 200 3542 "-" "Mozilla/5.0 (Linux; Android 10; K) AppleWebKit/537.36 (KHTML, like Gecko) Chrome/145.0.0.0 Mobile Safari/537.36" 6835 **6/6835499**
209.38.173.77 - - [05/Apr/2026:07:21:24 -0700] "GET /checkout HTTP/1.1" 200 3543 "-" "Mozilla/5.0 (Linux; Android 10; K) AppleWebKit/537.36 (KHTML, like Gecko) Chrome/145.0.0.0 Mobile Safari/537.36" 8116 **8/8116797**
116.179.32.173 - - [05/Apr/2026:07:22:09 -0700] "GET /in-reality-it-is-really-not-unusual-to-own-a/ HTTP/1.1" 200 60839 "-" "Mozilla/5.0 (Linux;u;Android 4.2.2;zh-cn;) AppleWebKit/534.46 (KHTML,like Gecko) Version/5.1 Mobile Safari/10600.6.3 (compatible; Baiduspider/2.0; +http://www.baidu.com/search/spider.html)" 17573 **17/17573766**
116.179.37.106 - - [05/Apr/2026:07:22:33 -0700] "POST /?wc-ajax=get_refreshed_fragments HTTP/1.1" 400 42150 "http://beemunch.com/in-reality-it-is-really-not-unusual-to-own-a/" "Mozilla/5.0 (iPhone; CPU iPhone OS 9_1 like Mac OS X) AppleWebKit/601.1.46 (KHTML, like Gecko) Version/9.0 Mobile/13B143 Safari/601.1 (compatible; Baiduspider-render/2.0; +http://www.baidu.com/search/spider.html)" 18067 **18/18067167**
146.190.11.185 - - [05/Apr/2026:07:37:16 -0700] "GET /checkout HTTP/1.1" 508 288 "-" "Mozilla/5.0 (Linux; Android 10; K) AppleWebKit/537.36 (KHTML, like Gecko) Chrome/145.0.0.0 Mobile Safari/537.36" 8 **0/8871**
209.38.173.77 - - [05/Apr/2026:07:37:16 -0700] "GET /checkout HTTP/1.1" 508 288 "-" "Mozilla/5.0 (Linux; Android 10; K) AppleWebKit/537.36 (KHTML, like Gecko) Chrome/145.0.0.0 Mobile Safari/537.36" 6 **0/6855**
86.16.74.122 - - [05/Apr/2026:07:37:17 -0700] "GET /checkout HTTP/1.1" 200 3542 "-" "Mozilla/5.0 (Linux; Android 10; K) AppleWebKit/537.36 (KHTML, like Gecko) Chrome/145.0.0.0 Mobile Safari/537.36" 96090 **96/96090515**
188.166.206.18 - - [05/Apr/2026:07:37:16 -0700] "GET /checkout HTTP/1.1" 200 3542 "-" "Mozilla/5.0 (Linux; Android 10; K) AppleWebKit/537.36 (KHTML, like Gecko) Chrome/145.0.0.0 Mobile Safari/537.36" 98937 **98/98937375**
188.166.206.18 - - [05/Apr/2026:07:52:48 -0700] "GET /checkout HTTP/1.1" 200 3542 "-" "Mozilla/5.0 (Linux; Android 10; K) AppleWebKit/537.36 (KHTML, like Gecko) Chrome/145.0.0.0 Mobile Safari/537.36" 326 **0/326531**
146.190.11.185 - - [05/Apr/2026:07:52:50 -0700] "GET /checkout HTTP/1.1" 200 3542 "-" "Mozilla/5.0 (Linux; Android 10; K) AppleWebKit/537.36 (KHTML, like Gecko) Chrome/145.0.0.0 Mobile Safari/537.36" 325 **0/325469**
86.16.74.122 - - [05/Apr/2026:07:52:50 -0700] "GET /checkout HTTP/1.1" 200 3542 "-" "Mozilla/5.0 (Linux; Android 10; K) AppleWebKit/537.36 (KHTML, like Gecko) Chrome/145.0.0.0 Mobile Safari/537.36" 310 **0/310963**
209.38.173.77 - - [05/Apr/2026:07:52:52 -0700] "GET /checkout HTTP/1.1" 200 3543 "-" "Mozilla/5.0 (Linux; Android 10; K) AppleWebKit/537.36 (KHTML, like Gecko) Chrome/145.0.0.0 Mobile Safari/537.36" 439 **0/439145**
216.244.66.248 - - [05/Apr/2026:08:01:24 -0700] "GET /hogyan-erd-el-a-legjobb-32red-magyar-ajanlatokat-es-noveld-nyeresi-eselyeid/?cmd&path=/home/kq22obq8vxga/public_html HTTP/1.1" 200 377929 "-" "Mozilla/5.0 (compatible; DotBot/1.2; +https://opensiteexplorer.org/dotbot; help@moz.com)" 10700 **10/10700150**
216.244.66.248 - - [05/Apr/2026:08:08:59 -0700] "GET /robots.txt HTTP/1.1" 508 288 "-" "Mozilla/5.0 (compatible; DotBot/1.2; +https://opensiteexplorer.org/dotbot; help@moz.com)" 7 **0/7746**
86.16.74.122 - - [05/Apr/2026:08:09:52 -0700] "GET /checkout HTTP/1.1" 200 3542 "-" "Mozilla/5.0 (Linux; Android 10; K) AppleWebKit/537.36 (KHTML, like Gecko) Chrome/145.0.0.0 Mobile Safari/537.36" 82829 **82/82829041**
209.38.173.77 - - [05/Apr/2026:08:09:53 -0700] "GET /checkout HTTP/1.1" 200 3543 "-" "Mozilla/5.0 (Linux; Android 10; K) AppleWebKit/537.36 (KHTML, like Gecko) Chrome/145.0.0.0 Mobile Safari/537.36" 86370 **86/86370205**
146.190.11.185 - - [05/Apr/2026:08:09:54 -0700] "GET /checkout HTTP/1.1" 200 3542 "-" "Mozilla/5.0 (Linux; Android 10; K) AppleWebKit/537.36 (KHTML, like Gecko) Chrome/145.0.0.0 Mobile Safari/537.36" 88073 **88/88073761**
62.141.44.236 - - [05/Apr/2026:08:22:30 -0700] "GET / HTTP/1.1" 200 3536 "-" "Mozilla/5.0 (Windows NT 10.0; Win64; x64) AppleWebKit/537.36 (KHTML, like Gecko) Chrome/91.0.4472.114 Safari/537.36 Edg/91.0.864.54" 1692 **1/1692099**
86.16.74.122 - - [05/Apr/2026:08:23:49 -0700] "GET /checkout HTTP/1.1" 200 3542 "-" "Mozilla/5.0 (Linux; Android 10; K) AppleWebKit/537.36 (KHTML, like Gecko) Chrome/145.0.0.0 Mobile Safari/537.36" 4294 **4/4294184**
146.190.11.185 - - [05/Apr/2026:08:23:50 -0700] "GET /checkout HTTP/1.1" 200 3542 "-" "Mozilla/5.0 (Linux; Android 10; K) AppleWebKit/537.36 (KHTML, like Gecko) Chrome/145.0.0.0 Mobile Safari/537.36" 4234 **4/4234846**
188.166.206.18 - - [05/Apr/2026:08:23:49 -0700] "GET /checkout HTTP/1.1" 200 3542 "-" "Mozilla/5.0 (Linux; Android 10; K) AppleWebKit/537.36 (KHTML, like Gecko) Chrome/145.0.0.0 Mobile Safari/537.36" 4861 **4/4861325**
209.38.173.77 - - [05/Apr/2026:08:23:52 -0700] "GET /checkout HTTP/1.1" 200 3543 "-" "Mozilla/5.0 (Linux; Android 10; K) AppleWebKit/537.36 (KHTML, like Gecko) Chrome/145.0.0.0 Mobile Safari/537.36" 5246 **5/5246488**
142.111.161.99 - - [05/Apr/2026:08:25:23 -0700] "GET /poluchite-bonus-v-nyuretro-kazino-i-nachnite-igrat-v-onlaynkazino-segodnya/ HTTP/1.1" 503 468 "http://beemunch.com/" "Mozilla/5.0 (Macintosh; Intel Mac OS X 12_5) AppleWebKit/537.36 (KHTML, like Gecko) Chrome/114.0.0.0 Safari/537.36 Edg/114.0.1264.71" 13005 **13/13005190**
104.243.35.94 - - [05/Apr/2026:08:30:00 -0700] "\x16\x03\x01\x01g\x01" 400 42149 "-" "-" 4279 **4/4279107**
104.243.35.94 - - [05/Apr/2026:08:30:00 -0700] "\x16\x03\x01\x01g\x01" 400 42149 "-" "-" 4683 **4/4683064**
104.243.35.94 - - [05/Apr/2026:08:30:00 -0700] "\x16\x03\x01\x01g\x01" 400 42149 "-" "-" 5124 **5/5124863**
104.243.35.94 - - [05/Apr/2026:08:30:01 -0700] "\x16\x03\x01\x01g\x01" 400 42149 "-" "-" 4470 **4/4470875**
104.243.35.94 - - [05/Apr/2026:08:30:01 -0700] "\x16\x03\x01\x01g\x01" 400 42149 "-" "-" 4681 **4/4681096**
104.243.35.94 - - [05/Apr/2026:08:30:00 -0700] "\x16\x03\x01\x01g\x01" 400 42149 "-" "-" 5752 **5/5752655**
104.243.35.94 - - [05/Apr/2026:08:30:00 -0700] "\x16\x03\x01\x01g\x01" 400 42149 "-" "-" 5626 **5/5626448**
104.243.35.94 - - [05/Apr/2026:08:30:08 -0700] "GET / HTTP/1.1" 200 3529 "-" "Umai-Scanner/1.0 (+https://umai.entelijan.com/methodology)" 5070 **5/5070755**
104.243.35.94 - - [05/Apr/2026:08:30:08 -0700] "GET /v1/models HTTP/1.1" 200 19469 "-" "Umai-Scanner/1.0 (+https://umai.entelijan.com/methodology)" 9463 **9/9463593**
104.243.35.94 - - [05/Apr/2026:08:30:08 -0700] "GET /metrics HTTP/1.1" 200 19462 "-" "Umai-Scanner/1.0 (+https://umai.entelijan.com/methodology)" 10416 **10/10416397**
104.243.35.94 - - [05/Apr/2026:08:30:00 -0700] "\x16\x03\x01\x01g\x01" 400 42149 "-" "-" 136753 **136/136753107**
104.243.35.94 - - [05/Apr/2026:08:30:13 -0700] "GET /.well-known/mcp.json HTTP/1.1" 200 19476 "-" "Umai-Scanner/1.0 (+https://umai.entelijan.com/methodology)" 137935 **137/137935731**
104.243.35.94 - - [05/Apr/2026:08:30:16 -0700] "GET /.well-known/agent.json HTTP/1.1" 200 19477 "-" "Umai-Scanner/1.0 (+https://umai.entelijan.com/methodology)" 137559 **137/137559465**
86.16.74.122 - - [05/Apr/2026:08:37:46 -0700] "GET /checkout HTTP/1.1" 200 3542 "-" "Mozilla/5.0 (Linux; Android 10; K) AppleWebKit/537.36 (KHTML, like Gecko) Chrome/145.0.0.0 Mobile Safari/537.36" 1818 **1/1818451**
209.38.173.77 - - [05/Apr/2026:08:37:47 -0700] "GET /checkout HTTP/1.1" 200 3543 "-" "Mozilla/5.0 (Linux; Android 10; K) AppleWebKit/537.36 (KHTML, like Gecko) Chrome/145.0.0.0 Mobile Safari/537.36" 1635 **1/1635547**
188.166.206.18 - - [05/Apr/2026:08:37:47 -0700] "GET /checkout HTTP/1.1" 200 3542 "-" "Mozilla/5.0 (Linux; Android 10; K) AppleWebKit/537.36 (KHTML, like Gecko) Chrome/145.0.0.0 Mobile Safari/537.36" 1835 **1/1835642**
146.190.11.185 - - [05/Apr/2026:08:37:47 -0700] "GET /checkout HTTP/1.1" 200 3542 "-" "Mozilla/5.0 (Linux; Android 10; K) AppleWebKit/537.36 (KHTML, like Gecko) Chrome/145.0.0.0 Mobile Safari/537.36" 1794 **1/1794210**
49.234.192.248 - - [05/Apr/2026:08:39:03 -0700] "GET / HTTP/1.1" 200 3540 "-" "Mozilla/5.0 (iPhone; CPU iPhone OS 13_2_3 like Mac OS X) AppleWebKit/605.1.15 (KHTML, like Gecko) Version/13.0.3 Mobile/15E148 Safari/604.1" 2267 **2/2267032**
27.102.76.8 - - [05/Apr/2026:08:41:06 -0700] "GET /robots.txt HTTP/1.1" 200 3531 "-" "Mozilla/5.0 (compatible; FreePBX-Scanner/1.0)" 32799 **32/32799447**
51.91.156.252 - - [05/Apr/2026:08:48:26 -0700] "GET / HTTP/1.1" 200 42644 "-" "Mozilla/5.0 (Windows NT 10.0; Win64; x64) AppleWebKit/537.36 (KHTML, like Gecko) Chrome/42.0.2311.135 Safari/537.36 Edge/12.10240" 4649 **4/4649565**
86.16.74.122 - - [05/Apr/2026:08:54:38 -0700] "GET /checkout HTTP/1.1" 200 3542 "-" "Mozilla/5.0 (Linux; Android 10; K) AppleWebKit/537.36 (KHTML, like Gecko) Chrome/145.0.0.0 Mobile Safari/537.36" 5502 **5/5502300**
209.38.173.77 - - [05/Apr/2026:08:54:38 -0700] "GET /checkout HTTP/1.1" 200 3543 "-" "Mozilla/5.0 (Linux; Android 10; K) AppleWebKit/537.36 (KHTML, like Gecko) Chrome/145.0.0.0 Mobile Safari/537.36" 5708 **5/5708254**
146.190.11.185 - - [05/Apr/2026:08:54:38 -0700] "GET /checkout HTTP/1.1" 200 3542 "-" "Mozilla/5.0 (Linux; Android 10; K) AppleWebKit/537.36 (KHTML, like Gecko) Chrome/145.0.0.0 Mobile Safari/537.36" 5787 **5/5787926**
188.166.206.18 - - [05/Apr/2026:08:54:38 -0700] "GET /checkout HTTP/1.1" 200 3542 "-" "Mozilla/5.0 (Linux; Android 10; K) AppleWebKit/537.36 (KHTML, like Gecko) Chrome/145.0.0.0 Mobile Safari/537.36" 6333 **6/6333277**
216.244.66.248 - - [05/Apr/2026:08:58:21 -0700] "GET /robots.txt HTTP/1.1" 200 42734 "-" "Mozilla/5.0 (compatible; DotBot/1.2; +https://opensiteexplorer.org/dotbot; help@moz.com)" 5367 **5/5367721**
172.236.228.198 - - [05/Apr/2026:08:59:44 -0700] "GET / HTTP/1.1" 200 3531 "-" "Mozilla/5.0 (Macintosh; Intel Mac OS X 13_1) AppleWebKit/537.36 (KHTML, like Gecko) Chrome/108.0.0.0 Safari/537.36" 5659 **5/5659131**
184.168.113.237 - - [05/Apr/2026:09:01:20 -0700] "GET /.well-known/acme-challenge/_7RAQN5KO7M0M19YGI19VOV1WPG1WR0Z HTTP/1.1" 200 64 "-" "Cpanel-HTTP-Client/1.0" 9 **0/9440**
184.168.113.237 - - [05/Apr/2026:09:01:20 -0700] "GET /.well-known/acme-challenge/4A1PFQF-VVFN2V4HAM2EXE81TA1OKJTK HTTP/1.1" 200 64 "-" "Cpanel-HTTP-Client/1.0" 7 **0/7485**
184.168.113.237 - - [05/Apr/2026:09:01:20 -0700] "GET /.well-known/acme-challenge/HM2LKA5QOFQ3GDCSJ2FEA22683RUY2IN HTTP/1.1" 200 64 "-" "Cpanel-HTTP-Client/1.0" 9 **0/9840**
184.168.113.237 - - [05/Apr/2026:09:01:20 -0700] "GET /.well-known/acme-challenge/B3SBA1D4LVZRTY1RLJ693Z59OAFWLSTY HTTP/1.1" 200 64 "-" "Cpanel-HTTP-Client/1.0" 7 **0/7950**
86.16.74.122 - - [05/Apr/2026:09:09:02 -0700] "GET /checkout HTTP/1.1" 200 3542 "-" "Mozilla/5.0 (Linux; Android 10; K) AppleWebKit/537.36 (KHTML, like Gecko) Chrome/145.0.0.0 Mobile Safari/537.36" 849 **0/849617**
209.38.173.77 - - [05/Apr/2026:09:09:04 -0700] "GET /checkout HTTP/1.1" 200 3543 "-" "Mozilla/5.0 (Linux; Android 10; K) AppleWebKit/537.36 (KHTML, like Gecko) Chrome/145.0.0.0 Mobile Safari/537.36" 1078 **1/1078156**
146.190.11.185 - - [05/Apr/2026:09:09:04 -0700] "GET /checkout HTTP/1.1" 200 3542 "-" "Mozilla/5.0 (Linux; Android 10; K) AppleWebKit/537.36 (KHTML, like Gecko) Chrome/145.0.0.0 Mobile Safari/537.36" 121328 **121/121328094**
209.38.173.77 - - [05/Apr/2026:09:25:25 -0700] "GET /checkout HTTP/1.1" 200 3543 "-" "Mozilla/5.0 (Linux; Android 10; K) AppleWebKit/537.36 (KHTML, like Gecko) Chrome/145.0.0.0 Mobile Safari/537.36" 7958 **7/7958078**
146.190.11.185 - - [05/Apr/2026:09:25:25 -0700] "GET /checkout HTTP/1.1" 200 3542 "-" "Mozilla/5.0 (Linux; Android 10; K) AppleWebKit/537.36 (KHTML, like Gecko) Chrome/145.0.0.0 Mobile Safari/537.36" 8137 **8/8137442**
86.16.74.122 - - [05/Apr/2026:09:25:27 -0700] "GET /checkout HTTP/1.1" 200 3542 "-" "Mozilla/5.0 (Linux; Android 10; K) AppleWebKit/537.36 (KHTML, like Gecko) Chrome/145.0.0.0 Mobile Safari/537.36" 8945 **8/8945846**
188.166.206.18 - - [05/Apr/2026:09:25:27 -0700] "GET /checkout HTTP/1.1" 200 3542 "-" "Mozilla/5.0 (Linux; Android 10; K) AppleWebKit/537.36 (KHTML, like Gecko) Chrome/145.0.0.0 Mobile Safari/537.36" 8676 **8/8676129**
27.102.76.8 - - [05/Apr/2026:09:28:40 -0700] "GET /recordings/index.php HTTP/1.1" 200 3531 "-" "Mozilla/5.0 (compatible; FreePBX-Scanner/1.0)" 4400 **4/4400999**
43.159.152.4 - - [05/Apr/2026:09:31:48 -0700] "GET / HTTP/1.1" 200 27145 "-" "Mozilla/5.0 (iPhone; CPU iPhone OS 13_2_3 like Mac OS X) AppleWebKit/605.1.15 (KHTML, like Gecko) Version/13.0.3 Mobile/15E148 Safari/604.1" 829 **0/829215**
188.166.206.18 - - [05/Apr/2026:09:40:34 -0700] "GET /checkout HTTP/1.1" 200 3542 "-" "Mozilla/5.0 (Linux; Android 10; K) AppleWebKit/537.36 (KHTML, like Gecko) Chrome/145.0.0.0 Mobile Safari/537.36" 3474 **3/3474309**
146.190.11.185 - - [05/Apr/2026:09:40:36 -0700] "GET /checkout HTTP/1.1" 200 3542 "-" "Mozilla/5.0 (Linux; Android 10; K) AppleWebKit/537.36 (KHTML, like Gecko) Chrome/145.0.0.0 Mobile Safari/537.36" 5798 **5/5798366**
86.16.74.122 - - [05/Apr/2026:09:40:37 -0700] "GET /checkout HTTP/1.1" 200 3542 "-" "Mozilla/5.0 (Linux; Android 10; K) AppleWebKit/537.36 (KHTML, like Gecko) Chrome/145.0.0.0 Mobile Safari/537.36" 5979 **5/5979680**
209.38.173.77 - - [05/Apr/2026:09:40:39 -0700] "GET /checkout HTTP/1.1" 200 3543 "-" "Mozilla/5.0 (Linux; Android 10; K) AppleWebKit/537.36 (KHTML, like Gecko) Chrome/145.0.0.0 Mobile Safari/537.36" 5088 **5/5088752**
43.157.142.101 - - [05/Apr/2026:09:44:53 -0700] "GET /?cmd&path=/home/kq22obq8vxga/public_html HTTP/1.1" 200 27324 "-" "Mozilla/5.0 (iPhone; CPU iPhone OS 13_2_3 like Mac OS X) AppleWebKit/605.1.15 (KHTML, like Gecko) Version/13.0.3 Mobile/15E148 Safari/604.1" 35400 **35/35400808**
27.102.76.8 - - [05/Apr/2026:09:45:53 -0700] "GET /admin/modules/framework/amp_conf/htdocs/admin/config.php HTTP/1.1" 200 3531 "-" "Mozilla/5.0 (compatible; FreePBX-Scanner/1.0)" 832 **0/832103**
27.102.76.8 - - [05/Apr/2026:09:45:53 -0700] "\x16\x03\x01" 400 42147 "-" "-" 845 **0/845211**
216.244.66.248 - - [05/Apr/2026:09:48:14 -0700] "GET /robots.txt HTTP/1.1" 200 42734 "-" "Mozilla/5.0 (compatible; DotBot/1.2; +https://opensiteexplorer.org/dotbot; help@moz.com)" 6931 **6/6931229**
146.190.11.185 - - [05/Apr/2026:09:54:19 -0700] "GET /checkout HTTP/1.1" 200 3542 "-" "Mozilla/5.0 (Linux; Android 10; K) AppleWebKit/537.36 (KHTML, like Gecko) Chrome/145.0.0.0 Mobile Safari/537.36" 785 **0/785069**
209.38.173.77 - - [05/Apr/2026:09:54:19 -0700] "GET /checkout HTTP/1.1" 200 3543 "-" "Mozilla/5.0 (Linux; Android 10; K) AppleWebKit/537.36 (KHTML, like Gecko) Chrome/145.0.0.0 Mobile Safari/537.36" 861 **0/861638**
188.166.206.18 - - [05/Apr/2026:09:54:19 -0700] "GET /checkout HTTP/1.1" 200 3542 "-" "Mozilla/5.0 (Linux; Android 10; K) AppleWebKit/537.36 (KHTML, like Gecko) Chrome/145.0.0.0 Mobile Safari/537.36" 889 **0/889012**
86.16.74.122 - - [05/Apr/2026:09:54:19 -0700] "GET /checkout HTTP/1.1" 200 3542 "-" "Mozilla/5.0 (Linux; Android 10; K) AppleWebKit/537.36 (KHTML, like Gecko) Chrome/145.0.0.0 Mobile Safari/537.36" 892 **0/892863**
43.157.174.69 - - [05/Apr/2026:09:55:56 -0700] "GET /?filesrc=/home/kq22obq8vxga/public_html/.htaccess&path=/home/kq22obq8vxga/public_html HTTP/1.1" 200 25568 "-" "Mozilla/5.0 (iPhone; CPU iPhone OS 13_2_3 like Mac OS X) AppleWebKit/605.1.15 (KHTML, like Gecko) Version/13.0.3 Mobile/15E148 Safari/604.1" 15276 **15/15276679**
124.236.100.56 - - [05/Apr/2026:09:56:16 -0700] "GET / HTTP/1.1" 200 3536 "-" "Mozilla/5.0 (Windows NT 6.1; rv:56.0) Gecko/20100101 Firefox/56.0" 6795 **6/6795092**
116.179.32.217 - - [05/Apr/2026:10:05:59 -0700] "GET /the-definitive-guide-to-marvelbet-where-every-bet-leads-to-big-wins/ HTTP/1.1" 503 468 "-" "Mozilla/5.0 (Linux;u;Android 4.2.2;zh-cn;) AppleWebKit/534.46 (KHTML,like Gecko) Version/5.1 Mobile Safari/10600.6.3 (compatible; Baiduspider/2.0; +http://www.baidu.com/search/spider.html)" 13066 **13/13066538**
119.249.100.43 - - [05/Apr/2026:10:07:13 -0700] "GET /the-definitive-guide-to-marvelbet-where-every-bet-leads-to-big-wins/ HTTP/1.1" 503 468 "-" "Mozilla/5.0 (Linux; Android 6.0; Nexus 5 Build/MRA58N) AppleWebKit/537.36 (KHTML, like Gecko) Chrome/72.0.3626.119 Mobile Safari/537.36" 15079 **15/15079326**
43.157.20.63 - - [05/Apr/2026:10:05:36 -0700] "GET /?filesrc=/home/kq22obq8vxga/public_html/error_log&path=/home/kq22obq8vxga/public_html HTTP/1.1" 503 177325 "-" "Mozilla/5.0 (iPhone; CPU iPhone OS 13_2_3 like Mac OS X) AppleWebKit/605.1.15 (KHTML, like Gecko) Version/13.0.3 Mobile/15E148 Safari/604.1" 217909 **217/217909283**
220.181.51.116 - - [05/Apr/2026:10:06:13 -0700] "GET /the-definitive-guide-to-marvelbet-where-every-bet-leads-to-big-wins/ HTTP/1.1" 200 70053 "-" "Mozilla/5.0 (Linux; Android 6.0; Nexus 5 Build/MRA58N) AppleWebKit/537.36 (KHTML, like Gecko) Chrome/72.0.3626.119 Mobile Safari/537.36" 186845 **186/186845366**
184.168.113.237 - - [05/Apr/2026:10:09:36 -0700] "POST /wp-cron.php?doing_wp_cron=1775408976.1267969608306884765625 HTTP/1.1" 200 - "-" "WordPress/6.7.5; https://beemunch.com" 20 **0/20525**
93.174.93.12 - - [05/Apr/2026:10:09:35 -0700] "\x16\x03\x02\x01o\x01" 400 42148 "-" "-" 5362 **5/5362603**
188.166.206.18 - - [05/Apr/2026:10:10:44 -0700] "GET /checkout HTTP/1.1" 200 3542 "-" "Mozilla/5.0 (Linux; Android 10; K) AppleWebKit/537.36 (KHTML, like Gecko) Chrome/145.0.0.0 Mobile Safari/537.36" 300 **0/300746**
209.38.173.77 - - [05/Apr/2026:10:10:45 -0700] "GET /checkout HTTP/1.1" 200 3543 "-" "Mozilla/5.0 (Linux; Android 10; K) AppleWebKit/537.36 (KHTML, like Gecko) Chrome/145.0.0.0 Mobile Safari/537.36" 231 **0/231615**
146.190.11.185 - - [05/Apr/2026:10:10:46 -0700] "GET /checkout HTTP/1.1" 200 3542 "-" "Mozilla/5.0 (Linux; Android 10; K) AppleWebKit/537.36 (KHTML, like Gecko) Chrome/145.0.0.0 Mobile Safari/537.36" 247 **0/247959**
86.16.74.122 - - [05/Apr/2026:10:10:47 -0700] "GET /checkout HTTP/1.1" 200 3542 "-" "Mozilla/5.0 (Linux; Android 10; K) AppleWebKit/537.36 (KHTML, like Gecko) Chrome/145.0.0.0 Mobile Safari/537.36" 232 **0/232364**
43.130.74.193 - - [05/Apr/2026:10:16:12 -0700] "GET /?filesrc=/home/kq22obq8vxga/public_html/wp-activate.php&path=/home/kq22obq8vxga/public_html HTTP/1.1" 200 27727 "-" "Mozilla/5.0 (iPhone; CPU iPhone OS 13_2_3 like Mac OS X) AppleWebKit/605.1.15 (KHTML, like Gecko) Version/13.0.3 Mobile/15E148 Safari/604.1" 1888 **1/1888482**
188.166.206.18 - - [05/Apr/2026:10:25:40 -0700] "GET /checkout HTTP/1.1" 200 3542 "-" "Mozilla/5.0 (Linux; Android 10; K) AppleWebKit/537.36 (KHTML, like Gecko) Chrome/145.0.0.0 Mobile Safari/537.36" 5246 **5/5246746**
146.190.11.185 - - [05/Apr/2026:10:25:41 -0700] "GET /checkout HTTP/1.1" 200 3542 "-" "Mozilla/5.0 (Linux; Android 10; K) AppleWebKit/537.36 (KHTML, like Gecko) Chrome/145.0.0.0 Mobile Safari/537.36" 6333 **6/6333833**
86.16.74.122 - - [05/Apr/2026:10:25:43 -0700] "GET /checkout HTTP/1.1" 200 3542 "-" "Mozilla/5.0 (Linux; Android 10; K) AppleWebKit/537.36 (KHTML, like Gecko) Chrome/145.0.0.0 Mobile Safari/537.36" 5916 **5/5916470**
209.38.173.77 - - [05/Apr/2026:10:25:41 -0700] "GET /checkout HTTP/1.1" 200 3543 "-" "Mozilla/5.0 (Linux; Android 10; K) AppleWebKit/537.36 (KHTML, like Gecko) Chrome/145.0.0.0 Mobile Safari/537.36" 8265 **8/8265167**
43.153.15.51 - - [05/Apr/2026:10:26:55 -0700] "GET /?filesrc=/home/kq22obq8vxga/public_html/wp-admin (3).zip&path=/home/kq22obq8vxga/public_html" 400 42148 "-" "-" 4566 **4/4566298**
20.215.186.156 - - [05/Apr/2026:10:34:15 -0700] "GET /wp-content/plugins/hellopress/wp_filemanager.php HTTP/1.1" 200 120903 "-" "-" 6774 **6/6774131**
194.233.70.123 - - [05/Apr/2026:10:34:18 -0700] "GET /nachnite-igrat-v-onlaynkazino-jvspinbet-pryamo-seychas-i-naslazhdaytes-luchshimi-igrovymi-avtomatami-v-kazakhstane/ HTTP/1.1" 200 41142 "http://beemunch.com/" "Mozilla/5.0 (Macintosh; Intel Mac OS X 12.5; rv:114.0) Gecko/20100101 Firefox/114.0" 10441 **10/10441847**
43.131.45.213 - - [05/Apr/2026:10:37:19 -0700] "GET /?filesrc=/home/kq22obq8vxga/public_html/wp-config-sample.php&path=/home/kq22obq8vxga/public_html HTTP/1.1" 200 26470 "-" "Mozilla/5.0 (iPhone; CPU iPhone OS 13_2_3 like Mac OS X) AppleWebKit/605.1.15 (KHTML, like Gecko) Version/13.0.3 Mobile/15E148 Safari/604.1" 7969 **7/7969543**
86.16.74.122 - - [05/Apr/2026:10:37:42 -0700] "GET /checkout HTTP/1.1" 200 3542 "-" "Mozilla/5.0 (Linux; Android 10; K) AppleWebKit/537.36 (KHTML, like Gecko) Chrome/145.0.0.0 Mobile Safari/537.36" 2494 **2/2494182**
188.166.206.18 - - [05/Apr/2026:10:37:41 -0700] "GET /checkout HTTP/1.1" 200 3542 "-" "Mozilla/5.0 (Linux; Android 10; K) AppleWebKit/537.36 (KHTML, like Gecko) Chrome/145.0.0.0 Mobile Safari/537.36" 3369 **3/3369502**
209.38.173.77 - - [05/Apr/2026:10:37:42 -0700] "GET /checkout HTTP/1.1" 200 3543 "-" "Mozilla/5.0 (Linux; Android 10; K) AppleWebKit/537.36 (KHTML, like Gecko) Chrome/145.0.0.0 Mobile Safari/537.36" 2829 **2/2829038**
146.190.11.185 - - [05/Apr/2026:10:37:43 -0700] "GET /checkout HTTP/1.1" 200 3542 "-" "Mozilla/5.0 (Linux; Android 10; K) AppleWebKit/537.36 (KHTML, like Gecko) Chrome/145.0.0.0 Mobile Safari/537.36" 3283 **3/3283389**
216.244.66.248 - - [05/Apr/2026:10:39:43 -0700] "GET /robots.txt HTTP/1.1" 200 42734 "-" "Mozilla/5.0 (compatible; DotBot/1.2; +https://opensiteexplorer.org/dotbot; help@moz.com)" 4933 **4/4933819**
149.86.227.60 - - [05/Apr/2026:10:41:51 -0700] "GET / HTTP/1.1" 200 178150 "-" "Mozilla/5.0" 12807 **12/12807434**
43.165.69.68 - - [05/Apr/2026:10:46:12 -0700] "GET /?cmd&path=/home/kq22obq8vxga/public_html HTTP/1.1" 200 27323 "-" "Mozilla/5.0 (iPhone; CPU iPhone OS 13_2_3 like Mac OS X) AppleWebKit/605.1.15 (KHTML, like Gecko) Version/13.0.3 Mobile/15E148 Safari/604.1" 4604 **4/4604760**
216.244.66.248 - - [05/Apr/2026:10:52:34 -0700] "GET /index.php HTTP/1.1" 200 42621 "-" "Mozilla/5.0 (compatible; DotBot/1.2; +https://opensiteexplorer.org/dotbot; help@moz.com)" 453 **0/453268**
188.166.206.18 - - [05/Apr/2026:10:54:18 -0700] "GET /checkout HTTP/1.1" 200 3542 "-" "Mozilla/5.0 (Linux; Android 10; K) AppleWebKit/537.36 (KHTML, like Gecko) Chrome/145.0.0.0 Mobile Safari/537.36" 4983 **4/4983727**
209.38.173.77 - - [05/Apr/2026:10:54:19 -0700] "GET /checkout HTTP/1.1" 200 3543 "-" "Mozilla/5.0 (Linux; Android 10; K) AppleWebKit/537.36 (KHTML, like Gecko) Chrome/145.0.0.0 Mobile Safari/537.36" 5958 **5/5958716**
86.16.74.122 - - [05/Apr/2026:10:54:20 -0700] "GET /checkout HTTP/1.1" 200 3542 "-" "Mozilla/5.0 (Linux; Android 10; K) AppleWebKit/537.36 (KHTML, like Gecko) Chrome/145.0.0.0 Mobile Safari/537.36" 4633 **4/4633986**
146.190.11.185 - - [05/Apr/2026:10:54:19 -0700] "GET /checkout HTTP/1.1" 200 3542 "-" "Mozilla/5.0 (Linux; Android 10; K) AppleWebKit/537.36 (KHTML, like Gecko) Chrome/145.0.0.0 Mobile Safari/537.36" 5474 **5/5474656**
150.109.230.210 - - [05/Apr/2026:10:55:24 -0700] "GET /?upload&path=/home/kq22obq8vxga/public_html HTTP/1.1" 200 27324 "-" "Mozilla/5.0 (iPhone; CPU iPhone OS 13_2_3 like Mac OS X) AppleWebKit/605.1.15 (KHTML, like Gecko) Version/13.0.3 Mobile/15E148 Safari/604.1" 12226 **12/12226731**
52.215.81.190 - - [05/Apr/2026:10:57:49 -0700] "HEAD /icons/apache_pb.gif HTTP/1.0" 200 - "-" "Mozilla/5.0 (compatible; NetcraftSurveyAgent/1.0; +info@netcraft.com)" 1923 **1/1923131**
18.218.118.203 - - [05/Apr/2026:11:01:06 -0700] "GET / HTTP/1.1" 200 3528 "-" "visionheight.com/scan Mozilla/5.0 (Macintosh; Intel Mac OS X 10_15_7) Chrome/126.0.0.0 Safari/537.36" 787 **0/787796**
18.218.118.203 - - [05/Apr/2026:11:01:42 -0700] "GET / HTTP/1.1" 200 3528 "-" "visionheight.com/scan Mozilla/5.0 (Macintosh; Intel Mac OS X 10_15_7) Chrome/126.0.0.0 Safari/537.36" 622 **0/622373**
18.218.118.203 - - [05/Apr/2026:11:03:48 -0700] "\x16\x03\x01" 400 42150 "-" "-" 7751 **7/7751552**
18.218.118.203 - - [05/Apr/2026:11:04:29 -0700] "SSH-2.0-Go" 400 42150 "-" "-" 5812 **5/5812705**
43.159.152.4 - - [05/Apr/2026:11:06:05 -0700] "GET /?phpinfo&path=/home/kq22obq8vxga/public_html HTTP/1.1" 200 26111 "-" "Mozilla/5.0 (iPhone; CPU iPhone OS 13_2_3 like Mac OS X) AppleWebKit/605.1.15 (KHTML, like Gecko) Version/13.0.3 Mobile/15E148 Safari/604.1" 256 **0/256563**
18.218.118.203 - - [05/Apr/2026:11:08:36 -0700] "\n" 400 42150 "-" "-" 944 **0/944597**
18.218.118.203 - - [05/Apr/2026:11:05:23 -0700] "\x16\x03\x01" 400 42150 "-" "-" 277724 **277/277724084**
185.163.117.222 - - [05/Apr/2026:11:10:04 -0700] "GET /nachnite-igrat-v-onlaynkazino-jvspinbet-pryamo-seychas-i-naslazhdaytes-luchshimi-igrovymi-avtomatami-v-kazakhstane/ HTTP/1.1" 200 41139 "http://beemunch.com/" "Mozilla/5.0 (Windows NT 10.0; WOW64) AppleWebKit/537.36 (KHTML, like Gecko) Chrome/114.0.0.0 YaBrowser/22.7.0 Yowser/2.5 Safari/537.36" 21995 **21/21995440**
86.16.74.122 - - [05/Apr/2026:11:10:37 -0700] "GET /checkout HTTP/1.1" 200 3542 "-" "Mozilla/5.0 (Linux; Android 10; K) AppleWebKit/537.36 (KHTML, like Gecko) Chrome/145.0.0.0 Mobile Safari/537.36" 1363 **1/1363973**
209.38.173.77 - - [05/Apr/2026:11:10:37 -0700] "GET /checkout HTTP/1.1" 200 3543 "-" "Mozilla/5.0 (Linux; Android 10; K) AppleWebKit/537.36 (KHTML, like Gecko) Chrome/145.0.0.0 Mobile Safari/537.36" 1255 **1/1255124**
146.190.11.185 - - [05/Apr/2026:11:10:37 -0700] "GET /checkout HTTP/1.1" 200 3542 "-" "Mozilla/5.0 (Linux; Android 10; K) AppleWebKit/537.36 (KHTML, like Gecko) Chrome/145.0.0.0 Mobile Safari/537.36" 1382 **1/1382876**
188.166.206.18 - - [05/Apr/2026:11:10:39 -0700] "GET /checkout HTTP/1.1" 200 3542 "-" "Mozilla/5.0 (Linux; Android 10; K) AppleWebKit/537.36 (KHTML, like Gecko) Chrome/145.0.0.0 Mobile Safari/537.36" 976 **0/976473**
43.159.145.149 - - [05/Apr/2026:11:15:57 -0700] "GET /?mass_delete&path=/home/kq22obq8vxga/public_html HTTP/1.1" 200 27368 "-" "Mozilla/5.0 (iPhone; CPU iPhone OS 13_2_3 like Mac OS X) AppleWebKit/605.1.15 (KHTML, like Gecko) Version/13.0.3 Mobile/15E148 Safari/604.1" 13750 **13/13750544**
185.163.117.222 - - [05/Apr/2026:11:20:10 -0700] "GET /onlayn-kazino-oynau-poperlo-kazinodan-aksha-alu-sholuy/ HTTP/1.1" 200 40557 "http://beemunch.com/" "Mozilla/5.0 (Linux x86_64; rv:114.0) Gecko/20100101 Firefox/114.0" 10613 **10/10613567**
51.68.111.199 - - [05/Apr/2026:11:21:10 -0700] "GET /robots.txt HTTP/1.1" 200 3071 "-" "Mozilla/5.0 (compatible; MJ12bot/v2.0.5; http://mj12bot.com/)" 2385 **2/2385154**
51.68.111.199 - - [05/Apr/2026:11:21:13 -0700] "GET / HTTP/1.1" 200 3018 "-" "Mozilla/5.0 (compatible; MJ12bot/v2.0.5; http://mj12bot.com/)" 1445 **1/1445569**
86.16.74.122 - - [05/Apr/2026:11:24:34 -0700] "GET /checkout HTTP/1.1" 200 3542 "-" "Mozilla/5.0 (Linux; Android 10; K) AppleWebKit/537.36 (KHTML, like Gecko) Chrome/145.0.0.0 Mobile Safari/537.36" 4577 **4/4577799**
188.166.206.18 - - [05/Apr/2026:11:24:34 -0700] "GET /checkout HTTP/1.1" 200 3542 "-" "Mozilla/5.0 (Linux; Android 10; K) AppleWebKit/537.36 (KHTML, like Gecko) Chrome/145.0.0.0 Mobile Safari/537.36" 5569 **5/5569342**
209.38.173.77 - - [05/Apr/2026:11:24:35 -0700] "GET /checkout HTTP/1.1" 200 3543 "-" "Mozilla/5.0 (Linux; Android 10; K) AppleWebKit/537.36 (KHTML, like Gecko) Chrome/145.0.0.0 Mobile Safari/537.36" 4725 **4/4725405**
146.190.11.185 - - [05/Apr/2026:11:24:35 -0700] "GET /checkout HTTP/1.1" 200 3542 "-" "Mozilla/5.0 (Linux; Android 10; K) AppleWebKit/537.36 (KHTML, like Gecko) Chrome/145.0.0.0 Mobile Safari/537.36" 7029 **7/7029542**
43.153.15.51 - - [05/Apr/2026:11:26:36 -0700] "GET /?filesrc=/home/kq22obq8vxga/public_html/error_log&path=/home/kq22obq8vxga/public_html HTTP/1.1" 200 25222 "-" "Mozilla/5.0 (iPhone; CPU iPhone OS 13_2_3 like Mac OS X) AppleWebKit/605.1.15 (KHTML, like Gecko) Version/13.0.3 Mobile/15E148 Safari/604.1" 7822 **7/7822631**
27.102.76.8 - - [05/Apr/2026:11:28:10 -0700] "GET /admin/config.php HTTP/1.0" 200 120888 "-" "Mozilla/5.0 (Windows NT 10.0; Win64; x64) AppleWebKit/537.36" 15946 **15/15946576**
43.167.239.66 - - [05/Apr/2026:11:35:37 -0700] "GET /?path=/home/kq22obq8vxga/public_html/wp-content HTTP/1.1" 200 25995 "-" "Mozilla/5.0 (iPhone; CPU iPhone OS 13_2_3 like Mac OS X) AppleWebKit/605.1.15 (KHTML, like Gecko) Version/13.0.3 Mobile/15E148 Safari/604.1" 4453 **4/4453339**
188.166.206.18 - - [05/Apr/2026:11:38:10 -0700] "GET /checkout HTTP/1.1" 200 3542 "-" "Mozilla/5.0 (Linux; Android 10; K) AppleWebKit/537.36 (KHTML, like Gecko) Chrome/145.0.0.0 Mobile Safari/537.36" 1287 **1/1287650**
146.190.11.185 - - [05/Apr/2026:11:38:10 -0700] "GET /checkout HTTP/1.1" 200 3542 "-" "Mozilla/5.0 (Linux; Android 10; K) AppleWebKit/537.36 (KHTML, like Gecko) Chrome/145.0.0.0 Mobile Safari/537.36" 1547 **1/1547755**
209.38.173.77 - - [05/Apr/2026:11:38:11 -0700] "GET /checkout HTTP/1.1" 200 3543 "-" "Mozilla/5.0 (Linux; Android 10; K) AppleWebKit/537.36 (KHTML, like Gecko) Chrome/145.0.0.0 Mobile Safari/537.36" 1505 **1/1505156**
86.16.74.122 - - [05/Apr/2026:11:38:10 -0700] "GET /checkout HTTP/1.1" 200 3542 "-" "Mozilla/5.0 (Linux; Android 10; K) AppleWebKit/537.36 (KHTML, like Gecko) Chrome/145.0.0.0 Mobile Safari/537.36" 64489 **64/64489707**
43.165.70.220 - - [05/Apr/2026:11:39:31 -0700] "GET / HTTP/1.1" 200 3536 "-" "Mozilla/5.0 (iPhone; CPU iPhone OS 13_2_3 like Mac OS X) AppleWebKit/605.1.15 (KHTML, like Gecko) Version/13.0.3 Mobile/15E148 Safari/604.1" 14565 **14/14565773**
43.112.71.215 - - [05/Apr/2026:11:40:04 -0700] "GET / HTTP/1.1" 200 3531 "-" "Mozilla/5.0 (Windows NT 10.0; Win64; x64) AppleWebKit/537.36 (KHTML, like Gecko) Chrome/131.0.0.0 Safari/537.36" 16152 **16/16152168**
216.244.66.248 - - [05/Apr/2026:11:42:46 -0700] "GET /robots.txt HTTP/1.1" 200 42734 "-" "Mozilla/5.0 (compatible; DotBot/1.2; +https://opensiteexplorer.org/dotbot; help@moz.com)" 3900 **3/3900842**
43.131.253.14 - - [05/Apr/2026:11:45:59 -0700] "GET /?path=/home/kq22obq8vxga/public_html/wp-includes HTTP/1.1" 200 36871 "-" "Mozilla/5.0 (iPhone; CPU iPhone OS 13_2_3 like Mac OS X) AppleWebKit/605.1.15 (KHTML, like Gecko) Version/13.0.3 Mobile/15E148 Safari/604.1" 2453 **2/2453498**
43.159.140.236 - - [05/Apr/2026:11:54:16 -0700] "GET /?filesrc=/home/kq22obq8vxga/public_html/.htaccess&path=/home/kq22obq8vxga/public_html HTTP/1.1" 200 2030 "-" "Mozilla/5.0 (iPhone; CPU iPhone OS 13_2_3 like Mac OS X) AppleWebKit/605.1.15 (KHTML, like Gecko) Version/13.0.3 Mobile/15E148 Safari/604.1" 6034 **6/6034260**
43.156.168.214 - - [05/Apr/2026:11:54:38 -0700] "GET / HTTP/1.1" 200 3540 "-" "Mozilla/5.0 (iPhone; CPU iPhone OS 13_2_3 like Mac OS X) AppleWebKit/605.1.15 (KHTML, like Gecko) Version/13.0.3 Mobile/15E148 Safari/604.1" 3805 **3/3805138**
209.38.173.77 - - [05/Apr/2026:11:56:04 -0700] "GET /checkout HTTP/1.1" 200 3543 "-" "Mozilla/5.0 (Linux; Android 10; K) AppleWebKit/537.36 (KHTML, like Gecko) Chrome/145.0.0.0 Mobile Safari/537.36" 2146 **2/2146491**
146.190.11.185 - - [05/Apr/2026:11:56:04 -0700] "GET /checkout HTTP/1.1" 200 3542 "-" "Mozilla/5.0 (Linux; Android 10; K) AppleWebKit/537.36 (KHTML, like Gecko) Chrome/145.0.0.0 Mobile Safari/537.36" 1963 **1/1963750**
188.166.206.18 - - [05/Apr/2026:11:56:04 -0700] "GET /checkout HTTP/1.1" 200 3542 "-" "Mozilla/5.0 (Linux; Android 10; K) AppleWebKit/537.36 (KHTML, like Gecko) Chrome/145.0.0.0 Mobile Safari/537.36" 2304 **2/2304842**
86.16.74.122 - - [05/Apr/2026:11:56:04 -0700] "GET /checkout HTTP/1.1" 200 3542 "-" "Mozilla/5.0 (Linux; Android 10; K) AppleWebKit/537.36 (KHTML, like Gecko) Chrome/145.0.0.0 Mobile Safari/537.36" 107642 **107/107642086**
184.168.113.237 - - [05/Apr/2026:12:01:15 -0700] "GET /.well-known/acme-challenge/H7QVMNT_BBUSSPFPOAZVTNKY8J5_WM8W HTTP/1.1" 200 64 "-" "Cpanel-HTTP-Client/1.0" 9 **0/9888**
184.168.113.237 - - [05/Apr/2026:12:01:15 -0700] "GET /.well-known/acme-challenge/8TRYB2D_U8HYOKPRJ3BH2AXFLKF0UUP9 HTTP/1.1" 200 64 "-" "Cpanel-HTTP-Client/1.0" 6 **0/6222**
184.168.113.237 - - [05/Apr/2026:12:01:15 -0700] "GET /.well-known/acme-challenge/OYF1RSISY-L-WD3R5CN2_9_WH-1001P1 HTTP/1.1" 200 64 "-" "Cpanel-HTTP-Client/1.0" 9 **0/9755**
184.168.113.237 - - [05/Apr/2026:12:01:15 -0700] "GET /.well-known/acme-challenge/P-HSGEAD5BTDHS2M5I4JC2AM0PKQW_-H HTTP/1.1" 200 64 "-" "Cpanel-HTTP-Client/1.0" 9 **0/9029**
43.131.243.61 - - [05/Apr/2026:12:03:08 -0700] "GET /?filesrc=/home/kq22obq8vxga/public_html/wp-load.php&path=/home/kq22obq8vxga/public_html HTTP/1.1" 200 3289 "-" "Mozilla/5.0 (iPhone; CPU iPhone OS 13_2_3 like Mac OS X) AppleWebKit/605.1.15 (KHTML, like Gecko) Version/13.0.3 Mobile/15E148 Safari/604.1" 3774 **3/3774311**
43.130.139.177 - - [05/Apr/2026:12:05:42 -0700] "GET / HTTP/1.1" 200 3529 "-" "Mozilla/5.0 (iPhone; CPU iPhone OS 13_2_3 like Mac OS X) AppleWebKit/605.1.15 (KHTML, like Gecko) Version/13.0.3 Mobile/15E148 Safari/604.1" 2132 **2/2132263**
86.16.74.122 - - [05/Apr/2026:12:09:27 -0700] "GET /checkout HTTP/1.1" 200 3542 "-" "Mozilla/5.0 (Linux; Android 10; K) AppleWebKit/537.36 (KHTML, like Gecko) Chrome/145.0.0.0 Mobile Safari/537.36" 707 **0/707560**
